{"id":59398,"date":"2024-08-14T21:38:47","date_gmt":"2024-08-14T19:38:47","guid":{"rendered":"https:\/\/monvtt.ch\/?p=34323"},"modified":"2024-08-14T21:38:47","modified_gmt":"2024-08-14T19:38:47","slug":"34323","status":"publish","type":"ra_trace","link":"https:\/\/www.tracea.ch\/de\/traces\/34323\/","title":{"rendered":"Mountainbike-Tour \u201eW\u00e4lder und T\u00e4ler von St-Cergue\u201c Nr. 994"},"content":{"rendered":"<p>La premi\u00e8re partie de cet itin\u00e9raire de d\u00e9couverte du jura St-Cerguois emm\u00e8ne entre p\u00e2turages et for\u00eats. D\u00e9part du village, on passe par les pistes de ski pour se rendre au quartier de Guinfard et ses chalets typiques avec vue sur le L\u00e9man. Puis on arrrive \u00e0 l&rsquo;Archette, premier des nombreux p\u00e2turages dont les vaches participent \u00e0 la c\u00e9l\u00e8bre D\u00e9salpe en automne. S&rsquo;ensuivent les alpages de Couvaloup de St-Cergue et de la Tr\u00e9lasse. Arriv\u00e9e au plateau de la Givrine, en hiver, le site par excellence pour la pratique des sports nordiques.<\/p>\n<p>La deuxi\u00e8me partie du chemin passe par des combes et des fermes typiques du Jura avec sa tourbi\u00e8re et ses gogants (sapins \u00e0 plusieurs cimes), le Parc Naturel R\u00e9gional Jura Vaudois dans toute sa nature. A partir de Combe Grasse, on peut faire un petit d\u00e9tour par le chalet d&rsquo;alpage des \u00abFruiti\u00e8res de Nyon\u00bb afin d&rsquo;y d\u00e9couvrir la fabrication du fromage (le matin) et un magnifique panorama sur le bassin l\u00e9manique. Descente sur les fermes de la Prangine, Borsattaz et arriv\u00e9e bien m\u00e9rit\u00e9e au village.<\/p>","protected":false},"excerpt":{"rendered":"<p>La premi\u00e8re partie de cet itin\u00e9raire de d\u00e9couverte du jura St-Cerguois emm\u00e8ne entre p\u00e2turages et for\u00eats. D\u00e9part du village, on passe par les pistes de ski pour se rendre au quartier de Guinfard et ses chalets typiques avec vue sur le L\u00e9man. Puis on arrrive \u00e0 l&rsquo;Archette, premier des nombreux p\u00e2turages dont les vaches participent [&hellip;]<\/p>\n","protected":false},"featured_media":59875,"template":"","class_list":["post-59398","ra_trace","type-ra_trace","status-publish","has-post-thumbnail","hentry"],"_links":{"self":[{"href":"https:\/\/www.tracea.ch\/de\/wp-json\/wp\/v2\/ra_trace\/59398","targetHints":{"allow":["GET"]}}],"collection":[{"href":"https:\/\/www.tracea.ch\/de\/wp-json\/wp\/v2\/ra_trace"}],"about":[{"href":"https:\/\/www.tracea.ch\/de\/wp-json\/wp\/v2\/types\/ra_trace"}],"wp:featuredmedia":[{"embeddable":true,"href":"https:\/\/www.tracea.ch\/de\/wp-json\/wp\/v2\/media\/59875"}],"wp:attachment":[{"href":"https:\/\/www.tracea.ch\/de\/wp-json\/wp\/v2\/media?parent=59398"}],"curies":[{"name":"wp","href":"https:\/\/api.w.org\/{rel}","templated":true}]}}

Mountainbike-Tour „Wälder und Täler von St-Cergue“ Nr. 994

<p>La première partie de cet itinéraire de découverte du jura St-Cerguois emmène entre pâturages et forêts. Départ du village, on passe par les pistes de ski pour se rendre au quartier de Guinfard et ses chalets typiques avec vue sur le Léman. Puis on arrrive à l&rsquo;Archette, premier des nombreux pâturages dont les vaches participent à la célèbre Désalpe en automne. S&rsquo;ensuivent les alpages de Couvaloup de St-Cergue et de la Trélasse. Arrivée au plateau de la Givrine, en hiver, le site par excellence pour la pratique des sports nordiques.</p>
<p>La deuxième partie du chemin passe par des combes et des fermes typiques du Jura avec sa tourbière et ses gogants (sapins à plusieurs cimes), le Parc Naturel Régional Jura Vaudois dans toute sa nature. A partir de Combe Grasse, on peut faire un petit détour par le chalet d&rsquo;alpage des «Fruitières de Nyon» afin d&rsquo;y découvrir la fabrication du fromage (le matin) et un magnifique panorama sur le bassin lémanique. Descente sur les fermes de la Prangine, Borsattaz et arrivée bien méritée au village.</p>

<p>La première partie de cet itinéraire de découverte du jura St-Cerguois emmène entre pâturages et forêts. Départ du village, on passe par les pistes de ski pour se rendre au quartier de Guinfard et ses chalets typiques avec vue sur le Léman. Puis on arrrive à l&rsquo;Archette, premier des nombreux pâturages dont les vaches participent [&hellip;]</p>
