{"id":10189,"date":"2026-06-29T21:32:45","date_gmt":"2026-06-29T21:32:45","guid":{"rendered":"https:\/\/www.tracea.ch\/boutique\/non%20class\u00e9\/kuro-mid-stx\/"},"modified":"2026-08-21T21:36:46","modified_gmt":"2026-08-21T21:36:46","slug":"kuro-mid-stx","status":"publish","type":"product","link":"https:\/\/www.tracea.ch\/en\/boutique\/kuro-mid-stx\/","title":{"rendered":"Kuro Mid STX"},"content":{"rendered":"<p>Lors de sorties gravel, il est rare que l&rsquo;on reste au sec, encore moins lors de sorties \u00e0 l&rsquo;automne, au printemps ou en hiver. Une chance si le cycliste porte alors des chaussures \u00e9tanches Kuro Mid&nbsp;STX, pour avoir toujours les pieds au sec. Avec leur col remont\u00e9 vers le haut similaire \u00e0 une chaussette, ces chaussures prot\u00e8gent de la pluie, des salissures et de la neige. Elles sont donc id\u00e9ales pour les cyclistes qui font la navette toute l&rsquo;ann\u00e9e ou pour les aventuriers qui doivent s&rsquo;attendre \u00e0 toutes les conditions climatiques. L&rsquo;alliance d&rsquo;une large fermeture velcro et d&rsquo;un la\u00e7age classique assure un excellent maintien et une transmission convaincante de la force. Les chaussures de v\u00e9lo Kuro&nbsp;Mid&nbsp;STX ne se portent pas seulement sur des v\u00e9los gravel, mais aussi pour des sorties VTT sportives par mauvais temps. Le facteur d\u00e9terminant de ces chaussures est leur excellent confort. La membrane Sympatex\u00ae int\u00e9gr\u00e9e laisse s&rsquo;\u00e9chapper l&rsquo;humidit\u00e9 et assure toujours un climat int\u00e9rieur agr\u00e9able. Ces chaussures sont dot\u00e9es de la finition d\u00e9perlante et antisalissures Eco Finish sans PFC.<\/p>\n<p><em>dessus:, Chaussure gravel technique, filet au traitement hydrophobe et technique, mati\u00e8re principale hautement \u00e9lastique, TPU lamin\u00e9, protection pour la cheville gr\u00e2ce au col montant , semelle int\u00e9rieure:, semelle int\u00e9rieure amovible et anatomique , semelle ext\u00e9rieure:, Index de stabilit\u00e9 V-Flow 8, rigide, semelle VTT de VAUDE , renforcement en nylon avec profil en caoutchouc \u00e0 larges \u00e9l\u00e9ments pour une parfaite traction et une bonne accroche , \u00e9quipement:, coque de protection externe au niveau des orteils et du talon , compatible avec les syst\u00e8mes de p\u00e9dales automatiques pour VTT les plus vendus sur le march\u00e9<\/em><\/p>","protected":false},"excerpt":{"rendered":"<p>Chaussure cycliste innovante pour le gravel et le VTT avec construction r\u00e9sistant aux intemp\u00e9ries #membrane Sympatex\u00ae imperm\u00e9able #excellente transmission de la force #fabrication principale en mat\u00e9riaux recycl\u00e9s<\/p>","protected":false},"featured_media":10191,"comment_status":"closed","ping_status":"open","template":"","meta":[],"product_brand":[375],"product_cat":[213,363,415],"product_tag":[365,416,368,417],"class_list":["post-10189","product","type-product","status-publish","has-post-thumbnail","product_brand-vaude","product_cat-boutique","product_cat-chaussures","product_cat-mid-cut","product_tag-boutique","product_tag-chaussures","product_tag-vente","product_tag-vente-chaussures","first","instock","purchasable","product-type-variable"],"_links":{"self":[{"href":"https:\/\/www.tracea.ch\/en\/wp-json\/wp\/v2\/product\/10189","targetHints":{"allow":["GET"]}}],"collection":[{"href":"https:\/\/www.tracea.ch\/en\/wp-json\/wp\/v2\/product"}],"about":[{"href":"https:\/\/www.tracea.ch\/en\/wp-json\/wp\/v2\/types\/product"}],"replies":[{"embeddable":true,"href":"https:\/\/www.tracea.ch\/en\/wp-json\/wp\/v2\/comments?post=10189"}],"version-history":[{"count":0,"href":"https:\/\/www.tracea.ch\/en\/wp-json\/wp\/v2\/product\/10189\/revisions"}],"wp:featuredmedia":[{"embeddable":true,"href":"https:\/\/www.tracea.ch\/en\/wp-json\/wp\/v2\/media\/10191"}],"wp:attachment":[{"href":"https:\/\/www.tracea.ch\/en\/wp-json\/wp\/v2\/media?parent=10189"}],"wp:term":[{"taxonomy":"product_brand","embeddable":true,"href":"https:\/\/www.tracea.ch\/en\/wp-json\/wp\/v2\/product_brand?post=10189"},{"taxonomy":"product_cat","embeddable":true,"href":"https:\/\/www.tracea.ch\/en\/wp-json\/wp\/v2\/product_cat?post=10189"},{"taxonomy":"product_tag","embeddable":true,"href":"https:\/\/www.tracea.ch\/en\/wp-json\/wp\/v2\/product_tag?post=10189"}],"curies":[{"name":"wp","href":"https:\/\/api.w.org\/{rel}","templated":true}]}}

https://www.tracea.ch/boutique/non%20classé/kuro-mid-stx/

<p>Lors de sorties gravel, il est rare que l&rsquo;on reste au sec, encore moins lors de sorties à l&rsquo;automne, au printemps ou en hiver. Une chance si le cycliste porte alors des chaussures étanches Kuro Mid&nbsp;STX, pour avoir toujours les pieds au sec. Avec leur col remonté vers le haut similaire à une chaussette, ces chaussures protègent de la pluie, des salissures et de la neige. Elles sont donc idéales pour les cyclistes qui font la navette toute l&rsquo;année ou pour les aventuriers qui doivent s&rsquo;attendre à toutes les conditions climatiques. L&rsquo;alliance d&rsquo;une large fermeture velcro et d&rsquo;un laçage classique assure un excellent maintien et une transmission convaincante de la force. Les chaussures de vélo Kuro&nbsp;Mid&nbsp;STX ne se portent pas seulement sur des vélos gravel, mais aussi pour des sorties VTT sportives par mauvais temps. Le facteur déterminant de ces chaussures est leur excellent confort. La membrane Sympatex® intégrée laisse s&rsquo;échapper l&rsquo;humidité et assure toujours un climat intérieur agréable. Ces chaussures sont dotées de la finition déperlante et antisalissures Eco Finish sans PFC.</p>
<p><em>dessus:, Chaussure gravel technique, filet au traitement hydrophobe et technique, matière principale hautement élastique, TPU laminé, protection pour la cheville grâce au col montant , semelle intérieure:, semelle intérieure amovible et anatomique , semelle extérieure:, Index de stabilité V-Flow 8, rigide, semelle VTT de VAUDE , renforcement en nylon avec profil en caoutchouc à larges éléments pour une parfaite traction et une bonne accroche , équipement:, coque de protection externe au niveau des orteils et du talon , compatible avec les systèmes de pédales automatiques pour VTT les plus vendus sur le marché</em></p>

<p>Chaussure cycliste innovante pour le gravel et le VTT avec construction résistant aux intempéries #membrane Sympatex® imperméable #excellente transmission de la force #fabrication principale en matériaux recyclés</p>
