{"id":10332,"date":"2026-06-30T19:51:39","date_gmt":"2026-06-30T19:51:39","guid":{"rendered":"https:\/\/www.tracea.ch\/boutique\/non%20class\u00e9\/mens-miskanti-3in1-jacket-ii\/"},"modified":"2026-07-07T17:21:35","modified_gmt":"2026-07-07T17:21:35","slug":"mens-miskanti-3in1-jacket-ii","status":"publish","type":"product","link":"https:\/\/www.tracea.ch\/en\/boutique\/mens-miskanti-3in1-jacket-ii\/","title":{"rendered":"Men&rsquo;s Miskanti 3in1 Jacket II"},"content":{"rendered":"<p>R\u00e9veille l&rsquo;envie de voyage qui sommeille en toi! La veste Miskanti 3in1 Jacket est le compl\u00e9ment indispensable des trekkings et des randonn\u00e9es dans de froides contr\u00e9es. Cette veste imperm\u00e9able 3-en-1 b\u00e9n\u00e9ficie d&rsquo;une structure double \u00e9paisseur \u00e9tanche au vent et \u00e0 l&rsquo;eau. La veste ext\u00e9rieure est \u00e9tanche \u00e0 l&rsquo;eau et au vent, est respirante et permet \u00e9galement de supporter de longs \u00e9pisodes de mauvais temps sans difficult\u00e9. Les zones fortement sollicit\u00e9es par le sac \u00e0 dos sont dot\u00e9es d&rsquo;un mat\u00e9riau plus solide. La veste int\u00e9rieure matelass\u00e9e stocke la chaleur et peut se porter comme veste isolante \u00e0 part enti\u00e8re si besoin. Le rembourrage PrimaLoft\u00ae Black Insulation r\u00e9chauffe m\u00eame \u00e0 l&rsquo;\u00e9tat humide, est extr\u00eamement facile d&rsquo;entretien et s\u00e8che rapidement. En fonction du temps et de la temp\u00e9rature, les vestes peuvent \u00eatre combin\u00e9es, offrant ainsi de nombreuses possibilit\u00e9s d&rsquo;utilisation!Ce produit est imperm\u00e9abilis\u00e9 avec la finition Eco Finish, \u00e9cologique et sans fluorocarbures (PFC). Le label Green Shape de VAUDE garantit un produit \u00e9cologique, fonctionnel et fabriqu\u00e9 dans des mat\u00e9riaux durables.<\/p>\n<p><em>Veste ext\u00e9rieure:, mati\u00e8re double \u00e9paisseur, zip frontal avec rabat int\u00e9rieur, 1 poche poitrine avec zipp\u00e9e, 2 poches frontales dissimul\u00e9es avec zip, ventilation avec zip sous les bras, 1 poche int\u00e9rieure zipp\u00e9e, capuche mont\u00e9e et r\u00e9glable en largeur, poignets r\u00e9glables en largeur gr\u00e2ce \u00e0 un velcro, cordon \u00e0 la ceinture r\u00e9glable par les pochesVeste int\u00e9rieure:, sans coutures lat\u00e9rales, zip frontal avec rabat int\u00e9rieur, 2 poches frontales avec fermeture \u00e9clair, poignets et ceinture \u00e9lastiques<\/em><\/p>","protected":false},"excerpt":{"rendered":"<p>Veste double robuste pour le trekking et la randonn\u00e9e #\u00e9tanche, coupe-vent et respirante #chaude et polyvalente #fabrication \u00e9cologique<\/p>","protected":false},"featured_media":16480,"comment_status":"closed","ping_status":"open","template":"","meta":[],"product_brand":[375],"product_cat":[213,420,216],"product_tag":[365,368,422,421],"class_list":["post-10332","product","type-product","status-publish","has-post-thumbnail","product_brand-vaude","product_cat-boutique","product_cat-veste-3-en-1","product_cat-vetements","product_tag-boutique","product_tag-vente","product_tag-vente-vetement","product_tag-vetement","pa_couleur-black","pa_couleur-carmine-uni","pa_couleur-dark-sea-uni","pa_taille-l","pa_taille-m","pa_taille-s","pa_taille-xl","pa_taille-xxl","pa_taille-xxxl","first","instock","purchasable","product-type-variable"],"_links":{"self":[{"href":"https:\/\/www.tracea.ch\/en\/wp-json\/wp\/v2\/product\/10332","targetHints":{"allow":["GET"]}}],"collection":[{"href":"https:\/\/www.tracea.ch\/en\/wp-json\/wp\/v2\/product"}],"about":[{"href":"https:\/\/www.tracea.ch\/en\/wp-json\/wp\/v2\/types\/product"}],"replies":[{"embeddable":true,"href":"https:\/\/www.tracea.ch\/en\/wp-json\/wp\/v2\/comments?post=10332"}],"version-history":[{"count":1,"href":"https:\/\/www.tracea.ch\/en\/wp-json\/wp\/v2\/product\/10332\/revisions"}],"predecessor-version":[{"id":28163,"href":"https:\/\/www.tracea.ch\/en\/wp-json\/wp\/v2\/product\/10332\/revisions\/28163"}],"wp:featuredmedia":[{"embeddable":true,"href":"https:\/\/www.tracea.ch\/en\/wp-json\/wp\/v2\/media\/16480"}],"wp:attachment":[{"href":"https:\/\/www.tracea.ch\/en\/wp-json\/wp\/v2\/media?parent=10332"}],"wp:term":[{"taxonomy":"product_brand","embeddable":true,"href":"https:\/\/www.tracea.ch\/en\/wp-json\/wp\/v2\/product_brand?post=10332"},{"taxonomy":"product_cat","embeddable":true,"href":"https:\/\/www.tracea.ch\/en\/wp-json\/wp\/v2\/product_cat?post=10332"},{"taxonomy":"product_tag","embeddable":true,"href":"https:\/\/www.tracea.ch\/en\/wp-json\/wp\/v2\/product_tag?post=10332"}],"curies":[{"name":"wp","href":"https:\/\/api.w.org\/{rel}","templated":true}]}}

https://www.tracea.ch/boutique/non%20classé/mens-miskanti-3in1-jacket-ii/

<p>Réveille l&rsquo;envie de voyage qui sommeille en toi! La veste Miskanti 3in1 Jacket est le complément indispensable des trekkings et des randonnées dans de froides contrées. Cette veste imperméable 3-en-1 bénéficie d&rsquo;une structure double épaisseur étanche au vent et à l&rsquo;eau. La veste extérieure est étanche à l&rsquo;eau et au vent, est respirante et permet également de supporter de longs épisodes de mauvais temps sans difficulté. Les zones fortement sollicitées par le sac à dos sont dotées d&rsquo;un matériau plus solide. La veste intérieure matelassée stocke la chaleur et peut se porter comme veste isolante à part entière si besoin. Le rembourrage PrimaLoft® Black Insulation réchauffe même à l&rsquo;état humide, est extrêmement facile d&rsquo;entretien et sèche rapidement. En fonction du temps et de la température, les vestes peuvent être combinées, offrant ainsi de nombreuses possibilités d&rsquo;utilisation!Ce produit est imperméabilisé avec la finition Eco Finish, écologique et sans fluorocarbures (PFC). Le label Green Shape de VAUDE garantit un produit écologique, fonctionnel et fabriqué dans des matériaux durables.</p>
<p><em>Veste extérieure:, matière double épaisseur, zip frontal avec rabat intérieur, 1 poche poitrine avec zippée, 2 poches frontales dissimulées avec zip, ventilation avec zip sous les bras, 1 poche intérieure zippée, capuche montée et réglable en largeur, poignets réglables en largeur grâce à un velcro, cordon à la ceinture réglable par les pochesVeste intérieure:, sans coutures latérales, zip frontal avec rabat intérieur, 2 poches frontales avec fermeture éclair, poignets et ceinture élastiques</em></p>

<p>Veste double robuste pour le trekking et la randonnée #étanche, coupe-vent et respirante #chaude et polyvalente #fabrication écologique</p>
