{"id":10623,"date":"2026-06-30T19:57:29","date_gmt":"2026-06-30T19:57:29","guid":{"rendered":"https:\/\/www.tracea.ch\/boutique\/non%20class\u00e9\/womens-idris-3in1-parka-iv\/"},"modified":"2026-07-07T17:31:37","modified_gmt":"2026-07-07T17:31:37","slug":"womens-idris-3in1-parka-iv","status":"publish","type":"product","link":"https:\/\/www.tracea.ch\/en\/boutique\/womens-idris-3in1-parka-iv\/","title":{"rendered":"Women&rsquo;s Idris 3in1 Parka IV"},"content":{"rendered":"<p>Il n\u2019y a pas de mauvais temps, mais que de mauvais v\u00eatements. Cela sonne comme une lapalissade, mais cette affirmation a du vrai. Que ce soit dans la neige, sous la pluie ou les deux, la parka multifonction Idris IV 3 en 1 pour femme sait affronter tous les temps en hiver. Elle fait de plus belle sensation en ville et au quotidien avec son look \u00e9l\u00e9gant et \u00e9pur\u00e9. La surveste \u00e0 la coupe longue offre une belle protection contre le vent et les intemp\u00e9ries jusqu\u2019au fessier et aux cuisses gr\u00e2ce \u00e0 sa membrane enti\u00e8rement \u00e9tanche \u00e0 l\u2019eau et au vent. \u00c0 ceci s\u2019ajoute la mati\u00e8re ext\u00e9rieure de la parka Idris IV 3 en 1 femme dot\u00e9e de la finition d\u00e9perlante et antisalissures Eco Finish sans PFC. La capuche r\u00e9glable peut s\u2019escamoter dans le col, trois poches sont assez spacieuses pour transporter un porte-monnaie, un smartphone et d\u2019autres accessoires. La veste int\u00e9rieure en polaire moelleuse \u00e0 poils longs dispense la chaleur requise lors des jours de gel. Celles qui pr\u00e9f\u00e8rent se d\u00e9placer l\u00e9ger peuvent zipper le hoodie polaire Idris pour femme (disponible s\u00e9par\u00e9ment) dans la surveste, par exemple sur des randonn\u00e9es hivernales plus physiques ou \u00e0 la mi-saison. Les deux vestes peuvent \u00e9videmment se porter aussi en solo, pour profiter d\u2019un \u00e9quipement toujours adapt\u00e9 de l\u2019automne au printemps. Le label Green Shape de VAUDE garantit un produit \u00e9cologique, fonctionnel et fabriqu\u00e9 dans des mat\u00e9riaux durables.<\/p>\n<p><em>Veste ext\u00e9rieure:, mati\u00e8re double \u00e9paisseur, capuche mont\u00e9e, r\u00e9glable en largeur et rangeable dans le col, 2 zips \u00e0 double-sens avec rabat sur le devant, avec zip facilement r\u00e9parable, 2 poches frontales dissimul\u00e9es avec zip, 1 poche Napol\u00e9on, cordon \u00e0 la taille, manches pr\u00e9form\u00e9es, poignets r\u00e9glables en largeur gr\u00e2ce \u00e0 un velcro, doublure en deux parties, partie sup\u00e9rieure en filet, partie inf\u00e9rieure, manches et capuche en taffetasVeste int\u00e9rieure:, 2 poches dans la d\u00e9coupe \u00e0 l&rsquo;avant, fleece 300<\/em><\/p>","protected":false},"excerpt":{"rendered":"<p>Parka 3 en 1 polyvalente avec un bel \u00e9quipement pour femme #imperm\u00e9able, \u00e9tanche au vent et respirante #les vestes int\u00e9rieure et ext\u00e9rieure peuvent se porter en solo #mati\u00e8re principale fabriqu\u00e9e en polyester recycl\u00e9<\/p>","protected":false},"featured_media":0,"comment_status":"closed","ping_status":"open","template":"","meta":[],"product_brand":[375],"product_cat":[213,420,216],"product_tag":[365,368,422,421],"class_list":["post-10623","product","type-product","status-publish","product_brand-vaude","product_cat-boutique","product_cat-veste-3-en-1","product_cat-vetements","product_tag-boutique","product_tag-vente","product_tag-vente-vetement","product_tag-vetement","pa_couleur-black","pa_couleur-dark-oak","pa_couleur-dark-sea","pa_couleur-deep-pond","pa_couleur-oat","pa_taille-466","pa_taille-436","pa_taille-437","pa_taille-438","pa_taille-439","pa_taille-440","pa_taille-441","pa_taille-459","pa_taille-469","first","instock","purchasable","product-type-variable"],"_links":{"self":[{"href":"https:\/\/www.tracea.ch\/en\/wp-json\/wp\/v2\/product\/10623","targetHints":{"allow":["GET"]}}],"collection":[{"href":"https:\/\/www.tracea.ch\/en\/wp-json\/wp\/v2\/product"}],"about":[{"href":"https:\/\/www.tracea.ch\/en\/wp-json\/wp\/v2\/types\/product"}],"replies":[{"embeddable":true,"href":"https:\/\/www.tracea.ch\/en\/wp-json\/wp\/v2\/comments?post=10623"}],"version-history":[{"count":1,"href":"https:\/\/www.tracea.ch\/en\/wp-json\/wp\/v2\/product\/10623\/revisions"}],"predecessor-version":[{"id":28240,"href":"https:\/\/www.tracea.ch\/en\/wp-json\/wp\/v2\/product\/10623\/revisions\/28240"}],"wp:attachment":[{"href":"https:\/\/www.tracea.ch\/en\/wp-json\/wp\/v2\/media?parent=10623"}],"wp:term":[{"taxonomy":"product_brand","embeddable":true,"href":"https:\/\/www.tracea.ch\/en\/wp-json\/wp\/v2\/product_brand?post=10623"},{"taxonomy":"product_cat","embeddable":true,"href":"https:\/\/www.tracea.ch\/en\/wp-json\/wp\/v2\/product_cat?post=10623"},{"taxonomy":"product_tag","embeddable":true,"href":"https:\/\/www.tracea.ch\/en\/wp-json\/wp\/v2\/product_tag?post=10623"}],"curies":[{"name":"wp","href":"https:\/\/api.w.org\/{rel}","templated":true}]}}

https://www.tracea.ch/boutique/non%20classé/womens-idris-3in1-parka-iv/

<p>Il n’y a pas de mauvais temps, mais que de mauvais vêtements. Cela sonne comme une lapalissade, mais cette affirmation a du vrai. Que ce soit dans la neige, sous la pluie ou les deux, la parka multifonction Idris IV 3 en 1 pour femme sait affronter tous les temps en hiver. Elle fait de plus belle sensation en ville et au quotidien avec son look élégant et épuré. La surveste à la coupe longue offre une belle protection contre le vent et les intempéries jusqu’au fessier et aux cuisses grâce à sa membrane entièrement étanche à l’eau et au vent. À ceci s’ajoute la matière extérieure de la parka Idris IV 3 en 1 femme dotée de la finition déperlante et antisalissures Eco Finish sans PFC. La capuche réglable peut s’escamoter dans le col, trois poches sont assez spacieuses pour transporter un porte-monnaie, un smartphone et d’autres accessoires. La veste intérieure en polaire moelleuse à poils longs dispense la chaleur requise lors des jours de gel. Celles qui préfèrent se déplacer léger peuvent zipper le hoodie polaire Idris pour femme (disponible séparément) dans la surveste, par exemple sur des randonnées hivernales plus physiques ou à la mi-saison. Les deux vestes peuvent évidemment se porter aussi en solo, pour profiter d’un équipement toujours adapté de l’automne au printemps. Le label Green Shape de VAUDE garantit un produit écologique, fonctionnel et fabriqué dans des matériaux durables.</p>
<p><em>Veste extérieure:, matière double épaisseur, capuche montée, réglable en largeur et rangeable dans le col, 2 zips à double-sens avec rabat sur le devant, avec zip facilement réparable, 2 poches frontales dissimulées avec zip, 1 poche Napoléon, cordon à la taille, manches préformées, poignets réglables en largeur grâce à un velcro, doublure en deux parties, partie supérieure en filet, partie inférieure, manches et capuche en taffetasVeste intérieure:, 2 poches dans la découpe à l&rsquo;avant, fleece 300</em></p>

<p>Parka 3 en 1 polyvalente avec un bel équipement pour femme #imperméable, étanche au vent et respirante #les vestes intérieure et extérieure peuvent se porter en solo #matière principale fabriquée en polyester recyclé</p>
