{"id":10748,"date":"2026-06-30T19:59:48","date_gmt":"2026-06-30T19:59:48","guid":{"rendered":"https:\/\/www.tracea.ch\/boutique\/non%20class\u00e9\/bike-windproof-cap-iii\/"},"modified":"2026-07-07T17:34:17","modified_gmt":"2026-07-07T17:34:17","slug":"bike-windproof-cap-iii","status":"publish","type":"product","link":"https:\/\/www.tracea.ch\/en\/boutique\/bike-windproof-cap-iii\/","title":{"rendered":"Bike Windproof Cap III"},"content":{"rendered":"<p>Protection totale contre le vent et le froid! Ce bonnet \u00e0 100% coupe-vent avec int\u00e9rieur en polaire prot\u00e8ge parfaitement votre t\u00eate si le vent de course tend \u00e0 vous glacer les oreilles.<\/p>\n<p><em>doublure en fleece doux, ext\u00e9rieur en 100% windproof, int\u00e9rieur en stretch, coutures flatlock<\/em><\/p>","protected":false},"excerpt":{"rendered":"<p>Bonnet \u00e0 porter sous le casque #Coupe-vent et respirant l\u00e0 o\u00f9 il faut gr\u00e2ce \u00e0 des mati\u00e8res diff\u00e9rentes dispos\u00e9es en zones #chaud, hydrophobe, s\u00e8che rapidement #\u00e9cologique et fabriqu\u00e9 en Europe \u00e0 partir de mat\u00e9riaux principalement recycl\u00e9s<\/p>","protected":false},"featured_media":13948,"comment_status":"closed","ping_status":"open","template":"","meta":[],"product_brand":[375],"product_cat":[480,213,216],"product_tag":[365,368,422,421],"class_list":["post-10748","product","type-product","status-publish","has-post-thumbnail","product_brand-vaude","product_cat-accessoires-vetements","product_cat-boutique","product_cat-vetements","product_tag-boutique","product_tag-vente","product_tag-vente-vetement","product_tag-vetement","pa_couleur-black-uni","pa_couleur-glowing-red","pa_couleur-neon-yellow","pa_taille-l","pa_taille-m","pa_taille-s","pa_taille-xs","first","instock","purchasable","product-type-variable"],"_links":{"self":[{"href":"https:\/\/www.tracea.ch\/en\/wp-json\/wp\/v2\/product\/10748","targetHints":{"allow":["GET"]}}],"collection":[{"href":"https:\/\/www.tracea.ch\/en\/wp-json\/wp\/v2\/product"}],"about":[{"href":"https:\/\/www.tracea.ch\/en\/wp-json\/wp\/v2\/types\/product"}],"replies":[{"embeddable":true,"href":"https:\/\/www.tracea.ch\/en\/wp-json\/wp\/v2\/comments?post=10748"}],"version-history":[{"count":1,"href":"https:\/\/www.tracea.ch\/en\/wp-json\/wp\/v2\/product\/10748\/revisions"}],"predecessor-version":[{"id":28286,"href":"https:\/\/www.tracea.ch\/en\/wp-json\/wp\/v2\/product\/10748\/revisions\/28286"}],"wp:featuredmedia":[{"embeddable":true,"href":"https:\/\/www.tracea.ch\/en\/wp-json\/wp\/v2\/media\/13948"}],"wp:attachment":[{"href":"https:\/\/www.tracea.ch\/en\/wp-json\/wp\/v2\/media?parent=10748"}],"wp:term":[{"taxonomy":"product_brand","embeddable":true,"href":"https:\/\/www.tracea.ch\/en\/wp-json\/wp\/v2\/product_brand?post=10748"},{"taxonomy":"product_cat","embeddable":true,"href":"https:\/\/www.tracea.ch\/en\/wp-json\/wp\/v2\/product_cat?post=10748"},{"taxonomy":"product_tag","embeddable":true,"href":"https:\/\/www.tracea.ch\/en\/wp-json\/wp\/v2\/product_tag?post=10748"}],"curies":[{"name":"wp","href":"https:\/\/api.w.org\/{rel}","templated":true}]}}

https://www.tracea.ch/boutique/non%20classé/bike-windproof-cap-iii/

<p>Protection totale contre le vent et le froid! Ce bonnet à 100% coupe-vent avec intérieur en polaire protège parfaitement votre tête si le vent de course tend à vous glacer les oreilles.</p>
<p><em>doublure en fleece doux, extérieur en 100% windproof, intérieur en stretch, coutures flatlock</em></p>

<p>Bonnet à porter sous le casque #Coupe-vent et respirant là où il faut grâce à des matières différentes disposées en zones #chaud, hydrophobe, sèche rapidement #écologique et fabriqué en Europe à partir de matériaux principalement recyclés</p>
