{"id":10996,"date":"2026-06-30T20:02:48","date_gmt":"2026-06-30T20:02:48","guid":{"rendered":"https:\/\/www.tracea.ch\/boutique\/non%20class\u00e9\/bike-socks-short\/"},"modified":"2026-07-07T17:40:01","modified_gmt":"2026-07-07T17:40:01","slug":"bike-socks-short","status":"publish","type":"product","link":"https:\/\/www.tracea.ch\/en\/boutique\/bike-socks-short\/","title":{"rendered":"Bike Socks Short"},"content":{"rendered":"<p>Ne filez pas, enfilez plut\u00f4t ces chaussettes ! Ce mod\u00e8le cyclistes court est compos\u00e9 de zones plus ou moins \u00e9paisses, ajust\u00e9es et ventil\u00e9es, r\u00e9parties de mani\u00e8re \u00e0 garantir un confort maximal pour les cyclistes. Aux endroits expos\u00e9s aux pressions de la chaussure, tels que le talon, le coup-de-pied, le bout des orteils et la semelle \u00e0 l&rsquo;avant, le pied est prot\u00e9g\u00e9. Le m\u00e9lange de mati\u00e8res fonctionnelles particuli\u00e8rement r\u00e9sistantes assure un agr\u00e9able climat int\u00e9rieur.<\/p>\n<p><em>thick padding in the heel and sole<\/em><\/p>","protected":false},"excerpt":{"rendered":"<p>Chaussettes pour les sports cyclistes #avec matelassage ergonomique et respirantes #\u00e0 s\u00e9chage rapide, extensibles #\u00e0 la fabrication \u00e9cologique et \u00e9quitable<\/p>","protected":false},"featured_media":17653,"comment_status":"closed","ping_status":"open","template":"","meta":[],"product_brand":[375],"product_cat":[480,213,216],"product_tag":[365,368,422,421],"class_list":["post-10996","product","type-product","status-publish","has-post-thumbnail","product_brand-vaude","product_cat-accessoires-vetements","product_cat-boutique","product_cat-vetements","product_tag-boutique","product_tag-vente","product_tag-vente-vetement","product_tag-vetement","pa_couleur-black","pa_couleur-white","pa_taille-36-38","pa_taille-39-41","pa_taille-42-44","pa_taille-45-47","first","instock","purchasable","product-type-variable"],"_links":{"self":[{"href":"https:\/\/www.tracea.ch\/en\/wp-json\/wp\/v2\/product\/10996","targetHints":{"allow":["GET"]}}],"collection":[{"href":"https:\/\/www.tracea.ch\/en\/wp-json\/wp\/v2\/product"}],"about":[{"href":"https:\/\/www.tracea.ch\/en\/wp-json\/wp\/v2\/types\/product"}],"replies":[{"embeddable":true,"href":"https:\/\/www.tracea.ch\/en\/wp-json\/wp\/v2\/comments?post=10996"}],"version-history":[{"count":1,"href":"https:\/\/www.tracea.ch\/en\/wp-json\/wp\/v2\/product\/10996\/revisions"}],"predecessor-version":[{"id":28346,"href":"https:\/\/www.tracea.ch\/en\/wp-json\/wp\/v2\/product\/10996\/revisions\/28346"}],"wp:featuredmedia":[{"embeddable":true,"href":"https:\/\/www.tracea.ch\/en\/wp-json\/wp\/v2\/media\/17653"}],"wp:attachment":[{"href":"https:\/\/www.tracea.ch\/en\/wp-json\/wp\/v2\/media?parent=10996"}],"wp:term":[{"taxonomy":"product_brand","embeddable":true,"href":"https:\/\/www.tracea.ch\/en\/wp-json\/wp\/v2\/product_brand?post=10996"},{"taxonomy":"product_cat","embeddable":true,"href":"https:\/\/www.tracea.ch\/en\/wp-json\/wp\/v2\/product_cat?post=10996"},{"taxonomy":"product_tag","embeddable":true,"href":"https:\/\/www.tracea.ch\/en\/wp-json\/wp\/v2\/product_tag?post=10996"}],"curies":[{"name":"wp","href":"https:\/\/api.w.org\/{rel}","templated":true}]}}

https://www.tracea.ch/boutique/non%20classé/bike-socks-short/

<p>Ne filez pas, enfilez plutôt ces chaussettes ! Ce modèle cyclistes court est composé de zones plus ou moins épaisses, ajustées et ventilées, réparties de manière à garantir un confort maximal pour les cyclistes. Aux endroits exposés aux pressions de la chaussure, tels que le talon, le coup-de-pied, le bout des orteils et la semelle à l&rsquo;avant, le pied est protégé. Le mélange de matières fonctionnelles particulièrement résistantes assure un agréable climat intérieur.</p>
<p><em>thick padding in the heel and sole</em></p>

<p>Chaussettes pour les sports cyclistes #avec matelassage ergonomique et respirantes #à séchage rapide, extensibles #à la fabrication écologique et équitable</p>
