{"id":11186,"date":"2026-06-30T20:04:45","date_gmt":"2026-06-30T20:04:45","guid":{"rendered":"https:\/\/www.tracea.ch\/boutique\/non%20class\u00e9\/shoecover-posta\/"},"modified":"2026-07-07T17:43:59","modified_gmt":"2026-07-07T17:43:59","slug":"shoecover-posta","status":"publish","type":"product","link":"https:\/\/www.tracea.ch\/en\/boutique\/shoecover-posta\/","title":{"rendered":"Shoecover Posta"},"content":{"rendered":"<p>Notre sur-chaussure la plus chaude pour tous ceux qui doivent mettre le nez dehors, qu&rsquo;il vante ou qu&rsquo;il pleuve ou qu&rsquo;il neige! Pour les loisirs ou le trajet domicile-travail, ce couvre-chaussure prot\u00e8ge tant la chaussure que les pieds gr\u00e2ce \u00e0 sa mati\u00e8re n\u00e9opr\u00e8ne soud\u00e9e \u00e0 l&rsquo;avant et qui \u00e9pouse le pied. Le zip arri\u00e8re ne s&rsquo;ouvre pas compl\u00e8tement en bas, ce qui facilite beaucoup l&rsquo;enfilement et le retrait, ces op\u00e9rations \u00e9tant soutenues par une boucle de maintien. La large bande de fermeture et le logo VAUDE sont r\u00e9fl\u00e9chissants pour une meilleure visibilit\u00e9 lors du p\u00e9dalage. La partie inf\u00e9rieure est renforc\u00e9e pour \u00e9viter tout endommagement lors du maintien n\u00e9cessaire ou de quelques pas.<\/p>\n<p><em>rev\u00eatement suppl\u00e9mentaire, ouverture zipp\u00e9e, \u00e9l\u00e9ments r\u00e9fl\u00e9chissants, , sous-pied \u00e9lastique dans la partie des semelles<\/em><\/p>","protected":false},"excerpt":{"rendered":"<p>Couvre-chaussure chaud pour le cyclisme #facile \u00e0 enfiler et \u00e0 retirer #d\u00e9perlant et coupe-vent, respirant #coutures soud\u00e9es<\/p>","protected":false},"featured_media":21375,"comment_status":"closed","ping_status":"open","template":"","meta":[],"product_brand":[375],"product_cat":[480,213,216],"product_tag":[365,368,422,421],"class_list":["post-11186","product","type-product","status-publish","has-post-thumbnail","product_brand-vaude","product_cat-accessoires-vetements","product_cat-boutique","product_cat-vetements","product_tag-boutique","product_tag-vente","product_tag-vente-vetement","product_tag-vetement","pa_couleur-black","pa_taille-36-39","pa_taille-40-43","pa_taille-44-46","pa_taille-47-49","first","instock","purchasable","product-type-variable"],"_links":{"self":[{"href":"https:\/\/www.tracea.ch\/en\/wp-json\/wp\/v2\/product\/11186","targetHints":{"allow":["GET"]}}],"collection":[{"href":"https:\/\/www.tracea.ch\/en\/wp-json\/wp\/v2\/product"}],"about":[{"href":"https:\/\/www.tracea.ch\/en\/wp-json\/wp\/v2\/types\/product"}],"replies":[{"embeddable":true,"href":"https:\/\/www.tracea.ch\/en\/wp-json\/wp\/v2\/comments?post=11186"}],"version-history":[{"count":1,"href":"https:\/\/www.tracea.ch\/en\/wp-json\/wp\/v2\/product\/11186\/revisions"}],"predecessor-version":[{"id":28408,"href":"https:\/\/www.tracea.ch\/en\/wp-json\/wp\/v2\/product\/11186\/revisions\/28408"}],"wp:featuredmedia":[{"embeddable":true,"href":"https:\/\/www.tracea.ch\/en\/wp-json\/wp\/v2\/media\/21375"}],"wp:attachment":[{"href":"https:\/\/www.tracea.ch\/en\/wp-json\/wp\/v2\/media?parent=11186"}],"wp:term":[{"taxonomy":"product_brand","embeddable":true,"href":"https:\/\/www.tracea.ch\/en\/wp-json\/wp\/v2\/product_brand?post=11186"},{"taxonomy":"product_cat","embeddable":true,"href":"https:\/\/www.tracea.ch\/en\/wp-json\/wp\/v2\/product_cat?post=11186"},{"taxonomy":"product_tag","embeddable":true,"href":"https:\/\/www.tracea.ch\/en\/wp-json\/wp\/v2\/product_tag?post=11186"}],"curies":[{"name":"wp","href":"https:\/\/api.w.org\/{rel}","templated":true}]}}

https://www.tracea.ch/boutique/non%20classé/shoecover-posta/

<p>Notre sur-chaussure la plus chaude pour tous ceux qui doivent mettre le nez dehors, qu&rsquo;il vante ou qu&rsquo;il pleuve ou qu&rsquo;il neige! Pour les loisirs ou le trajet domicile-travail, ce couvre-chaussure protège tant la chaussure que les pieds grâce à sa matière néoprène soudée à l&rsquo;avant et qui épouse le pied. Le zip arrière ne s&rsquo;ouvre pas complètement en bas, ce qui facilite beaucoup l&rsquo;enfilement et le retrait, ces opérations étant soutenues par une boucle de maintien. La large bande de fermeture et le logo VAUDE sont réfléchissants pour une meilleure visibilité lors du pédalage. La partie inférieure est renforcée pour éviter tout endommagement lors du maintien nécessaire ou de quelques pas.</p>
<p><em>revêtement supplémentaire, ouverture zippée, éléments réfléchissants, , sous-pied élastique dans la partie des semelles</em></p>

<p>Couvre-chaussure chaud pour le cyclisme #facile à enfiler et à retirer #déperlant et coupe-vent, respirant #coutures soudées</p>
