{"id":12569,"date":"2026-06-30T20:29:53","date_gmt":"2026-06-30T20:29:53","guid":{"rendered":"https:\/\/www.tracea.ch\/boutique\/non%20class\u00e9\/mens-qimsa-softshell-pants-ii\/"},"modified":"2026-07-07T18:57:17","modified_gmt":"2026-07-07T18:57:17","slug":"mens-qimsa-softshell-pants-ii","status":"publish","type":"product","link":"https:\/\/www.tracea.ch\/en\/boutique\/mens-qimsa-softshell-pants-ii\/","title":{"rendered":"Men&rsquo;s Qimsa Softshell Pants II"},"content":{"rendered":"<p>Pour les cyclistes de toute l&rsquo;ann\u00e9e. Ce pantalon softshell 100% coupe-vent vous permettra d&rsquo;\u00eatre performant lorsque les temp\u00e9ratures sont fra\u00eeches. La mati\u00e8re \u00e0 la fabrication \u00e9cologique est agr\u00e9ablement douce \u00e0 l&rsquo;int\u00e9rieure et structur\u00e9e ce qui assure une haute respirabilit\u00e9 et une bonne isolation thermique. La ceinture ajustable en largeur monte plus haut \u00e0 l&rsquo;arri\u00e8re et elle est \u00e9quip\u00e9e de parties \u00e9lastiques afin qu&rsquo;elle \u00e9pouse parfaitement le corps et qu&rsquo;elle prot\u00e8ge la partie des reins, particuli\u00e8rement sensible au froid. Les parties \u00e9tanches et r\u00e9sistantes aux fesses et \u00e0 l&rsquo;int\u00e9rieur des jambes prot\u00e8gent de l&rsquo;humidit\u00e9 et de la crasse. Autres plus: bas des jambes ajustables en largeur et \u00e9l\u00e9ments r\u00e9fl\u00e9chissants.<\/p>\n<p><em>assise renforc\u00e9e en mati\u00e8re 2 \u00e9paisseurs, genoux pr\u00e9form\u00e9s, parties anti-frottement \u00e0 l&rsquo;int\u00e9rieur des jambes et \u00e0 la ceinture, parties en stretch, 2 poches dans la d\u00e9coupe \u00e0 l&rsquo;avant, Ceinture r\u00e9glable en largeur gr\u00e2ce \u00e0 un velcro, bas des jambes avec zip pour le r\u00e9glage en largeur, zip de ventilation dans les coutures lat\u00e9rales, \u00e9l\u00e9ments r\u00e9fl\u00e9chissants<\/em><\/p>","protected":false},"excerpt":{"rendered":"<p>Pantalon softshell pour le cyclisme #100% Coupe-vent, respirant et hydrophobe #isolant, avec inserts en stretch et fentes de ventilation sur les jambes #\u00e0 la fabrication \u00e9cologique et \u00e9quitable<\/p>","protected":false},"featured_media":19433,"comment_status":"closed","ping_status":"open","template":"","meta":[],"product_brand":[375],"product_cat":[213,574,216],"product_tag":[365,368,422,421],"class_list":["post-12569","product","type-product","status-publish","has-post-thumbnail","product_brand-vaude","product_cat-boutique","product_cat-pantalons","product_cat-vetements","product_tag-boutique","product_tag-vente","product_tag-vente-vetement","product_tag-vetement","pa_couleur-black-black","pa_couleur-dark-sea","pa_couleur-deer-brown","pa_couleur-neon-yellow","pa_taille-l","pa_taille-m","pa_taille-s","pa_taille-xl","pa_taille-xs","pa_taille-xxl","pa_taille-xxxl","first","instock","purchasable","product-type-variable"],"_links":{"self":[{"href":"https:\/\/www.tracea.ch\/en\/wp-json\/wp\/v2\/product\/12569","targetHints":{"allow":["GET"]}}],"collection":[{"href":"https:\/\/www.tracea.ch\/en\/wp-json\/wp\/v2\/product"}],"about":[{"href":"https:\/\/www.tracea.ch\/en\/wp-json\/wp\/v2\/types\/product"}],"replies":[{"embeddable":true,"href":"https:\/\/www.tracea.ch\/en\/wp-json\/wp\/v2\/comments?post=12569"}],"version-history":[{"count":1,"href":"https:\/\/www.tracea.ch\/en\/wp-json\/wp\/v2\/product\/12569\/revisions"}],"predecessor-version":[{"id":28843,"href":"https:\/\/www.tracea.ch\/en\/wp-json\/wp\/v2\/product\/12569\/revisions\/28843"}],"wp:featuredmedia":[{"embeddable":true,"href":"https:\/\/www.tracea.ch\/en\/wp-json\/wp\/v2\/media\/19433"}],"wp:attachment":[{"href":"https:\/\/www.tracea.ch\/en\/wp-json\/wp\/v2\/media?parent=12569"}],"wp:term":[{"taxonomy":"product_brand","embeddable":true,"href":"https:\/\/www.tracea.ch\/en\/wp-json\/wp\/v2\/product_brand?post=12569"},{"taxonomy":"product_cat","embeddable":true,"href":"https:\/\/www.tracea.ch\/en\/wp-json\/wp\/v2\/product_cat?post=12569"},{"taxonomy":"product_tag","embeddable":true,"href":"https:\/\/www.tracea.ch\/en\/wp-json\/wp\/v2\/product_tag?post=12569"}],"curies":[{"name":"wp","href":"https:\/\/api.w.org\/{rel}","templated":true}]}}

https://www.tracea.ch/boutique/non%20classé/mens-qimsa-softshell-pants-ii/

<p>Pour les cyclistes de toute l&rsquo;année. Ce pantalon softshell 100% coupe-vent vous permettra d&rsquo;être performant lorsque les températures sont fraîches. La matière à la fabrication écologique est agréablement douce à l&rsquo;intérieure et structurée ce qui assure une haute respirabilité et une bonne isolation thermique. La ceinture ajustable en largeur monte plus haut à l&rsquo;arrière et elle est équipée de parties élastiques afin qu&rsquo;elle épouse parfaitement le corps et qu&rsquo;elle protège la partie des reins, particulièrement sensible au froid. Les parties étanches et résistantes aux fesses et à l&rsquo;intérieur des jambes protègent de l&rsquo;humidité et de la crasse. Autres plus: bas des jambes ajustables en largeur et éléments réfléchissants.</p>
<p><em>assise renforcée en matière 2 épaisseurs, genoux préformés, parties anti-frottement à l&rsquo;intérieur des jambes et à la ceinture, parties en stretch, 2 poches dans la découpe à l&rsquo;avant, Ceinture réglable en largeur grâce à un velcro, bas des jambes avec zip pour le réglage en largeur, zip de ventilation dans les coutures latérales, éléments réfléchissants</em></p>

<p>Pantalon softshell pour le cyclisme #100% Coupe-vent, respirant et hydrophobe #isolant, avec inserts en stretch et fentes de ventilation sur les jambes #à la fabrication écologique et équitable</p>
