{"id":14752,"date":"2026-06-30T22:11:54","date_gmt":"2026-06-30T22:11:54","guid":{"rendered":"https:\/\/www.tracea.ch\/boutique\/non%20class\u00e9\/womens-sesvenna-shorts-iii\/"},"modified":"2026-07-07T21:40:58","modified_gmt":"2026-07-07T21:40:58","slug":"womens-sesvenna-shorts-iii","status":"publish","type":"product","link":"https:\/\/www.tracea.ch\/en\/boutique\/womens-sesvenna-shorts-iii\/","title":{"rendered":"Women&rsquo;s Sesvenna Shorts III"},"content":{"rendered":"<p>Le short Sesvenna Shorts pour femme est un v\u00e9ritable \u00abhot pants\u00bb pour la montagne! Le short isolant pour femme doubl\u00e9 en PrimaLoft\u00ae Silver Insulation Eco se laisse enfiler en deux temps trois mouvements sur le pantalon de ski. Peu encombrant, il est tr\u00e8s l\u00e9ger et maintient l&rsquo;humeur au beau fixe quand le mercure se met \u00e0 plonger. Par ailleurs, le short isolant pour femme est d&rsquo;une tenue irr\u00e9prochable gr\u00e2ce \u00e0 sa ceinture \u00e9lastique et n&rsquo;enserre pas le corps lors de la rando \u00e0 ski, du ski de fond et du jogging. Deux fermetures \u00e9clair lat\u00e9rales permettent un enfilage et un retrait rapide. Le short isolant est appr\u00eat\u00e9 avec la finition Eco Finish, d\u00e9perlant, \u00e9cologique et sans fluorocarbures (PFC). En tant que membre \u00e9lev\u00e9 au rang de Leader de l&rsquo;organisme ind\u00e9pendant Fair Wear, VAUDE s&rsquo;engage en faveur de conditions de travail et de salaires \u00e9quitables.<\/p>\n<p><em>ouat\u00e9, parties en stretch, 2 zips lat\u00e9raux continus, \u00e9lastique dans la partie arri\u00e8re de la ceinture<\/em><\/p>","protected":false},"excerpt":{"rendered":"<p>Short isolant l\u00e9ger femme pour la randonn\u00e9e \u00e0 ski #chaud, coupe-vent et d\u00e9perlant #haute libert\u00e9 de mouvement, compact #sans impact sur le climat; fabrication \u00e9cologique en mat\u00e9riaux principalement recycl\u00e9s<\/p>","protected":false},"featured_media":22550,"comment_status":"closed","ping_status":"open","template":"","meta":[],"product_brand":[375],"product_cat":[213,574,216],"product_tag":[365,368,422,421],"class_list":["post-14752","product","type-product","status-publish","has-post-thumbnail","product_brand-vaude","product_cat-boutique","product_cat-pantalons","product_cat-vetements","product_tag-boutique","product_tag-vente","product_tag-vente-vetement","product_tag-vetement","pa_couleur-black","pa_couleur-dark-sea","pa_taille-466","pa_taille-436","pa_taille-437","pa_taille-438","pa_taille-439","pa_taille-440","first","instock","purchasable","product-type-variable"],"_links":{"self":[{"href":"https:\/\/www.tracea.ch\/en\/wp-json\/wp\/v2\/product\/14752","targetHints":{"allow":["GET"]}}],"collection":[{"href":"https:\/\/www.tracea.ch\/en\/wp-json\/wp\/v2\/product"}],"about":[{"href":"https:\/\/www.tracea.ch\/en\/wp-json\/wp\/v2\/types\/product"}],"replies":[{"embeddable":true,"href":"https:\/\/www.tracea.ch\/en\/wp-json\/wp\/v2\/comments?post=14752"}],"version-history":[{"count":1,"href":"https:\/\/www.tracea.ch\/en\/wp-json\/wp\/v2\/product\/14752\/revisions"}],"predecessor-version":[{"id":29556,"href":"https:\/\/www.tracea.ch\/en\/wp-json\/wp\/v2\/product\/14752\/revisions\/29556"}],"wp:featuredmedia":[{"embeddable":true,"href":"https:\/\/www.tracea.ch\/en\/wp-json\/wp\/v2\/media\/22550"}],"wp:attachment":[{"href":"https:\/\/www.tracea.ch\/en\/wp-json\/wp\/v2\/media?parent=14752"}],"wp:term":[{"taxonomy":"product_brand","embeddable":true,"href":"https:\/\/www.tracea.ch\/en\/wp-json\/wp\/v2\/product_brand?post=14752"},{"taxonomy":"product_cat","embeddable":true,"href":"https:\/\/www.tracea.ch\/en\/wp-json\/wp\/v2\/product_cat?post=14752"},{"taxonomy":"product_tag","embeddable":true,"href":"https:\/\/www.tracea.ch\/en\/wp-json\/wp\/v2\/product_tag?post=14752"}],"curies":[{"name":"wp","href":"https:\/\/api.w.org\/{rel}","templated":true}]}}

https://www.tracea.ch/boutique/non%20classé/womens-sesvenna-shorts-iii/

<p>Le short Sesvenna Shorts pour femme est un véritable «hot pants» pour la montagne! Le short isolant pour femme doublé en PrimaLoft® Silver Insulation Eco se laisse enfiler en deux temps trois mouvements sur le pantalon de ski. Peu encombrant, il est très léger et maintient l&rsquo;humeur au beau fixe quand le mercure se met à plonger. Par ailleurs, le short isolant pour femme est d&rsquo;une tenue irréprochable grâce à sa ceinture élastique et n&rsquo;enserre pas le corps lors de la rando à ski, du ski de fond et du jogging. Deux fermetures éclair latérales permettent un enfilage et un retrait rapide. Le short isolant est apprêté avec la finition Eco Finish, déperlant, écologique et sans fluorocarbures (PFC). En tant que membre élevé au rang de Leader de l&rsquo;organisme indépendant Fair Wear, VAUDE s&rsquo;engage en faveur de conditions de travail et de salaires équitables.</p>
<p><em>ouaté, parties en stretch, 2 zips latéraux continus, élastique dans la partie arrière de la ceinture</em></p>

<p>Short isolant léger femme pour la randonnée à ski #chaud, coupe-vent et déperlant #haute liberté de mouvement, compact #sans impact sur le climat; fabrication écologique en matériaux principalement recyclés</p>
