{"id":14817,"date":"2026-06-30T22:13:01","date_gmt":"2026-06-30T22:13:01","guid":{"rendered":"https:\/\/www.tracea.ch\/boutique\/non%20class\u00e9\/mens-neyland-zo-pants\/"},"modified":"2026-07-07T21:43:29","modified_gmt":"2026-07-07T21:43:29","slug":"mens-neyland-zo-pants","status":"publish","type":"product","link":"https:\/\/www.tracea.ch\/en\/boutique\/mens-neyland-zo-pants\/","title":{"rendered":"Men&rsquo;s Neyland ZO Pants"},"content":{"rendered":"<p>Long ou court? La question ne se pose plus avec le pantalon cargo convertible Neyland pour homme au look sympa. Car le pantalon cargo pour homme se transforme en short en quelques gestes et convient ainsi parfaitement \u00e0 la randonn\u00e9e, au voyage ou au camping. Les deux grandes poches lat\u00e9rales conf\u00e8rent son look cargo au pantalon, qui est muni de deux poches suppl\u00e9mentaires et d&rsquo;une poche arri\u00e8re spacieuse pour les affaires pr\u00e9cieuses. Le m\u00e9lange de mati\u00e8res ing\u00e9nieux et ultradurable en coton, polyester recycl\u00e9 et \u00e9lasthanne offre au pantalon cargo pour homme un super confort, une grande libert\u00e9 de mouvement gr\u00e2ce \u00e0 la teneur en stretch et s\u00e8che rapidement. La ceinture \u00e9lastique assure \u00e9galement un grand confort. Le label Green Shape de VAUDE garantit un produit \u00e9cologique et fonctionnel fabriqu\u00e9 dans des mat\u00e9riaux durables certifi\u00e9s bluesign\u00ae.<\/p>\n<p><em>ceinture avec parties \u00e9lastiques, 2 poches dans la d\u00e9coupe \u00e0 l&rsquo;avant, genoux pr\u00e9form\u00e9s, 2 poches avec rabat sur les jambes, 1 poche dorsale, boucle de ceinture<\/em><\/p>","protected":false},"excerpt":{"rendered":"<p>Pantalon cargo homme convertible pour la randonn\u00e9e, les voyages et le camping #\u00e9lastique, se transforme rapidement en short #s\u00e9chage rapide et facilit\u00e9 d&rsquo;entretien #fabrication principale en coton<\/p>","protected":false},"featured_media":22800,"comment_status":"closed","ping_status":"open","template":"","meta":[],"product_brand":[375],"product_cat":[213,574,216],"product_tag":[365,368,422,421],"class_list":["post-14817","product","type-product","status-publish","has-post-thumbnail","product_brand-vaude","product_cat-boutique","product_cat-pantalons","product_cat-vetements","product_tag-boutique","product_tag-vente","product_tag-vente-vetement","product_tag-vetement","pa_couleur-black","pa_couleur-umbra","pa_taille-441","pa_taille-46-short","pa_taille-459","pa_taille-48-short","pa_taille-469","pa_taille-50-short","pa_taille-472","pa_taille-52-short","pa_taille-587","pa_taille-54-short","pa_taille-543","pa_taille-56-short","first","instock","purchasable","product-type-variable"],"_links":{"self":[{"href":"https:\/\/www.tracea.ch\/en\/wp-json\/wp\/v2\/product\/14817","targetHints":{"allow":["GET"]}}],"collection":[{"href":"https:\/\/www.tracea.ch\/en\/wp-json\/wp\/v2\/product"}],"about":[{"href":"https:\/\/www.tracea.ch\/en\/wp-json\/wp\/v2\/types\/product"}],"replies":[{"embeddable":true,"href":"https:\/\/www.tracea.ch\/en\/wp-json\/wp\/v2\/comments?post=14817"}],"version-history":[{"count":1,"href":"https:\/\/www.tracea.ch\/en\/wp-json\/wp\/v2\/product\/14817\/revisions"}],"predecessor-version":[{"id":29578,"href":"https:\/\/www.tracea.ch\/en\/wp-json\/wp\/v2\/product\/14817\/revisions\/29578"}],"wp:featuredmedia":[{"embeddable":true,"href":"https:\/\/www.tracea.ch\/en\/wp-json\/wp\/v2\/media\/22800"}],"wp:attachment":[{"href":"https:\/\/www.tracea.ch\/en\/wp-json\/wp\/v2\/media?parent=14817"}],"wp:term":[{"taxonomy":"product_brand","embeddable":true,"href":"https:\/\/www.tracea.ch\/en\/wp-json\/wp\/v2\/product_brand?post=14817"},{"taxonomy":"product_cat","embeddable":true,"href":"https:\/\/www.tracea.ch\/en\/wp-json\/wp\/v2\/product_cat?post=14817"},{"taxonomy":"product_tag","embeddable":true,"href":"https:\/\/www.tracea.ch\/en\/wp-json\/wp\/v2\/product_tag?post=14817"}],"curies":[{"name":"wp","href":"https:\/\/api.w.org\/{rel}","templated":true}]}}

https://www.tracea.ch/boutique/non%20classé/mens-neyland-zo-pants/

<p>Long ou court? La question ne se pose plus avec le pantalon cargo convertible Neyland pour homme au look sympa. Car le pantalon cargo pour homme se transforme en short en quelques gestes et convient ainsi parfaitement à la randonnée, au voyage ou au camping. Les deux grandes poches latérales confèrent son look cargo au pantalon, qui est muni de deux poches supplémentaires et d&rsquo;une poche arrière spacieuse pour les affaires précieuses. Le mélange de matières ingénieux et ultradurable en coton, polyester recyclé et élasthanne offre au pantalon cargo pour homme un super confort, une grande liberté de mouvement grâce à la teneur en stretch et sèche rapidement. La ceinture élastique assure également un grand confort. Le label Green Shape de VAUDE garantit un produit écologique et fonctionnel fabriqué dans des matériaux durables certifiés bluesign®.</p>
<p><em>ceinture avec parties élastiques, 2 poches dans la découpe à l&rsquo;avant, genoux préformés, 2 poches avec rabat sur les jambes, 1 poche dorsale, boucle de ceinture</em></p>

<p>Pantalon cargo homme convertible pour la randonnée, les voyages et le camping #élastique, se transforme rapidement en short #séchage rapide et facilité d&rsquo;entretien #fabrication principale en coton</p>
