{"id":15058,"date":"2026-06-30T22:23:15","date_gmt":"2026-06-30T22:23:15","guid":{"rendered":"https:\/\/www.tracea.ch\/boutique\/non%20class\u00e9\/womens-matera-tights-ii\/"},"modified":"2026-07-07T21:50:45","modified_gmt":"2026-07-07T21:50:45","slug":"womens-matera-tights-ii","status":"publish","type":"product","link":"https:\/\/www.tracea.ch\/en\/boutique\/womens-matera-tights-ii\/","title":{"rendered":"Women&rsquo;s Matera Tights II"},"content":{"rendered":"<p>En qu\u00eate de la tenue id\u00e9ale pour les sorties d&rsquo;une journ\u00e9e\u00a0? Ce legging cycliste pour femme emporte tout l&rsquo;\u00e9quipement n\u00e9cessaire pour une sortie \u00e0 v\u00e9lo r\u00e9ussie. Muni du coussinet T-Pad ultrarespirant, souple et multicouches, le legging cycliste pour femme est id\u00e9al en position assise l\u00e9g\u00e8rement redress\u00e9e. Si la sortie devait s&rsquo;\u00e9tendre \u00e0 plusieurs jours, cela ne pose aucun probl\u00e8me car la mati\u00e8re confortable et \u00e9lastique et la coupe ergonomique du pantalon lui permettent d&rsquo;affronter des tourn\u00e9es allong\u00e9es sans perte de confort. Pour que le legging cycliste femme ne glisse pas, il est muni d&rsquo;une taille \u00e9lastique confortable et d&rsquo;applications silicon\u00e9es au bas des jambes. Le label Green Shape de VAUDE garantit un produit \u00e9cologique, fonctionnel et fabriqu\u00e9 dans des mat\u00e9riaux durables certifi\u00e9s bluesign\u00ae.<\/p>\n<p><em>coupe ergonomique, matelassage hautement respirant, multi \u00e9paisseurs et ergonomique, bas des jambes avec anti-d\u00e9rapant, mati\u00e8re \u00e9lastique, ceinture \u00e9lastique<\/em><\/p>","protected":false},"excerpt":{"rendered":"<p>Legging de cyclisme femme universel pour les trails et le cyclotourisme #excellent confort gr\u00e2ce \u00e0 une haute teneur en stretch #avec T-Pad VAUDE #fabrication principale en polyester recycl\u00e9<\/p>","protected":false},"featured_media":23338,"comment_status":"closed","ping_status":"open","template":"","meta":[],"product_brand":[375],"product_cat":[213,574,216],"product_tag":[365,368,422,421],"class_list":["post-15058","product","type-product","status-publish","has-post-thumbnail","product_brand-vaude","product_cat-boutique","product_cat-pantalons","product_cat-vetements","product_tag-boutique","product_tag-vente","product_tag-vente-vetement","product_tag-vetement","pa_couleur-black","pa_taille-466","pa_taille-436","pa_taille-437","pa_taille-438","pa_taille-439","pa_taille-440","pa_taille-441","pa_taille-459","pa_taille-469","first","instock","purchasable","product-type-variable"],"_links":{"self":[{"href":"https:\/\/www.tracea.ch\/en\/wp-json\/wp\/v2\/product\/15058","targetHints":{"allow":["GET"]}}],"collection":[{"href":"https:\/\/www.tracea.ch\/en\/wp-json\/wp\/v2\/product"}],"about":[{"href":"https:\/\/www.tracea.ch\/en\/wp-json\/wp\/v2\/types\/product"}],"replies":[{"embeddable":true,"href":"https:\/\/www.tracea.ch\/en\/wp-json\/wp\/v2\/comments?post=15058"}],"version-history":[{"count":1,"href":"https:\/\/www.tracea.ch\/en\/wp-json\/wp\/v2\/product\/15058\/revisions"}],"predecessor-version":[{"id":29647,"href":"https:\/\/www.tracea.ch\/en\/wp-json\/wp\/v2\/product\/15058\/revisions\/29647"}],"wp:featuredmedia":[{"embeddable":true,"href":"https:\/\/www.tracea.ch\/en\/wp-json\/wp\/v2\/media\/23338"}],"wp:attachment":[{"href":"https:\/\/www.tracea.ch\/en\/wp-json\/wp\/v2\/media?parent=15058"}],"wp:term":[{"taxonomy":"product_brand","embeddable":true,"href":"https:\/\/www.tracea.ch\/en\/wp-json\/wp\/v2\/product_brand?post=15058"},{"taxonomy":"product_cat","embeddable":true,"href":"https:\/\/www.tracea.ch\/en\/wp-json\/wp\/v2\/product_cat?post=15058"},{"taxonomy":"product_tag","embeddable":true,"href":"https:\/\/www.tracea.ch\/en\/wp-json\/wp\/v2\/product_tag?post=15058"}],"curies":[{"name":"wp","href":"https:\/\/api.w.org\/{rel}","templated":true}]}}

https://www.tracea.ch/boutique/non%20classé/womens-matera-tights-ii/

<p>En quête de la tenue idéale pour les sorties d&rsquo;une journée ? Ce legging cycliste pour femme emporte tout l&rsquo;équipement nécessaire pour une sortie à vélo réussie. Muni du coussinet T-Pad ultrarespirant, souple et multicouches, le legging cycliste pour femme est idéal en position assise légèrement redressée. Si la sortie devait s&rsquo;étendre à plusieurs jours, cela ne pose aucun problème car la matière confortable et élastique et la coupe ergonomique du pantalon lui permettent d&rsquo;affronter des tournées allongées sans perte de confort. Pour que le legging cycliste femme ne glisse pas, il est muni d&rsquo;une taille élastique confortable et d&rsquo;applications siliconées au bas des jambes. Le label Green Shape de VAUDE garantit un produit écologique, fonctionnel et fabriqué dans des matériaux durables certifiés bluesign®.</p>
<p><em>coupe ergonomique, matelassage hautement respirant, multi épaisseurs et ergonomique, bas des jambes avec anti-dérapant, matière élastique, ceinture élastique</em></p>

<p>Legging de cyclisme femme universel pour les trails et le cyclotourisme #excellent confort grâce à une haute teneur en stretch #avec T-Pad VAUDE #fabrication principale en polyester recyclé</p>
