{"id":15087,"date":"2026-06-30T22:23:49","date_gmt":"2026-06-30T22:23:49","guid":{"rendered":"https:\/\/www.tracea.ch\/boutique\/non%20class\u00e9\/mens-matera-tights-ii\/"},"modified":"2026-07-07T21:51:39","modified_gmt":"2026-07-07T21:51:39","slug":"mens-matera-tights-ii","status":"publish","type":"product","link":"https:\/\/www.tracea.ch\/en\/boutique\/mens-matera-tights-ii\/","title":{"rendered":"Men&rsquo;s Matera Tights II"},"content":{"rendered":"<p>Qui appr\u00e9cie le confort en cours de route et recherche un pantalon de cyclisme adapt\u00e9 aux vir\u00e9es de plusieurs jours trouvera satisfaction avec ce legging cycliste pour homme. Il offre une tenue absolument impeccable gr\u00e2ce \u00e0 sa mati\u00e8re \u00e9lastique ultrarespirante, et accompagne les sorties sur plusieurs jours sans difficult\u00e9. La ceinture \u00e9lastique et les applications silicon\u00e9es au bas des jambes emp\u00eachent le legging cycliste pour homme de glisser\u00a0; le coussinet T-Pad multicouche assure un parfait amortissement, sp\u00e9cialement en position assise redress\u00e9e. Le label Green Shape de VAUDE garantit un produit \u00e9cologique, fonctionnel et fabriqu\u00e9 dans des mat\u00e9riaux durables certifi\u00e9s bluesign\u00ae.<\/p>\n<p><em>coupe ergonomique, matelassage hautement respirant, multi \u00e9paisseurs et ergonomique, bas des jambes avec anti-d\u00e9rapant, mati\u00e8re \u00e9lastique, ceinture \u00e9lastique<\/em><\/p>","protected":false},"excerpt":{"rendered":"<p>Legging de cyclisme homme universel pour les trails et le cyclotourisme #excellent confort gr\u00e2ce \u00e0 une haute teneur en stretch #avec T-Pad VAUDE #fabrication principale en polyester recycl\u00e9<\/p>","protected":false},"featured_media":23348,"comment_status":"closed","ping_status":"open","template":"","meta":[],"product_brand":[375],"product_cat":[213,574,216],"product_tag":[365,368,422,421],"class_list":["post-15087","product","type-product","status-publish","has-post-thumbnail","product_brand-vaude","product_cat-boutique","product_cat-pantalons","product_cat-vetements","product_tag-boutique","product_tag-vente","product_tag-vente-vetement","product_tag-vetement","pa_couleur-black","pa_taille-l","pa_taille-m","pa_taille-s","pa_taille-xl","pa_taille-xs","pa_taille-xxl","pa_taille-xxxl","pa_taille-xxxxl","first","instock","purchasable","product-type-variable"],"_links":{"self":[{"href":"https:\/\/www.tracea.ch\/en\/wp-json\/wp\/v2\/product\/15087","targetHints":{"allow":["GET"]}}],"collection":[{"href":"https:\/\/www.tracea.ch\/en\/wp-json\/wp\/v2\/product"}],"about":[{"href":"https:\/\/www.tracea.ch\/en\/wp-json\/wp\/v2\/types\/product"}],"replies":[{"embeddable":true,"href":"https:\/\/www.tracea.ch\/en\/wp-json\/wp\/v2\/comments?post=15087"}],"version-history":[{"count":1,"href":"https:\/\/www.tracea.ch\/en\/wp-json\/wp\/v2\/product\/15087\/revisions"}],"predecessor-version":[{"id":29657,"href":"https:\/\/www.tracea.ch\/en\/wp-json\/wp\/v2\/product\/15087\/revisions\/29657"}],"wp:featuredmedia":[{"embeddable":true,"href":"https:\/\/www.tracea.ch\/en\/wp-json\/wp\/v2\/media\/23348"}],"wp:attachment":[{"href":"https:\/\/www.tracea.ch\/en\/wp-json\/wp\/v2\/media?parent=15087"}],"wp:term":[{"taxonomy":"product_brand","embeddable":true,"href":"https:\/\/www.tracea.ch\/en\/wp-json\/wp\/v2\/product_brand?post=15087"},{"taxonomy":"product_cat","embeddable":true,"href":"https:\/\/www.tracea.ch\/en\/wp-json\/wp\/v2\/product_cat?post=15087"},{"taxonomy":"product_tag","embeddable":true,"href":"https:\/\/www.tracea.ch\/en\/wp-json\/wp\/v2\/product_tag?post=15087"}],"curies":[{"name":"wp","href":"https:\/\/api.w.org\/{rel}","templated":true}]}}

https://www.tracea.ch/boutique/non%20classé/mens-matera-tights-ii/

<p>Qui apprécie le confort en cours de route et recherche un pantalon de cyclisme adapté aux virées de plusieurs jours trouvera satisfaction avec ce legging cycliste pour homme. Il offre une tenue absolument impeccable grâce à sa matière élastique ultrarespirante, et accompagne les sorties sur plusieurs jours sans difficulté. La ceinture élastique et les applications siliconées au bas des jambes empêchent le legging cycliste pour homme de glisser ; le coussinet T-Pad multicouche assure un parfait amortissement, spécialement en position assise redressée. Le label Green Shape de VAUDE garantit un produit écologique, fonctionnel et fabriqué dans des matériaux durables certifiés bluesign®.</p>
<p><em>coupe ergonomique, matelassage hautement respirant, multi épaisseurs et ergonomique, bas des jambes avec anti-dérapant, matière élastique, ceinture élastique</em></p>

<p>Legging de cyclisme homme universel pour les trails et le cyclotourisme #excellent confort grâce à une haute teneur en stretch #avec T-Pad VAUDE #fabrication principale en polyester recyclé</p>
