{"id":15920,"date":"2026-06-30T22:39:54","date_gmt":"2026-06-30T22:39:54","guid":{"rendered":"https:\/\/www.tracea.ch\/boutique\/non%20class\u00e9\/mens-redmont-shorts-iii\/"},"modified":"2026-07-07T22:16:49","modified_gmt":"2026-07-07T22:16:49","slug":"mens-redmont-shorts-iii","status":"publish","type":"product","link":"https:\/\/www.tracea.ch\/en\/boutique\/mens-redmont-shorts-iii\/","title":{"rendered":"Men&rsquo;s Redmont Shorts III"},"content":{"rendered":"<p>A\u00e9rons les jambes\u00a0! Ce short homme confortable r\u00e9alise des prouesses lors des jours de grande chaleur de par sa haute teneur en chanvre de 53\u00a0%. Le chanvre est la plante \u00e9cologique par excellence\u00a0: peu d&rsquo;eau lui suffit pour pousser et elle est naturellement r\u00e9sistante contre les parasites. La teneur en \u00e9lasthanne du short homme offre \u00e0 son porteur l&rsquo;amplitude de mouvement n\u00e9cessaire. Deux poches en biais \u00e0 l&rsquo;avant, une poche arri\u00e8re et un cordon tendance de r\u00e9glage de la largeur font du short homme une parfaite tenue au quotidien. Le label Green Shape de VAUDE garantit un produit \u00e9cologique, fonctionnel et fabriqu\u00e9 dans des mat\u00e9riaux durables certifi\u00e9s bluesign\u00ae.<\/p>\n<p><em>ceinture avec \u00e9lastique et cordon, 2 poches sur le devant, 1 poche dorsale avec zip<\/em><\/p>","protected":false},"excerpt":{"rendered":"<p>Short homme confortable avec du chanvre pour jours d&rsquo;\u00e9t\u00e9 chauds #rafraichissant, facile d&rsquo;entretien et \u00e0 s\u00e9chage rapide #taille \u00e9lastique avec cordon de serrage #fabrication en chanvre et polyester recycl\u00e9<\/p>","protected":false},"featured_media":24347,"comment_status":"closed","ping_status":"open","template":"","meta":[],"product_brand":[375],"product_cat":[213,574,216],"product_tag":[365,368,422,421],"class_list":["post-15920","product","type-product","status-publish","has-post-thumbnail","product_brand-vaude","product_cat-boutique","product_cat-pantalons","product_cat-vetements","product_tag-boutique","product_tag-vente","product_tag-vente-vetement","product_tag-vetement","pa_couleur-dark-sea","pa_couleur-khaki","pa_couleur-oat","pa_taille-459","pa_taille-469","pa_taille-472","pa_taille-587","pa_taille-543","first","instock","purchasable","product-type-variable"],"_links":{"self":[{"href":"https:\/\/www.tracea.ch\/en\/wp-json\/wp\/v2\/product\/15920","targetHints":{"allow":["GET"]}}],"collection":[{"href":"https:\/\/www.tracea.ch\/en\/wp-json\/wp\/v2\/product"}],"about":[{"href":"https:\/\/www.tracea.ch\/en\/wp-json\/wp\/v2\/types\/product"}],"replies":[{"embeddable":true,"href":"https:\/\/www.tracea.ch\/en\/wp-json\/wp\/v2\/comments?post=15920"}],"version-history":[{"count":1,"href":"https:\/\/www.tracea.ch\/en\/wp-json\/wp\/v2\/product\/15920\/revisions"}],"predecessor-version":[{"id":29877,"href":"https:\/\/www.tracea.ch\/en\/wp-json\/wp\/v2\/product\/15920\/revisions\/29877"}],"wp:featuredmedia":[{"embeddable":true,"href":"https:\/\/www.tracea.ch\/en\/wp-json\/wp\/v2\/media\/24347"}],"wp:attachment":[{"href":"https:\/\/www.tracea.ch\/en\/wp-json\/wp\/v2\/media?parent=15920"}],"wp:term":[{"taxonomy":"product_brand","embeddable":true,"href":"https:\/\/www.tracea.ch\/en\/wp-json\/wp\/v2\/product_brand?post=15920"},{"taxonomy":"product_cat","embeddable":true,"href":"https:\/\/www.tracea.ch\/en\/wp-json\/wp\/v2\/product_cat?post=15920"},{"taxonomy":"product_tag","embeddable":true,"href":"https:\/\/www.tracea.ch\/en\/wp-json\/wp\/v2\/product_tag?post=15920"}],"curies":[{"name":"wp","href":"https:\/\/api.w.org\/{rel}","templated":true}]}}

https://www.tracea.ch/boutique/non%20classé/mens-redmont-shorts-iii/

<p>Aérons les jambes ! Ce short homme confortable réalise des prouesses lors des jours de grande chaleur de par sa haute teneur en chanvre de 53 %. Le chanvre est la plante écologique par excellence : peu d&rsquo;eau lui suffit pour pousser et elle est naturellement résistante contre les parasites. La teneur en élasthanne du short homme offre à son porteur l&rsquo;amplitude de mouvement nécessaire. Deux poches en biais à l&rsquo;avant, une poche arrière et un cordon tendance de réglage de la largeur font du short homme une parfaite tenue au quotidien. Le label Green Shape de VAUDE garantit un produit écologique, fonctionnel et fabriqué dans des matériaux durables certifiés bluesign®.</p>
<p><em>ceinture avec élastique et cordon, 2 poches sur le devant, 1 poche dorsale avec zip</em></p>

<p>Short homme confortable avec du chanvre pour jours d&rsquo;été chauds #rafraichissant, facile d&rsquo;entretien et à séchage rapide #taille élastique avec cordon de serrage #fabrication en chanvre et polyester recyclé</p>
