{"id":30914,"date":"2026-07-07T22:52:32","date_gmt":"2026-07-07T22:52:32","guid":{"rendered":"https:\/\/www.tracea.ch\/boutique\/non%20class\u00e9\/womens-redmont-shorts-iv\/"},"modified":"2026-07-07T22:53:06","modified_gmt":"2026-07-07T22:53:06","slug":"womens-redmont-shorts-iv","status":"publish","type":"product","link":"https:\/\/www.tracea.ch\/en\/boutique\/womens-redmont-shorts-iv\/","title":{"rendered":"Women&rsquo;s Redmont Shorts IV"},"content":{"rendered":"<p>Un short cool pour les chaudes journ\u00e9es d&rsquo;\u00e9t\u00e9 ! Gr\u00e2ce \u00e0 sa mati\u00e8re, le short urbain Redmont IV pour femmes offre un toucher frais sur la peau et accompagne tous les mouvements. Le short pour femmes est \u00e9galement confortable et d\u00e9contract\u00e9 gr\u00e2ce \u00e0 sa taille \u00e9lastique douce avec cordon de serrage et ses poches suppl\u00e9mentaires. Ce short est un compagnon de longue dur\u00e9e, facile d&rsquo;entretien et \u00e0 la mode, pour le quotidien estival et les voyages en ville. Le label Green Shape de VAUDE garantit un produit \u00e9cologique, fonctionnel et fabriqu\u00e9 dans des mat\u00e9riaux durables.<\/p>\n<p><em>ceinture \u00e9lastique r\u00e9glable en largeur, 2 poches dans la d\u00e9coupe \u00e0 l&rsquo;avant, 1 poche lat\u00e9rale avec fermeture \u00e9clair invisible<\/em><\/p>","protected":false},"excerpt":{"rendered":"<p>Short femme urbain avec chanvre pour jours de canicule en \u00e9t\u00e9 #l\u00e9ger, rafraichissant et confortable #taille \u00e9lastique avec cordon de serrage #en chanvre, polyester recycl\u00e9 et \u00e9lasthanne<\/p>","protected":false},"featured_media":0,"comment_status":"closed","ping_status":"open","template":"","meta":[],"product_brand":[375],"product_cat":[213,574,216],"product_tag":[365,368,422,421],"class_list":["post-30914","product","type-product","status-publish","product_brand-vaude","product_cat-boutique","product_cat-pantalons","product_cat-vetements","product_tag-boutique","product_tag-vente","product_tag-vente-vetement","product_tag-vetement","pa_couleur-agave","pa_couleur-dark-sea","pa_couleur-linen","pa_taille-436","pa_taille-437","pa_taille-438","pa_taille-439","pa_taille-440","first","instock","purchasable","product-type-variable"],"_links":{"self":[{"href":"https:\/\/www.tracea.ch\/en\/wp-json\/wp\/v2\/product\/30914","targetHints":{"allow":["GET"]}}],"collection":[{"href":"https:\/\/www.tracea.ch\/en\/wp-json\/wp\/v2\/product"}],"about":[{"href":"https:\/\/www.tracea.ch\/en\/wp-json\/wp\/v2\/types\/product"}],"replies":[{"embeddable":true,"href":"https:\/\/www.tracea.ch\/en\/wp-json\/wp\/v2\/comments?post=30914"}],"version-history":[{"count":1,"href":"https:\/\/www.tracea.ch\/en\/wp-json\/wp\/v2\/product\/30914\/revisions"}],"predecessor-version":[{"id":30915,"href":"https:\/\/www.tracea.ch\/en\/wp-json\/wp\/v2\/product\/30914\/revisions\/30915"}],"wp:attachment":[{"href":"https:\/\/www.tracea.ch\/en\/wp-json\/wp\/v2\/media?parent=30914"}],"wp:term":[{"taxonomy":"product_brand","embeddable":true,"href":"https:\/\/www.tracea.ch\/en\/wp-json\/wp\/v2\/product_brand?post=30914"},{"taxonomy":"product_cat","embeddable":true,"href":"https:\/\/www.tracea.ch\/en\/wp-json\/wp\/v2\/product_cat?post=30914"},{"taxonomy":"product_tag","embeddable":true,"href":"https:\/\/www.tracea.ch\/en\/wp-json\/wp\/v2\/product_tag?post=30914"}],"curies":[{"name":"wp","href":"https:\/\/api.w.org\/{rel}","templated":true}]}}

https://www.tracea.ch/boutique/non%20classé/womens-redmont-shorts-iv/

<p>Un short cool pour les chaudes journées d&rsquo;été ! Grâce à sa matière, le short urbain Redmont IV pour femmes offre un toucher frais sur la peau et accompagne tous les mouvements. Le short pour femmes est également confortable et décontracté grâce à sa taille élastique douce avec cordon de serrage et ses poches supplémentaires. Ce short est un compagnon de longue durée, facile d&rsquo;entretien et à la mode, pour le quotidien estival et les voyages en ville. Le label Green Shape de VAUDE garantit un produit écologique, fonctionnel et fabriqué dans des matériaux durables.</p>
<p><em>ceinture élastique réglable en largeur, 2 poches dans la découpe à l&rsquo;avant, 1 poche latérale avec fermeture éclair invisible</em></p>

<p>Short femme urbain avec chanvre pour jours de canicule en été #léger, rafraichissant et confortable #taille élastique avec cordon de serrage #en chanvre, polyester recyclé et élasthanne</p>
