{"id":31150,"date":"2026-07-07T22:58:59","date_gmt":"2026-07-07T22:58:59","guid":{"rendered":"https:\/\/www.tracea.ch\/boutique\/non%20class\u00e9\/mens-tekoa-shorts-iv\/"},"modified":"2026-07-07T22:59:54","modified_gmt":"2026-07-07T22:59:54","slug":"mens-tekoa-shorts-iv","status":"publish","type":"product","link":"https:\/\/www.tracea.ch\/en\/boutique\/mens-tekoa-shorts-iv\/","title":{"rendered":"Men&rsquo;s Tekoa Shorts IV"},"content":{"rendered":"<p>Il suffit de s&rsquo;y glisser pour se sentir bien et se lancer dans l&rsquo;aventure ! Le short Tekoa pour hommes \u00e0 la coupe d\u00e9contract\u00e9e est un compagnon polyvalent pour les sports de montagne. Le mat\u00e9riau l\u00e9ger et r\u00e9sistant offre un confort durable. Une taille r\u00e9glable assure un ajustement optimal, tandis que deux poches pour les mains et deux poches \u00e0 fermeture \u00e9clair offrent un espace de rangement pratique. Le label Green Shape de VAUDE garantit un produit \u00e9cologique, fonctionnel et fabriqu\u00e9 dans des mat\u00e9riaux durables.<\/p>\n<p><em>Ceinture r\u00e9glable en largeur gr\u00e2ce \u00e0 un velcro, 2 poches sur le devant, 2 poches zipp\u00e9es sur les jambes<\/em><\/p>","protected":false},"excerpt":{"rendered":"<p>Short l\u00e9ger et confortable homme pour le sport de montagne #mati\u00e8re \u00e9lastique #construction robuste #mati\u00e8re principale fabriqu\u00e9e par recyclage innovant de pneus usag\u00e9s sous utilisation d\u2019une m\u00e9thode de bilan massique<\/p>","protected":false},"featured_media":0,"comment_status":"closed","ping_status":"open","template":"","meta":[],"product_brand":[375],"product_cat":[213,574,216],"product_tag":[365,368,422,421],"class_list":["post-31150","product","type-product","status-publish","product_brand-vaude","product_cat-boutique","product_cat-pantalons","product_cat-vetements","product_tag-boutique","product_tag-vente","product_tag-vente-vetement","product_tag-vetement","pa_couleur-black","pa_couleur-dark-leaf","pa_couleur-heron","pa_couleur-purple-ash","pa_taille-441","pa_taille-459","pa_taille-469","pa_taille-472","pa_taille-587","pa_taille-543","first","instock","purchasable","product-type-variable"],"_links":{"self":[{"href":"https:\/\/www.tracea.ch\/en\/wp-json\/wp\/v2\/product\/31150","targetHints":{"allow":["GET"]}}],"collection":[{"href":"https:\/\/www.tracea.ch\/en\/wp-json\/wp\/v2\/product"}],"about":[{"href":"https:\/\/www.tracea.ch\/en\/wp-json\/wp\/v2\/types\/product"}],"replies":[{"embeddable":true,"href":"https:\/\/www.tracea.ch\/en\/wp-json\/wp\/v2\/comments?post=31150"}],"version-history":[{"count":1,"href":"https:\/\/www.tracea.ch\/en\/wp-json\/wp\/v2\/product\/31150\/revisions"}],"predecessor-version":[{"id":31151,"href":"https:\/\/www.tracea.ch\/en\/wp-json\/wp\/v2\/product\/31150\/revisions\/31151"}],"wp:attachment":[{"href":"https:\/\/www.tracea.ch\/en\/wp-json\/wp\/v2\/media?parent=31150"}],"wp:term":[{"taxonomy":"product_brand","embeddable":true,"href":"https:\/\/www.tracea.ch\/en\/wp-json\/wp\/v2\/product_brand?post=31150"},{"taxonomy":"product_cat","embeddable":true,"href":"https:\/\/www.tracea.ch\/en\/wp-json\/wp\/v2\/product_cat?post=31150"},{"taxonomy":"product_tag","embeddable":true,"href":"https:\/\/www.tracea.ch\/en\/wp-json\/wp\/v2\/product_tag?post=31150"}],"curies":[{"name":"wp","href":"https:\/\/api.w.org\/{rel}","templated":true}]}}

https://www.tracea.ch/boutique/non%20classé/mens-tekoa-shorts-iv/

<p>Il suffit de s&rsquo;y glisser pour se sentir bien et se lancer dans l&rsquo;aventure ! Le short Tekoa pour hommes à la coupe décontractée est un compagnon polyvalent pour les sports de montagne. Le matériau léger et résistant offre un confort durable. Une taille réglable assure un ajustement optimal, tandis que deux poches pour les mains et deux poches à fermeture éclair offrent un espace de rangement pratique. Le label Green Shape de VAUDE garantit un produit écologique, fonctionnel et fabriqué dans des matériaux durables.</p>
<p><em>Ceinture réglable en largeur grâce à un velcro, 2 poches sur le devant, 2 poches zippées sur les jambes</em></p>

<p>Short léger et confortable homme pour le sport de montagne #matière élastique #construction robuste #matière principale fabriquée par recyclage innovant de pneus usagés sous utilisation d’une méthode de bilan massique</p>
