{"id":31473,"date":"2026-07-07T23:07:10","date_gmt":"2026-07-07T23:07:10","guid":{"rendered":"https:\/\/www.tracea.ch\/boutique\/non%20class\u00e9\/mens-loamer-base-cord-shorts\/"},"modified":"2026-07-07T23:07:43","modified_gmt":"2026-07-07T23:07:43","slug":"mens-loamer-base-cord-shorts","status":"publish","type":"product","link":"https:\/\/www.tracea.ch\/en\/boutique\/mens-loamer-base-cord-shorts\/","title":{"rendered":"Men&rsquo;s Loamer Base Cord Shorts"},"content":{"rendered":"<p>Tout le monde en a, tout le monde les c\u00e9l\u00e8bre : Des pi\u00e8ces pr\u00e9f\u00e9r\u00e9es que l&rsquo;on aimerait tout simplement porter tous les jours. Le short de VTT Loamer Cord pour hommes a le potentiel pour devenir un de ces favoris. En effet, ils sont aussi \u00e0 l&rsquo;aise sur le trail qu&rsquo;en ville. La mati\u00e8re est \u00e0 elle seule synonyme de polyvalence maximale. Le velours c\u00f4tel\u00e9 ne convainc pas seulement par son design d\u00e9contract\u00e9, mais aussi par sa grande r\u00e9sistance. Un stretch encore plus robuste est utilis\u00e9 au niveau de la selle &#8211; la libert\u00e9 de mouvement du short de VTT Loamer Cord pour hommes est donc garantie. La taille partiellement \u00e9lastiqu\u00e9e avec des passants assure une tenue confortable. Et l&rsquo;espace de rangement ? Il y en a beaucoup : Deux poches ouvertes, une poche arri\u00e8re et une discr\u00e8te poche zipp\u00e9e sur la jambe gauche pour ranger en toute s\u00e9curit\u00e9 les objets de valeur comme l&rsquo;argent ou le smartphone. Le label Green Shape de VAUDE garantit un produit \u00e9cologique, fonctionnel et fabriqu\u00e9 dans des mat\u00e9riaux durables. En tant que membre Leader de l\u2019organisme ind\u00e9pendant Fair Wear, VAUDE s\u2019engage en faveur de conditions de travail et de salaires \u00e9quitables.<\/p>\n<p><em>parties en stretch, 1 poche lat\u00e9rale avec zip, 1 poche arri\u00e8re, 2 poches avec doublure en filet pour une bonne ventilation, ceinture avec passe-ceinture, ceinture en partie \u00e9lastique<\/em><\/p>","protected":false},"excerpt":{"rendered":"<p>Short VTT d\u00e9contract\u00e9 homme Cord MTB pour le trail, les sorties et le quotidien #mati\u00e8re c\u00f4tel\u00e9e robuste #4 poches pour un bel espace de rangement #mati\u00e8re principale essentiellement fabriqu\u00e9e en polyester recycl\u00e9<\/p>","protected":false},"featured_media":0,"comment_status":"closed","ping_status":"open","template":"","meta":[],"product_brand":[375],"product_cat":[213,574,216],"product_tag":[365,368,422,421],"class_list":["post-31473","product","type-product","status-publish","product_brand-vaude","product_cat-boutique","product_cat-pantalons","product_cat-vetements","product_tag-boutique","product_tag-vente","product_tag-vente-vetement","product_tag-vetement","pa_couleur-black","pa_couleur-deep-pond","pa_couleur-purple-ash","pa_taille-l","pa_taille-m","pa_taille-s","pa_taille-xl","pa_taille-xxl","first","instock","purchasable","product-type-variable"],"_links":{"self":[{"href":"https:\/\/www.tracea.ch\/en\/wp-json\/wp\/v2\/product\/31473","targetHints":{"allow":["GET"]}}],"collection":[{"href":"https:\/\/www.tracea.ch\/en\/wp-json\/wp\/v2\/product"}],"about":[{"href":"https:\/\/www.tracea.ch\/en\/wp-json\/wp\/v2\/types\/product"}],"replies":[{"embeddable":true,"href":"https:\/\/www.tracea.ch\/en\/wp-json\/wp\/v2\/comments?post=31473"}],"version-history":[{"count":1,"href":"https:\/\/www.tracea.ch\/en\/wp-json\/wp\/v2\/product\/31473\/revisions"}],"predecessor-version":[{"id":31474,"href":"https:\/\/www.tracea.ch\/en\/wp-json\/wp\/v2\/product\/31473\/revisions\/31474"}],"wp:attachment":[{"href":"https:\/\/www.tracea.ch\/en\/wp-json\/wp\/v2\/media?parent=31473"}],"wp:term":[{"taxonomy":"product_brand","embeddable":true,"href":"https:\/\/www.tracea.ch\/en\/wp-json\/wp\/v2\/product_brand?post=31473"},{"taxonomy":"product_cat","embeddable":true,"href":"https:\/\/www.tracea.ch\/en\/wp-json\/wp\/v2\/product_cat?post=31473"},{"taxonomy":"product_tag","embeddable":true,"href":"https:\/\/www.tracea.ch\/en\/wp-json\/wp\/v2\/product_tag?post=31473"}],"curies":[{"name":"wp","href":"https:\/\/api.w.org\/{rel}","templated":true}]}}

https://www.tracea.ch/boutique/non%20classé/mens-loamer-base-cord-shorts/

<p>Tout le monde en a, tout le monde les célèbre : Des pièces préférées que l&rsquo;on aimerait tout simplement porter tous les jours. Le short de VTT Loamer Cord pour hommes a le potentiel pour devenir un de ces favoris. En effet, ils sont aussi à l&rsquo;aise sur le trail qu&rsquo;en ville. La matière est à elle seule synonyme de polyvalence maximale. Le velours côtelé ne convainc pas seulement par son design décontracté, mais aussi par sa grande résistance. Un stretch encore plus robuste est utilisé au niveau de la selle &#8211; la liberté de mouvement du short de VTT Loamer Cord pour hommes est donc garantie. La taille partiellement élastiquée avec des passants assure une tenue confortable. Et l&rsquo;espace de rangement ? Il y en a beaucoup : Deux poches ouvertes, une poche arrière et une discrète poche zippée sur la jambe gauche pour ranger en toute sécurité les objets de valeur comme l&rsquo;argent ou le smartphone. Le label Green Shape de VAUDE garantit un produit écologique, fonctionnel et fabriqué dans des matériaux durables. En tant que membre Leader de l’organisme indépendant Fair Wear, VAUDE s’engage en faveur de conditions de travail et de salaires équitables.</p>
<p><em>parties en stretch, 1 poche latérale avec zip, 1 poche arrière, 2 poches avec doublure en filet pour une bonne ventilation, ceinture avec passe-ceinture, ceinture en partie élastique</em></p>

<p>Short VTT décontracté homme Cord MTB pour le trail, les sorties et le quotidien #matière côtelée robuste #4 poches pour un bel espace de rangement #matière principale essentiellement fabriquée en polyester recyclé</p>
