{"id":32354,"date":"2026-07-07T23:37:11","date_gmt":"2026-07-07T23:37:11","guid":{"rendered":"https:\/\/www.tracea.ch\/boutique\/non%20class\u00e9\/mens-tesero-pullover-ii\/"},"modified":"2026-07-07T23:38:06","modified_gmt":"2026-07-07T23:38:06","slug":"mens-tesero-pullover-ii","status":"publish","type":"product","link":"https:\/\/www.tracea.ch\/en\/boutique\/mens-tesero-pullover-ii\/","title":{"rendered":"Men&rsquo;s Tesero Pullover II"},"content":{"rendered":"<p>Rester au chaud tout en pr\u00e9sentant une allure d\u00e9contract\u00e9e\u00a0: ce pull homme Tesero est bien moelleux pour les jours froids. La coupe ample, le zip court, le bel aspect tricot\u00e9 et le tissu fonctionnel font du pull homme un vrai multitalent. Et ce en montagne comme couche interm\u00e9diaire sous la veste de protection contre les intemp\u00e9ries ou au quotidien comme couche chauffante. Le haut col montant prot\u00e8ge bien le cou. Le label Green Shape de VAUDE garantit un produit \u00e9cologique, fonctionnel et fabriqu\u00e9 dans des mat\u00e9riaux durables certifi\u00e9s bluesign\u00ae.<\/p>\n<p><em>col montant avec zip court<\/em><\/p>","protected":false},"excerpt":{"rendered":"<p>Pull homme pratique pour la randonn\u00e9e et les voyages #avec col montant et zip court #bel aspect tricot\u00e9 #mati\u00e8re principale fabriqu\u00e9e \u00e0 100&nbsp;% en polyester recycl\u00e9<\/p>","protected":false},"featured_media":24892,"comment_status":"closed","ping_status":"open","template":"","meta":[],"product_brand":[375],"product_cat":[213,670,671,216],"product_tag":[365,368,422,421],"class_list":["post-32354","product","type-product","status-publish","has-post-thumbnail","product_brand-vaude","product_cat-boutique","product_cat-hoodies","product_cat-pull-et-sweat","product_cat-vetements","product_tag-boutique","product_tag-vente","product_tag-vente-vetement","product_tag-vetement","pa_couleur-black","pa_couleur-dark-sea","pa_couleur-khaki","pa_couleur-tobacco","pa_taille-l","pa_taille-m","pa_taille-s","pa_taille-xl","pa_taille-xxl","pa_taille-xxxl","first","instock","purchasable","product-type-variable"],"_links":{"self":[{"href":"https:\/\/www.tracea.ch\/en\/wp-json\/wp\/v2\/product\/32354","targetHints":{"allow":["GET"]}}],"collection":[{"href":"https:\/\/www.tracea.ch\/en\/wp-json\/wp\/v2\/product"}],"about":[{"href":"https:\/\/www.tracea.ch\/en\/wp-json\/wp\/v2\/types\/product"}],"replies":[{"embeddable":true,"href":"https:\/\/www.tracea.ch\/en\/wp-json\/wp\/v2\/comments?post=32354"}],"version-history":[{"count":1,"href":"https:\/\/www.tracea.ch\/en\/wp-json\/wp\/v2\/product\/32354\/revisions"}],"predecessor-version":[{"id":32355,"href":"https:\/\/www.tracea.ch\/en\/wp-json\/wp\/v2\/product\/32354\/revisions\/32355"}],"wp:featuredmedia":[{"embeddable":true,"href":"https:\/\/www.tracea.ch\/en\/wp-json\/wp\/v2\/media\/24892"}],"wp:attachment":[{"href":"https:\/\/www.tracea.ch\/en\/wp-json\/wp\/v2\/media?parent=32354"}],"wp:term":[{"taxonomy":"product_brand","embeddable":true,"href":"https:\/\/www.tracea.ch\/en\/wp-json\/wp\/v2\/product_brand?post=32354"},{"taxonomy":"product_cat","embeddable":true,"href":"https:\/\/www.tracea.ch\/en\/wp-json\/wp\/v2\/product_cat?post=32354"},{"taxonomy":"product_tag","embeddable":true,"href":"https:\/\/www.tracea.ch\/en\/wp-json\/wp\/v2\/product_tag?post=32354"}],"curies":[{"name":"wp","href":"https:\/\/api.w.org\/{rel}","templated":true}]}}

https://www.tracea.ch/boutique/non%20classé/mens-tesero-pullover-ii/

<p>Rester au chaud tout en présentant une allure décontractée : ce pull homme Tesero est bien moelleux pour les jours froids. La coupe ample, le zip court, le bel aspect tricoté et le tissu fonctionnel font du pull homme un vrai multitalent. Et ce en montagne comme couche intermédiaire sous la veste de protection contre les intempéries ou au quotidien comme couche chauffante. Le haut col montant protège bien le cou. Le label Green Shape de VAUDE garantit un produit écologique, fonctionnel et fabriqué dans des matériaux durables certifiés bluesign®.</p>
<p><em>col montant avec zip court</em></p>

<p>Pull homme pratique pour la randonnée et les voyages #avec col montant et zip court #bel aspect tricoté #matière principale fabriquée à 100&nbsp;% en polyester recyclé</p>
