{"id":33927,"date":"2026-07-08T00:23:48","date_gmt":"2026-07-08T00:23:48","guid":{"rendered":"https:\/\/www.tracea.ch\/boutique\/non%20class\u00e9\/mens-moab-ls-t-shirt-vi\/"},"modified":"2026-07-08T00:25:27","modified_gmt":"2026-07-08T00:25:27","slug":"mens-moab-ls-t-shirt-vi","status":"publish","type":"product","link":"https:\/\/www.tracea.ch\/en\/boutique\/mens-moab-ls-t-shirt-vi\/","title":{"rendered":"Men&rsquo;s Moab LS T-Shirt VI"},"content":{"rendered":"<p>Le maillot \u00e0 la coupe d\u00e9contract\u00e9e, l\u00e9ger, tr\u00e8s \u00e9lastique et respirant, assure le transport optimal de l&rsquo;humidit\u00e9 tout en offrant une excellente libert\u00e9 de mouvement. Le haut des bras et le dos sont dot\u00e9s de mesh respirant pour assurer une parfaite circulation de l&rsquo;air. Le maillot \u00e0 manches longues est fabriqu\u00e9 en polyester 100&nbsp;% recycl\u00e9 et fait sensation avec son look color block et l&rsquo;imprim\u00e9 d\u00e9coratif, accompagn\u00e9 ou non du short Moab Shorts IV assorti. Le label Green Shape de VAUDE garantit un produit \u00e9cologique, fonctionnel et fabriqu\u00e9 dans des mat\u00e9riaux durables.<\/p>\n<p><em>manches pr\u00e9form\u00e9es, parties en mati\u00e8re mesh \u00e0 tissage dense pour un meilleur climat corporel, d\u00e9collet\u00e9 rond, colourblock, avec imprim\u00e9<\/em><\/p>","protected":false},"excerpt":{"rendered":"<p>Maillot respirant \u00e0 manches longues pour les adeptes du trail #l\u00e9ger et \u00e0 s\u00e9chage rapide #\u00e9lastique et en mati\u00e8re r\u00e9sistante #fabrication \u00e9cologique<\/p>","protected":false},"featured_media":21205,"comment_status":"closed","ping_status":"open","template":"","meta":[],"product_brand":[375],"product_cat":[213,677,216],"product_tag":[365,368,422,421],"class_list":["post-33927","product","type-product","status-publish","has-post-thumbnail","product_brand-vaude","product_cat-boutique","product_cat-t-shirt","product_cat-vetements","product_tag-boutique","product_tag-vente","product_tag-vente-vetement","product_tag-vetement","pa_couleur-agave","pa_couleur-dark-leaf","pa_couleur-deep-pond","pa_couleur-glowing-red-black","pa_couleur-heron","pa_couleur-kurkuma","pa_couleur-linen","pa_taille-l","pa_taille-m","pa_taille-s","pa_taille-xl","pa_taille-xxl","first","instock","purchasable","product-type-variable"],"_links":{"self":[{"href":"https:\/\/www.tracea.ch\/en\/wp-json\/wp\/v2\/product\/33927","targetHints":{"allow":["GET"]}}],"collection":[{"href":"https:\/\/www.tracea.ch\/en\/wp-json\/wp\/v2\/product"}],"about":[{"href":"https:\/\/www.tracea.ch\/en\/wp-json\/wp\/v2\/types\/product"}],"replies":[{"embeddable":true,"href":"https:\/\/www.tracea.ch\/en\/wp-json\/wp\/v2\/comments?post=33927"}],"version-history":[{"count":1,"href":"https:\/\/www.tracea.ch\/en\/wp-json\/wp\/v2\/product\/33927\/revisions"}],"predecessor-version":[{"id":33928,"href":"https:\/\/www.tracea.ch\/en\/wp-json\/wp\/v2\/product\/33927\/revisions\/33928"}],"wp:featuredmedia":[{"embeddable":true,"href":"https:\/\/www.tracea.ch\/en\/wp-json\/wp\/v2\/media\/21205"}],"wp:attachment":[{"href":"https:\/\/www.tracea.ch\/en\/wp-json\/wp\/v2\/media?parent=33927"}],"wp:term":[{"taxonomy":"product_brand","embeddable":true,"href":"https:\/\/www.tracea.ch\/en\/wp-json\/wp\/v2\/product_brand?post=33927"},{"taxonomy":"product_cat","embeddable":true,"href":"https:\/\/www.tracea.ch\/en\/wp-json\/wp\/v2\/product_cat?post=33927"},{"taxonomy":"product_tag","embeddable":true,"href":"https:\/\/www.tracea.ch\/en\/wp-json\/wp\/v2\/product_tag?post=33927"}],"curies":[{"name":"wp","href":"https:\/\/api.w.org\/{rel}","templated":true}]}}

https://www.tracea.ch/boutique/non%20classé/mens-moab-ls-t-shirt-vi/

<p>Le maillot à la coupe décontractée, léger, très élastique et respirant, assure le transport optimal de l&rsquo;humidité tout en offrant une excellente liberté de mouvement. Le haut des bras et le dos sont dotés de mesh respirant pour assurer une parfaite circulation de l&rsquo;air. Le maillot à manches longues est fabriqué en polyester 100&nbsp;% recyclé et fait sensation avec son look color block et l&rsquo;imprimé décoratif, accompagné ou non du short Moab Shorts IV assorti. Le label Green Shape de VAUDE garantit un produit écologique, fonctionnel et fabriqué dans des matériaux durables.</p>
<p><em>manches préformées, parties en matière mesh à tissage dense pour un meilleur climat corporel, décolleté rond, colourblock, avec imprimé</em></p>

<p>Maillot respirant à manches longues pour les adeptes du trail #léger et à séchage rapide #élastique et en matière résistante #fabrication écologique</p>
