{"id":35307,"date":"2026-07-08T01:03:32","date_gmt":"2026-07-08T01:03:32","guid":{"rendered":"https:\/\/www.tracea.ch\/boutique\/non%20class\u00e9\/mens-gleann-t-shirt-ii\/"},"modified":"2026-07-08T01:07:10","modified_gmt":"2026-07-08T01:07:10","slug":"mens-gleann-t-shirt-ii","status":"publish","type":"product","link":"https:\/\/www.tracea.ch\/en\/boutique\/mens-gleann-t-shirt-ii\/","title":{"rendered":"Men&rsquo;s Gleann T-Shirt II"},"content":{"rendered":"<p>Le t-shirt Gleann pour homme est un basique pour l&rsquo;\u00e9t\u00e9. Il se porte tant lors du sport de montagne, que sur les circuits de trekking, en voyage ou au quotidien et fait toujours sensation. La mati\u00e8re douce et \u00e9lastique est agr\u00e9able au toucher et ne pince nulle part. Une amplitude de mouvement optimale est ainsi garantie lors de toute activit\u00e9 possible. Le tissu l\u00e9ger est facile d&rsquo;entretien et s\u00e8che en un rien de temps, ce qui s&rsquo;av\u00e8re tr\u00e8s pratique sur les circuits de plusieurs jours. Le col rond et l&rsquo;imprim\u00e9 sur la poitrine lui conf\u00e8rent un look moderne. Question durabilit\u00e9, le t-shirt homme n&rsquo;est pas non plus en reste d&rsquo;argument. Sa coupe est d&rsquo;une part dessin\u00e9e pour consommer le moins de mati\u00e8re possible. D&rsquo;autre part, il est principalement compos\u00e9 de bouteilles PET recycl\u00e9es. Le label Green Shape de VAUDE garantit un produit \u00e9cologique, fonctionnel et fabriqu\u00e9 dans des mat\u00e9riaux durables certifi\u00e9s bluesign\u00ae.<\/p>\n<p><em><\/em><\/p>","protected":false},"excerpt":{"rendered":"<p>T-shirt homme pratique pour la randonn\u00e9e et le voyage #facile d&rsquo;entretien et \u00e0 s\u00e9chage rapide #mati\u00e8re \u00e9lastique pour lib\u00e9rer le mouvement #fabrication principale en mat\u00e9riaux recycl\u00e9s<\/p>","protected":false},"featured_media":24245,"comment_status":"closed","ping_status":"open","template":"","meta":[],"product_brand":[375],"product_cat":[213,677,216],"product_tag":[365,368,422,421],"class_list":["post-35307","product","type-product","status-publish","has-post-thumbnail","product_brand-vaude","product_cat-boutique","product_cat-t-shirt","product_cat-vetements","product_tag-boutique","product_tag-vente","product_tag-vente-vetement","product_tag-vetement","pa_couleur-baltic-sea-uni","pa_couleur-baltic-sea-blue","pa_couleur-black","pa_couleur-black-heron","pa_couleur-dark-leaf","pa_couleur-dark-sea","pa_couleur-dusty-fern","pa_couleur-ecru","pa_couleur-heron","pa_couleur-heron-uni","pa_couleur-kumquat","pa_couleur-light-leaf","pa_couleur-mars-red","pa_couleur-purple-ash","pa_couleur-redeva","pa_taille-l","pa_taille-m","pa_taille-s","pa_taille-xl","pa_taille-xxl","pa_taille-xxxl","first","instock","purchasable","product-type-variable"],"_links":{"self":[{"href":"https:\/\/www.tracea.ch\/en\/wp-json\/wp\/v2\/product\/35307","targetHints":{"allow":["GET"]}}],"collection":[{"href":"https:\/\/www.tracea.ch\/en\/wp-json\/wp\/v2\/product"}],"about":[{"href":"https:\/\/www.tracea.ch\/en\/wp-json\/wp\/v2\/types\/product"}],"replies":[{"embeddable":true,"href":"https:\/\/www.tracea.ch\/en\/wp-json\/wp\/v2\/comments?post=35307"}],"version-history":[{"count":1,"href":"https:\/\/www.tracea.ch\/en\/wp-json\/wp\/v2\/product\/35307\/revisions"}],"predecessor-version":[{"id":35308,"href":"https:\/\/www.tracea.ch\/en\/wp-json\/wp\/v2\/product\/35307\/revisions\/35308"}],"wp:featuredmedia":[{"embeddable":true,"href":"https:\/\/www.tracea.ch\/en\/wp-json\/wp\/v2\/media\/24245"}],"wp:attachment":[{"href":"https:\/\/www.tracea.ch\/en\/wp-json\/wp\/v2\/media?parent=35307"}],"wp:term":[{"taxonomy":"product_brand","embeddable":true,"href":"https:\/\/www.tracea.ch\/en\/wp-json\/wp\/v2\/product_brand?post=35307"},{"taxonomy":"product_cat","embeddable":true,"href":"https:\/\/www.tracea.ch\/en\/wp-json\/wp\/v2\/product_cat?post=35307"},{"taxonomy":"product_tag","embeddable":true,"href":"https:\/\/www.tracea.ch\/en\/wp-json\/wp\/v2\/product_tag?post=35307"}],"curies":[{"name":"wp","href":"https:\/\/api.w.org\/{rel}","templated":true}]}}

https://www.tracea.ch/boutique/non%20classé/mens-gleann-t-shirt-ii/

<p>Le t-shirt Gleann pour homme est un basique pour l&rsquo;été. Il se porte tant lors du sport de montagne, que sur les circuits de trekking, en voyage ou au quotidien et fait toujours sensation. La matière douce et élastique est agréable au toucher et ne pince nulle part. Une amplitude de mouvement optimale est ainsi garantie lors de toute activité possible. Le tissu léger est facile d&rsquo;entretien et sèche en un rien de temps, ce qui s&rsquo;avère très pratique sur les circuits de plusieurs jours. Le col rond et l&rsquo;imprimé sur la poitrine lui confèrent un look moderne. Question durabilité, le t-shirt homme n&rsquo;est pas non plus en reste d&rsquo;argument. Sa coupe est d&rsquo;une part dessinée pour consommer le moins de matière possible. D&rsquo;autre part, il est principalement composé de bouteilles PET recyclées. Le label Green Shape de VAUDE garantit un produit écologique, fonctionnel et fabriqué dans des matériaux durables certifiés bluesign®.</p>
<p><em></em></p>

<p>T-shirt homme pratique pour la randonnée et le voyage #facile d&rsquo;entretien et à séchage rapide #matière élastique pour libérer le mouvement #fabrication principale en matériaux recyclés</p>
