{"id":37799,"date":"2026-07-08T02:15:31","date_gmt":"2026-07-08T02:15:31","guid":{"rendered":"https:\/\/www.tracea.ch\/boutique\/non%20class\u00e9\/womens-matera-top\/"},"modified":"2026-07-08T02:16:47","modified_gmt":"2026-07-08T02:16:47","slug":"womens-matera-top","status":"publish","type":"product","link":"https:\/\/www.tracea.ch\/en\/boutique\/womens-matera-top\/","title":{"rendered":"Women&rsquo;s Matera Top"},"content":{"rendered":"<p>Vivement l&rsquo;\u00e9t\u00e9 sur la selle de v\u00e9lo\u00a0! Le haut multifonction Matera pour femme sait affronter les grandes chaleurs. Ce haut \u00e0 la coupe plus ample a \u00e9t\u00e9 sp\u00e9cialement con\u00e7u pour les cyclistes sportives qui enfourchent leur v\u00e9lo aussi lors des jours de canicule. Il s\u00e9duit par son look sympa et flashy, ses bretelles enveloppantes et confortables et son tissu \u00e0 s\u00e9chage rapide en polyester recycl\u00e9, agr\u00e9ablement doux sur la peau et permettant d&rsquo;\u00e9vacuer rapidement humidit\u00e9. Un mesh doux nid d&rsquo;abeille est int\u00e9gr\u00e9 aux c\u00f4t\u00e9s pour am\u00e9liorer l&rsquo;a\u00e9ration. 2\u00a0poches ouvertes int\u00e9gr\u00e9es au dos et le logo VAUDE d\u00e9coratif compl\u00e8tent le look cycliste de ce haut femme polyvalent. Le label Green Shape de VAUDE garantit un produit \u00e9cologique, fonctionnel et fabriqu\u00e9 dans des mat\u00e9riaux durables certifi\u00e9s bluesign\u00ae. En tant que membre Leader de l&rsquo;organisme ind\u00e9pendant Fair Wear, VAUDE s&rsquo;engage en faveur de conditions de travail et de salaires \u00e9quitables.<\/p>\n<p><em>2 poches dorsales, parties en filet dans le dos<\/em><\/p>","protected":false},"excerpt":{"rendered":"<p>Haut cycliste sportif pour femme #l\u00e9ger, respirant et \u00e0 s\u00e9chage rapide #poches int\u00e9gr\u00e9es #fabrication \u00e9cologique et principale en mat\u00e9riau recycl\u00e9<\/p>","protected":false},"featured_media":22888,"comment_status":"closed","ping_status":"open","template":"","meta":[],"product_brand":[375],"product_cat":[213,704,216],"product_tag":[365,368,422,421],"class_list":["post-37799","product","type-product","status-publish","has-post-thumbnail","product_brand-vaude","product_cat-boutique","product_cat-top","product_cat-vetements","product_tag-boutique","product_tag-vente","product_tag-vente-vetement","product_tag-vetement","pa_couleur-cassis-uni","pa_couleur-dark-oak","pa_couleur-dusty-fern","pa_couleur-ete-blue","pa_couleur-raspberry","pa_couleur-willow-green","pa_taille-466","pa_taille-436","pa_taille-437","pa_taille-438","pa_taille-439","pa_taille-440","first","instock","purchasable","product-type-variable"],"_links":{"self":[{"href":"https:\/\/www.tracea.ch\/en\/wp-json\/wp\/v2\/product\/37799","targetHints":{"allow":["GET"]}}],"collection":[{"href":"https:\/\/www.tracea.ch\/en\/wp-json\/wp\/v2\/product"}],"about":[{"href":"https:\/\/www.tracea.ch\/en\/wp-json\/wp\/v2\/types\/product"}],"replies":[{"embeddable":true,"href":"https:\/\/www.tracea.ch\/en\/wp-json\/wp\/v2\/comments?post=37799"}],"version-history":[{"count":1,"href":"https:\/\/www.tracea.ch\/en\/wp-json\/wp\/v2\/product\/37799\/revisions"}],"predecessor-version":[{"id":37800,"href":"https:\/\/www.tracea.ch\/en\/wp-json\/wp\/v2\/product\/37799\/revisions\/37800"}],"wp:featuredmedia":[{"embeddable":true,"href":"https:\/\/www.tracea.ch\/en\/wp-json\/wp\/v2\/media\/22888"}],"wp:attachment":[{"href":"https:\/\/www.tracea.ch\/en\/wp-json\/wp\/v2\/media?parent=37799"}],"wp:term":[{"taxonomy":"product_brand","embeddable":true,"href":"https:\/\/www.tracea.ch\/en\/wp-json\/wp\/v2\/product_brand?post=37799"},{"taxonomy":"product_cat","embeddable":true,"href":"https:\/\/www.tracea.ch\/en\/wp-json\/wp\/v2\/product_cat?post=37799"},{"taxonomy":"product_tag","embeddable":true,"href":"https:\/\/www.tracea.ch\/en\/wp-json\/wp\/v2\/product_tag?post=37799"}],"curies":[{"name":"wp","href":"https:\/\/api.w.org\/{rel}","templated":true}]}}

https://www.tracea.ch/boutique/non%20classé/womens-matera-top/

<p>Vivement l&rsquo;été sur la selle de vélo ! Le haut multifonction Matera pour femme sait affronter les grandes chaleurs. Ce haut à la coupe plus ample a été spécialement conçu pour les cyclistes sportives qui enfourchent leur vélo aussi lors des jours de canicule. Il séduit par son look sympa et flashy, ses bretelles enveloppantes et confortables et son tissu à séchage rapide en polyester recyclé, agréablement doux sur la peau et permettant d&rsquo;évacuer rapidement humidité. Un mesh doux nid d&rsquo;abeille est intégré aux côtés pour améliorer l&rsquo;aération. 2 poches ouvertes intégrées au dos et le logo VAUDE décoratif complètent le look cycliste de ce haut femme polyvalent. Le label Green Shape de VAUDE garantit un produit écologique, fonctionnel et fabriqué dans des matériaux durables certifiés bluesign®. En tant que membre Leader de l&rsquo;organisme indépendant Fair Wear, VAUDE s&rsquo;engage en faveur de conditions de travail et de salaires équitables.</p>
<p><em>2 poches dorsales, parties en filet dans le dos</em></p>

<p>Haut cycliste sportif pour femme #léger, respirant et à séchage rapide #poches intégrées #fabrication écologique et principale en matériau recyclé</p>
