{"id":44804,"date":"2026-07-08T11:55:03","date_gmt":"2026-07-08T11:55:03","guid":{"rendered":"https:\/\/www.tracea.ch\/boutique\/non%20class\u00e9\/mens-rienza-jacket-iii\/"},"modified":"2026-07-08T11:56:46","modified_gmt":"2026-07-08T11:56:46","slug":"mens-rienza-jacket-iii","status":"publish","type":"product","link":"https:\/\/www.tracea.ch\/en\/boutique\/mens-rienza-jacket-iii\/","title":{"rendered":"Men&rsquo;s Rienza Jacket III"},"content":{"rendered":"<p>Cette veste polaire pour homme d&rsquo;aspect tricot\u00e9 \u00e0 la mode est la tenue id\u00e9ale quand le mercure redescend \u00e0 la cave. La mati\u00e8re polaire \u00e9cologique qui est fabriqu\u00e9e \u00e0 100% en bouteilles PET recycl\u00e9es tient aussi au chaud et au sec lors des efforts intenses. Ce faisant, la polaire est agr\u00e9able et tr\u00e8s r\u00e9sistante. La veste polaire pour homme ne serre pas et peut se porter en couche thermique sous une veste de pluie ou d&rsquo;hiver, mais aussi en solo lors d&rsquo;une randonn\u00e9e en automne. Les coutures plates aux \u00e9paules de la veste Rienza Jacket III assurent un haut confort au porter, m\u00eame avec le port d&rsquo;un sac \u00e0 dos. Les deux poches zipp\u00e9es lat\u00e9rales de la veste polaire homme r\u00e9chauffent les mains tout en abritant des petites affaires. Le cordon de serrage dans l&rsquo;ourlet est r\u00e9glable \u00e0 travers les poches, des poignets \u00e9lastiques assurent un maintien optimal. Le label Green Shape de VAUDE garantit un produit \u00e9cologique, fonctionnel et fabriqu\u00e9 dans des mat\u00e9riaux durables certifi\u00e9s bluesign\u00ae. En tant que membre \u00e9lev\u00e9 au rang de Leader de l&rsquo;organisme ind\u00e9pendant Fair Wear, VAUDE s&rsquo;engage en faveur de conditions de travail et de salaires \u00e9quitables.<\/p>\n<p><em>zip frontal avec rabat int\u00e9rieur, 2 poches frontales avec fermeture \u00e9clair, coutures flatlock, poignets \u00e9lastiques, cordon \u00e0 la ceinture r\u00e9glable par les poches<\/em><\/p>","protected":false},"excerpt":{"rendered":"<p>Veste polaire homme confortable et chaude pour la randonn\u00e9e #tient agr\u00e9ablement chaud en randonn\u00e9e #s\u00e9chage rapide et r\u00e9sistance#fabrication \u00e9cologique \u00e0 partir de bouteilles PET recycl\u00e9es<\/p>","protected":false},"featured_media":22439,"comment_status":"closed","ping_status":"open","template":"","meta":[],"product_brand":[375],"product_cat":[213,709,216],"product_tag":[365,368,422,421],"class_list":["post-44804","product","type-product","status-publish","has-post-thumbnail","product_brand-vaude","product_cat-boutique","product_cat-veste","product_cat-vetements","product_tag-boutique","product_tag-vente","product_tag-vente-vetement","product_tag-vetement","pa_couleur-black","pa_couleur-dark-sea","pa_couleur-khaki","pa_couleur-oat","pa_couleur-savanna","pa_couleur-tobacco","pa_taille-l","pa_taille-m","pa_taille-s","pa_taille-xl","pa_taille-xxl","pa_taille-xxxl","pa_taille-xxxxl","first","instock","purchasable","product-type-variable"],"_links":{"self":[{"href":"https:\/\/www.tracea.ch\/en\/wp-json\/wp\/v2\/product\/44804","targetHints":{"allow":["GET"]}}],"collection":[{"href":"https:\/\/www.tracea.ch\/en\/wp-json\/wp\/v2\/product"}],"about":[{"href":"https:\/\/www.tracea.ch\/en\/wp-json\/wp\/v2\/types\/product"}],"replies":[{"embeddable":true,"href":"https:\/\/www.tracea.ch\/en\/wp-json\/wp\/v2\/comments?post=44804"}],"version-history":[{"count":1,"href":"https:\/\/www.tracea.ch\/en\/wp-json\/wp\/v2\/product\/44804\/revisions"}],"predecessor-version":[{"id":44805,"href":"https:\/\/www.tracea.ch\/en\/wp-json\/wp\/v2\/product\/44804\/revisions\/44805"}],"wp:featuredmedia":[{"embeddable":true,"href":"https:\/\/www.tracea.ch\/en\/wp-json\/wp\/v2\/media\/22439"}],"wp:attachment":[{"href":"https:\/\/www.tracea.ch\/en\/wp-json\/wp\/v2\/media?parent=44804"}],"wp:term":[{"taxonomy":"product_brand","embeddable":true,"href":"https:\/\/www.tracea.ch\/en\/wp-json\/wp\/v2\/product_brand?post=44804"},{"taxonomy":"product_cat","embeddable":true,"href":"https:\/\/www.tracea.ch\/en\/wp-json\/wp\/v2\/product_cat?post=44804"},{"taxonomy":"product_tag","embeddable":true,"href":"https:\/\/www.tracea.ch\/en\/wp-json\/wp\/v2\/product_tag?post=44804"}],"curies":[{"name":"wp","href":"https:\/\/api.w.org\/{rel}","templated":true}]}}

https://www.tracea.ch/boutique/non%20classé/mens-rienza-jacket-iii/

<p>Cette veste polaire pour homme d&rsquo;aspect tricoté à la mode est la tenue idéale quand le mercure redescend à la cave. La matière polaire écologique qui est fabriquée à 100% en bouteilles PET recyclées tient aussi au chaud et au sec lors des efforts intenses. Ce faisant, la polaire est agréable et très résistante. La veste polaire pour homme ne serre pas et peut se porter en couche thermique sous une veste de pluie ou d&rsquo;hiver, mais aussi en solo lors d&rsquo;une randonnée en automne. Les coutures plates aux épaules de la veste Rienza Jacket III assurent un haut confort au porter, même avec le port d&rsquo;un sac à dos. Les deux poches zippées latérales de la veste polaire homme réchauffent les mains tout en abritant des petites affaires. Le cordon de serrage dans l&rsquo;ourlet est réglable à travers les poches, des poignets élastiques assurent un maintien optimal. Le label Green Shape de VAUDE garantit un produit écologique, fonctionnel et fabriqué dans des matériaux durables certifiés bluesign®. En tant que membre élevé au rang de Leader de l&rsquo;organisme indépendant Fair Wear, VAUDE s&rsquo;engage en faveur de conditions de travail et de salaires équitables.</p>
<p><em>zip frontal avec rabat intérieur, 2 poches frontales avec fermeture éclair, coutures flatlock, poignets élastiques, cordon à la ceinture réglable par les poches</em></p>

<p>Veste polaire homme confortable et chaude pour la randonnée #tient agréablement chaud en randonnée #séchage rapide et résistance#fabrication écologique à partir de bouteilles PET recyclées</p>
