{"id":45197,"date":"2026-07-08T12:08:08","date_gmt":"2026-07-08T12:08:08","guid":{"rendered":"https:\/\/www.tracea.ch\/boutique\/non%20class\u00e9\/mens-monviso-hooded-grid-fleece-jacket\/"},"modified":"2026-07-08T12:08:50","modified_gmt":"2026-07-08T12:08:50","slug":"mens-monviso-hooded-grid-fleece-jacket","status":"publish","type":"product","link":"https:\/\/www.tracea.ch\/en\/boutique\/mens-monviso-hooded-grid-fleece-jacket\/","title":{"rendered":"Men&rsquo;s Monviso Hooded Grid Fleece Jacket"},"content":{"rendered":"<p>Port\u00e9e en solo ou selon le principe de superposition, en randonn\u00e9es \u00e0 ski ou de montagne, la veste polaire homme comptera d\u00e9finitivement parmi les basiques de son \u00e9quipement! Car on s&rsquo;y sent bien au chaud et au sec face \u00e0 tous les caprices de la m\u00e9t\u00e9o! La structure gaufr\u00e9e bouffante et douce assure une tr\u00e8s bonne \u00e9vacuation de l&rsquo;humidit\u00e9 et une l\u00e9g\u00e8re isolation par r\u00e9tention d&rsquo;air . La mati\u00e8re polaire recycl\u00e9e est tr\u00e8s \u00e9lastique et accompagne tous les mouvements. Les poches en biais zipp\u00e9es sont dispos\u00e9es plus haut et s&rsquo;utilisent ais\u00e9ment malgr\u00e9 le port d&rsquo;un sac \u00e0 dos rehauss\u00e9 et d&rsquo;un harnais. Sa coupe sportive et les bords doux et \u00e9lastiques au niveau de la capuche et des manches permettent d&rsquo;ajuster le v\u00eatement. La capuche ajust\u00e9e se glisse aussi sous le casque. Avec passe-pouces pratiques. En tant que membre \u00e9lev\u00e9 au rang de Leader de l&rsquo;organisme ind\u00e9pendant Fair Wear, VAUDE s&rsquo;engage en faveur de conditions de travail et de salaires \u00e9quitables.<\/p>\n<p><em>capuche mont\u00e9e, zip frontal avec rabat int\u00e9rieur, 2 poches frontales avec fermeture \u00e9clair, avec lani\u00e8re pour le pouce<\/em><\/p>","protected":false},"excerpt":{"rendered":"<p>Veste polaire \u00e9lastique homme pour la randonn\u00e9e \u00e0 ski et l&rsquo;escalade #chaude, r\u00e9gule l&rsquo;humidit\u00e9 et s\u00e8che rapidement #poches compatibles avec le port d&rsquo;un harnais et d&rsquo;un sac \u00e0 dos #fabrication \u00e9cologique en mat\u00e9riau recycl\u00e9<\/p>","protected":false},"featured_media":22613,"comment_status":"closed","ping_status":"open","template":"","meta":[],"product_brand":[375],"product_cat":[213,709,216],"product_tag":[365,368,422,421],"class_list":["post-45197","product","type-product","status-publish","has-post-thumbnail","product_brand-vaude","product_cat-boutique","product_cat-veste","product_cat-vetements","product_tag-boutique","product_tag-vente","product_tag-vente-vetement","product_tag-vetement","pa_couleur-carmine","pa_couleur-dark-sea","pa_couleur-phantom-black","pa_taille-l","pa_taille-m","pa_taille-s","pa_taille-xl","pa_taille-xxl","pa_taille-xxxl","first","instock","purchasable","product-type-variable"],"_links":{"self":[{"href":"https:\/\/www.tracea.ch\/en\/wp-json\/wp\/v2\/product\/45197","targetHints":{"allow":["GET"]}}],"collection":[{"href":"https:\/\/www.tracea.ch\/en\/wp-json\/wp\/v2\/product"}],"about":[{"href":"https:\/\/www.tracea.ch\/en\/wp-json\/wp\/v2\/types\/product"}],"replies":[{"embeddable":true,"href":"https:\/\/www.tracea.ch\/en\/wp-json\/wp\/v2\/comments?post=45197"}],"version-history":[{"count":1,"href":"https:\/\/www.tracea.ch\/en\/wp-json\/wp\/v2\/product\/45197\/revisions"}],"predecessor-version":[{"id":45198,"href":"https:\/\/www.tracea.ch\/en\/wp-json\/wp\/v2\/product\/45197\/revisions\/45198"}],"wp:featuredmedia":[{"embeddable":true,"href":"https:\/\/www.tracea.ch\/en\/wp-json\/wp\/v2\/media\/22613"}],"wp:attachment":[{"href":"https:\/\/www.tracea.ch\/en\/wp-json\/wp\/v2\/media?parent=45197"}],"wp:term":[{"taxonomy":"product_brand","embeddable":true,"href":"https:\/\/www.tracea.ch\/en\/wp-json\/wp\/v2\/product_brand?post=45197"},{"taxonomy":"product_cat","embeddable":true,"href":"https:\/\/www.tracea.ch\/en\/wp-json\/wp\/v2\/product_cat?post=45197"},{"taxonomy":"product_tag","embeddable":true,"href":"https:\/\/www.tracea.ch\/en\/wp-json\/wp\/v2\/product_tag?post=45197"}],"curies":[{"name":"wp","href":"https:\/\/api.w.org\/{rel}","templated":true}]}}

https://www.tracea.ch/boutique/non%20classé/mens-monviso-hooded-grid-fleece-jacket/

<p>Portée en solo ou selon le principe de superposition, en randonnées à ski ou de montagne, la veste polaire homme comptera définitivement parmi les basiques de son équipement! Car on s&rsquo;y sent bien au chaud et au sec face à tous les caprices de la météo! La structure gaufrée bouffante et douce assure une très bonne évacuation de l&rsquo;humidité et une légère isolation par rétention d&rsquo;air . La matière polaire recyclée est très élastique et accompagne tous les mouvements. Les poches en biais zippées sont disposées plus haut et s&rsquo;utilisent aisément malgré le port d&rsquo;un sac à dos rehaussé et d&rsquo;un harnais. Sa coupe sportive et les bords doux et élastiques au niveau de la capuche et des manches permettent d&rsquo;ajuster le vêtement. La capuche ajustée se glisse aussi sous le casque. Avec passe-pouces pratiques. En tant que membre élevé au rang de Leader de l&rsquo;organisme indépendant Fair Wear, VAUDE s&rsquo;engage en faveur de conditions de travail et de salaires équitables.</p>
<p><em>capuche montée, zip frontal avec rabat intérieur, 2 poches frontales avec fermeture éclair, avec lanière pour le pouce</em></p>

<p>Veste polaire élastique homme pour la randonnée à ski et l&rsquo;escalade #chaude, régule l&rsquo;humidité et sèche rapidement #poches compatibles avec le port d&rsquo;un harnais et d&rsquo;un sac à dos #fabrication écologique en matériau recyclé</p>
