{"id":45756,"date":"2026-07-08T12:25:23","date_gmt":"2026-07-08T12:25:23","guid":{"rendered":"https:\/\/www.tracea.ch\/boutique\/non%20class\u00e9\/womens-kuro-air-jacket\/"},"modified":"2026-07-08T12:26:03","modified_gmt":"2026-07-08T12:26:03","slug":"womens-kuro-air-jacket","status":"publish","type":"product","link":"https:\/\/www.tracea.ch\/en\/boutique\/womens-kuro-air-jacket\/","title":{"rendered":"Women&rsquo;s Kuro Air Jacket"},"content":{"rendered":"<p>Meilleure performance pour les besoins des adeptes chevronn\u00e9es du gravel ou du v\u00e9lo de course! Malgr\u00e9 son poids plume et sa dimension compacte, la veste coupe-vent femme offre un grand espace de rangement avec 3poches zipp\u00e9es (2 \u00e0 l&rsquo;avant, 1 dans le dos). La mati\u00e8re principale l\u00e9g\u00e8re, \u00e9tanche au vent et respirante compos\u00e9e \u00e0 100% de polyester recycl\u00e9 est compl\u00e9t\u00e9e aux \u00e9paules et au cou ainsi qu&rsquo;aux poignets des manches pr\u00e9form\u00e9es par une mati\u00e8re respirante tr\u00e8s \u00e9lastique et \u00e9galement recycl\u00e9e pour garantir la meilleure performance. Des \u00e9l\u00e9ments r\u00e9fl\u00e9chissants d\u00e9coratifs sont dispos\u00e9s \u00e0 des endroits strat\u00e9giques. La veste coupe-vent de v\u00e9lo pour femme de coupe sportive et allong\u00e9e au dos, certifi\u00e9e bluesign\u00ae, se porte du printemps \u00e0 l&rsquo;automne et se combine avec tous les articles de la famille Kuro: maillot Kuro, Kuro Tights ou Kuro Shorts. Le label Green Shape de VAUDE garantit un produit \u00e9cologique, fonctionnel et fabriqu\u00e9 dans des mat\u00e9riaux durables certifi\u00e9s bluesign\u00ae. En tant que membre Leader de l&rsquo;organisme ind\u00e9pendant Fair Wear, VAUDE s&rsquo;engage en faveur de conditions de travail et de salaires \u00e9quitables.<\/p>\n<p><em>manches pr\u00e9form\u00e9es, Rabat int\u00e9rieur avec prot\u00e8ge-menton dans le col, bordures en lycra aux poignets et \u00e0 la ceinture, 2 poches frontales avec fermeture \u00e9clair, 1 poche dorsale avec zip dans la couture, zip continu sur le devant, \u00e9l\u00e9ments r\u00e9fl\u00e9chissants<\/em><\/p>","protected":false},"excerpt":{"rendered":"<p>Veste coupe-vent ultra fonctionnelle femme pour le cyclisme exigeant #l\u00e9g\u00e8re, respirante et \u00e0 s\u00e9chage rapide #grand espace de rangement s\u00e9curis\u00e9 #fabrication \u00e9cologique en mat\u00e9riaux principalement recycl\u00e9s<\/p>","protected":false},"featured_media":23070,"comment_status":"closed","ping_status":"open","template":"","meta":[],"product_brand":[375],"product_cat":[213,709,216],"product_tag":[365,368,422,421],"class_list":["post-45756","product","type-product","status-publish","has-post-thumbnail","product_brand-vaude","product_cat-boutique","product_cat-veste","product_cat-vetements","product_tag-boutique","product_tag-vente","product_tag-vente-vetement","product_tag-vetement","pa_couleur-cassis","pa_couleur-khaki","pa_couleur-linen","pa_taille-436","pa_taille-437","pa_taille-438","pa_taille-439","pa_taille-440","first","instock","purchasable","product-type-variable"],"_links":{"self":[{"href":"https:\/\/www.tracea.ch\/en\/wp-json\/wp\/v2\/product\/45756","targetHints":{"allow":["GET"]}}],"collection":[{"href":"https:\/\/www.tracea.ch\/en\/wp-json\/wp\/v2\/product"}],"about":[{"href":"https:\/\/www.tracea.ch\/en\/wp-json\/wp\/v2\/types\/product"}],"replies":[{"embeddable":true,"href":"https:\/\/www.tracea.ch\/en\/wp-json\/wp\/v2\/comments?post=45756"}],"version-history":[{"count":1,"href":"https:\/\/www.tracea.ch\/en\/wp-json\/wp\/v2\/product\/45756\/revisions"}],"predecessor-version":[{"id":45757,"href":"https:\/\/www.tracea.ch\/en\/wp-json\/wp\/v2\/product\/45756\/revisions\/45757"}],"wp:featuredmedia":[{"embeddable":true,"href":"https:\/\/www.tracea.ch\/en\/wp-json\/wp\/v2\/media\/23070"}],"wp:attachment":[{"href":"https:\/\/www.tracea.ch\/en\/wp-json\/wp\/v2\/media?parent=45756"}],"wp:term":[{"taxonomy":"product_brand","embeddable":true,"href":"https:\/\/www.tracea.ch\/en\/wp-json\/wp\/v2\/product_brand?post=45756"},{"taxonomy":"product_cat","embeddable":true,"href":"https:\/\/www.tracea.ch\/en\/wp-json\/wp\/v2\/product_cat?post=45756"},{"taxonomy":"product_tag","embeddable":true,"href":"https:\/\/www.tracea.ch\/en\/wp-json\/wp\/v2\/product_tag?post=45756"}],"curies":[{"name":"wp","href":"https:\/\/api.w.org\/{rel}","templated":true}]}}

https://www.tracea.ch/boutique/non%20classé/womens-kuro-air-jacket/

<p>Meilleure performance pour les besoins des adeptes chevronnées du gravel ou du vélo de course! Malgré son poids plume et sa dimension compacte, la veste coupe-vent femme offre un grand espace de rangement avec 3poches zippées (2 à l&rsquo;avant, 1 dans le dos). La matière principale légère, étanche au vent et respirante composée à 100% de polyester recyclé est complétée aux épaules et au cou ainsi qu&rsquo;aux poignets des manches préformées par une matière respirante très élastique et également recyclée pour garantir la meilleure performance. Des éléments réfléchissants décoratifs sont disposés à des endroits stratégiques. La veste coupe-vent de vélo pour femme de coupe sportive et allongée au dos, certifiée bluesign®, se porte du printemps à l&rsquo;automne et se combine avec tous les articles de la famille Kuro: maillot Kuro, Kuro Tights ou Kuro Shorts. Le label Green Shape de VAUDE garantit un produit écologique, fonctionnel et fabriqué dans des matériaux durables certifiés bluesign®. En tant que membre Leader de l&rsquo;organisme indépendant Fair Wear, VAUDE s&rsquo;engage en faveur de conditions de travail et de salaires équitables.</p>
<p><em>manches préformées, Rabat intérieur avec protège-menton dans le col, bordures en lycra aux poignets et à la ceinture, 2 poches frontales avec fermeture éclair, 1 poche dorsale avec zip dans la couture, zip continu sur le devant, éléments réfléchissants</em></p>

<p>Veste coupe-vent ultra fonctionnelle femme pour le cyclisme exigeant #légère, respirante et à séchage rapide #grand espace de rangement sécurisé #fabrication écologique en matériaux principalement recyclés</p>
