{"id":45904,"date":"2026-07-08T12:31:05","date_gmt":"2026-07-08T12:31:05","guid":{"rendered":"https:\/\/www.tracea.ch\/boutique\/non%20class\u00e9\/womens-scopi-fleece-jacket\/"},"modified":"2026-07-08T12:31:50","modified_gmt":"2026-07-08T12:31:50","slug":"womens-scopi-fleece-jacket","status":"publish","type":"product","link":"https:\/\/www.tracea.ch\/en\/boutique\/womens-scopi-fleece-jacket\/","title":{"rendered":"Women&rsquo;s Scopi Fleece Jacket"},"content":{"rendered":"<p>Cette couche interm\u00e9diaire pour femme est con\u00e7ue pour les sorties rapides en montagne, de fin de journ\u00e9e et les entra\u00eenements: sa mati\u00e8re respirante et \u00e9lastique et la capuche profil\u00e9e apportent la juste part de chaleur. Pour atteindre la meilleure performance, une polaire gaufr\u00e9e est associ\u00e9e \u00e0 une polaire \u00e0 haute teneur en stretch. La coupe ajust\u00e9e offrant une bonne libert\u00e9 de mouvement apporte un maximum de souplesse et fait de la veste Women&rsquo;s Scopi Fleece Jacket une tenue polyvalente. Le label Green Shape de VAUDE garantit un produit \u00e9cologique, fonctionnel et fabriqu\u00e9 dans des mat\u00e9riaux durables certifi\u00e9s bluesign\u00ae. En tant que membre Leader de l&rsquo;organisme ind\u00e9pendant Fair Wear, VAUDE s&rsquo;engage en faveur de conditions de travail et de salaires \u00e9quitables.<\/p>\n<p><em>capuche mont\u00e9e, prot\u00e8ge-menton avec Foldover, 2 poches frontales avec fermeture \u00e9clair, manches raglan, avec lani\u00e8re pour le pouce<\/em><\/p>","protected":false},"excerpt":{"rendered":"<p>Veste polaire femme athl\u00e9tique et sportive pour les vir\u00e9es rapides en montagne #mat\u00e9riau \u00e9lastique et respirant #couche interm\u00e9diaire avec coupe pr\u00e8s du corps #climatiquement neutre&nbsp;; fabrication principale \u00e0 partir de bouteilles PET recycl\u00e9es<\/p>","protected":false},"featured_media":23173,"comment_status":"closed","ping_status":"open","template":"","meta":[],"product_brand":[375],"product_cat":[213,709,216],"product_tag":[365,368,422,421],"class_list":["post-45904","product","type-product","status-publish","has-post-thumbnail","product_brand-vaude","product_cat-boutique","product_cat-veste","product_cat-vetements","product_tag-boutique","product_tag-vente","product_tag-vente-vetement","product_tag-vetement","pa_couleur-dark-sea","pa_couleur-dusty-fern","pa_couleur-soft-rose","pa_taille-466","pa_taille-436","pa_taille-437","pa_taille-438","pa_taille-439","pa_taille-440","first","instock","purchasable","product-type-variable"],"_links":{"self":[{"href":"https:\/\/www.tracea.ch\/en\/wp-json\/wp\/v2\/product\/45904","targetHints":{"allow":["GET"]}}],"collection":[{"href":"https:\/\/www.tracea.ch\/en\/wp-json\/wp\/v2\/product"}],"about":[{"href":"https:\/\/www.tracea.ch\/en\/wp-json\/wp\/v2\/types\/product"}],"replies":[{"embeddable":true,"href":"https:\/\/www.tracea.ch\/en\/wp-json\/wp\/v2\/comments?post=45904"}],"version-history":[{"count":1,"href":"https:\/\/www.tracea.ch\/en\/wp-json\/wp\/v2\/product\/45904\/revisions"}],"predecessor-version":[{"id":45905,"href":"https:\/\/www.tracea.ch\/en\/wp-json\/wp\/v2\/product\/45904\/revisions\/45905"}],"wp:featuredmedia":[{"embeddable":true,"href":"https:\/\/www.tracea.ch\/en\/wp-json\/wp\/v2\/media\/23173"}],"wp:attachment":[{"href":"https:\/\/www.tracea.ch\/en\/wp-json\/wp\/v2\/media?parent=45904"}],"wp:term":[{"taxonomy":"product_brand","embeddable":true,"href":"https:\/\/www.tracea.ch\/en\/wp-json\/wp\/v2\/product_brand?post=45904"},{"taxonomy":"product_cat","embeddable":true,"href":"https:\/\/www.tracea.ch\/en\/wp-json\/wp\/v2\/product_cat?post=45904"},{"taxonomy":"product_tag","embeddable":true,"href":"https:\/\/www.tracea.ch\/en\/wp-json\/wp\/v2\/product_tag?post=45904"}],"curies":[{"name":"wp","href":"https:\/\/api.w.org\/{rel}","templated":true}]}}

https://www.tracea.ch/boutique/non%20classé/womens-scopi-fleece-jacket/

<p>Cette couche intermédiaire pour femme est conçue pour les sorties rapides en montagne, de fin de journée et les entraînements: sa matière respirante et élastique et la capuche profilée apportent la juste part de chaleur. Pour atteindre la meilleure performance, une polaire gaufrée est associée à une polaire à haute teneur en stretch. La coupe ajustée offrant une bonne liberté de mouvement apporte un maximum de souplesse et fait de la veste Women&rsquo;s Scopi Fleece Jacket une tenue polyvalente. Le label Green Shape de VAUDE garantit un produit écologique, fonctionnel et fabriqué dans des matériaux durables certifiés bluesign®. En tant que membre Leader de l&rsquo;organisme indépendant Fair Wear, VAUDE s&rsquo;engage en faveur de conditions de travail et de salaires équitables.</p>
<p><em>capuche montée, protège-menton avec Foldover, 2 poches frontales avec fermeture éclair, manches raglan, avec lanière pour le pouce</em></p>

<p>Veste polaire femme athlétique et sportive pour les virées rapides en montagne #matériau élastique et respirant #couche intermédiaire avec coupe près du corps #climatiquement neutre&nbsp;; fabrication principale à partir de bouteilles PET recyclées</p>
