{"id":46458,"date":"2026-07-08T12:47:03","date_gmt":"2026-07-08T12:47:03","guid":{"rendered":"https:\/\/www.tracea.ch\/boutique\/non%20class\u00e9\/mens-matera-softshell-jacket-ii\/"},"modified":"2026-07-08T12:48:00","modified_gmt":"2026-07-08T12:48:00","slug":"mens-matera-softshell-jacket-ii","status":"publish","type":"product","link":"https:\/\/www.tracea.ch\/en\/boutique\/mens-matera-softshell-jacket-ii\/","title":{"rendered":"Men&rsquo;s Matera Softshell Jacket II"},"content":{"rendered":"<p>En selle! Notre veste softshell multitalent pour homme convient aux sorties par les temps les plus froids de l&rsquo;ann\u00e9e. La veste Matera est \u00e9tanche au vent \u00e0 100%, respirante et d\u00e9perlante. Elle permet une libert\u00e9 de mouvement tr\u00e8s \u00e9lastique et sa coupe \u00e0 manches pr\u00e9form\u00e9es est tr\u00e8s confortable. Munie d&rsquo;un col haut avec protection du menton et ourlet silicon\u00e9 dans la ceinture au dos, elle offre un \u00e9quipement complet. La coupe confortable avec les poignets \u00e9lastiques et la polaire chaude gratt\u00e9e \u00e0 l&rsquo;int\u00e9rieur garantissent toutefois aussi le m\u00eame confort en parcours de ski de fond ou pour une promenade avec le chien. Les mati\u00e8res externe et interne de la veste softshell homme sont recycl\u00e9es \u00e0 100%. Notre finition sans PFC Eco Finish apporte une protection suppl\u00e9mentaire sous le crachin et la bruine. La veste avec ses belles couleurs est bien assortie au pantalon Wintry Pants. Le label Green Shape de VAUDE garantit un produit \u00e9cologique, fonctionnel et fabriqu\u00e9 dans des mat\u00e9riaux durables certifi\u00e9s bluesign\u00ae.<\/p>\n<p><em>manches pr\u00e9form\u00e9es, coupe rallong\u00e9e dans le dos, ceinture avec partie anti-d\u00e9rapant dans le dos, prot\u00e8ge-menton avec Foldover, doublure en fleece doux, 1 poche avec zip invers\u00e9 sur la poitrine, poignets \u00e9lastiques, colourblock, \u00e9l\u00e9ments r\u00e9fl\u00e9chissants<\/em><\/p>","protected":false},"excerpt":{"rendered":"<p>Veste softshell homme classique pour le cyclisme lors des jours froids #100;% \u00e9tanche au vent, d\u00e9perlante et respirante #libert\u00e9 de mouvement optimale #fabrication principale en polyester recycl\u00e9<\/p>","protected":false},"featured_media":23708,"comment_status":"closed","ping_status":"open","template":"","meta":[],"product_brand":[375],"product_cat":[213,709,216],"product_tag":[365,368,422,421],"class_list":["post-46458","product","type-product","status-publish","has-post-thumbnail","product_brand-vaude","product_cat-boutique","product_cat-veste","product_cat-vetements","product_tag-boutique","product_tag-vente","product_tag-vente-vetement","product_tag-vetement","pa_couleur-black-black","pa_couleur-deep-pond","pa_couleur-glowing-red","pa_couleur-neon-yellow","pa_taille-l","pa_taille-m","pa_taille-s","pa_taille-xl","pa_taille-xxl","pa_taille-xxxl","first","instock","purchasable","product-type-variable"],"_links":{"self":[{"href":"https:\/\/www.tracea.ch\/en\/wp-json\/wp\/v2\/product\/46458","targetHints":{"allow":["GET"]}}],"collection":[{"href":"https:\/\/www.tracea.ch\/en\/wp-json\/wp\/v2\/product"}],"about":[{"href":"https:\/\/www.tracea.ch\/en\/wp-json\/wp\/v2\/types\/product"}],"replies":[{"embeddable":true,"href":"https:\/\/www.tracea.ch\/en\/wp-json\/wp\/v2\/comments?post=46458"}],"version-history":[{"count":1,"href":"https:\/\/www.tracea.ch\/en\/wp-json\/wp\/v2\/product\/46458\/revisions"}],"predecessor-version":[{"id":46459,"href":"https:\/\/www.tracea.ch\/en\/wp-json\/wp\/v2\/product\/46458\/revisions\/46459"}],"wp:featuredmedia":[{"embeddable":true,"href":"https:\/\/www.tracea.ch\/en\/wp-json\/wp\/v2\/media\/23708"}],"wp:attachment":[{"href":"https:\/\/www.tracea.ch\/en\/wp-json\/wp\/v2\/media?parent=46458"}],"wp:term":[{"taxonomy":"product_brand","embeddable":true,"href":"https:\/\/www.tracea.ch\/en\/wp-json\/wp\/v2\/product_brand?post=46458"},{"taxonomy":"product_cat","embeddable":true,"href":"https:\/\/www.tracea.ch\/en\/wp-json\/wp\/v2\/product_cat?post=46458"},{"taxonomy":"product_tag","embeddable":true,"href":"https:\/\/www.tracea.ch\/en\/wp-json\/wp\/v2\/product_tag?post=46458"}],"curies":[{"name":"wp","href":"https:\/\/api.w.org\/{rel}","templated":true}]}}

https://www.tracea.ch/boutique/non%20classé/mens-matera-softshell-jacket-ii/

<p>En selle! Notre veste softshell multitalent pour homme convient aux sorties par les temps les plus froids de l&rsquo;année. La veste Matera est étanche au vent à 100%, respirante et déperlante. Elle permet une liberté de mouvement très élastique et sa coupe à manches préformées est très confortable. Munie d&rsquo;un col haut avec protection du menton et ourlet siliconé dans la ceinture au dos, elle offre un équipement complet. La coupe confortable avec les poignets élastiques et la polaire chaude grattée à l&rsquo;intérieur garantissent toutefois aussi le même confort en parcours de ski de fond ou pour une promenade avec le chien. Les matières externe et interne de la veste softshell homme sont recyclées à 100%. Notre finition sans PFC Eco Finish apporte une protection supplémentaire sous le crachin et la bruine. La veste avec ses belles couleurs est bien assortie au pantalon Wintry Pants. Le label Green Shape de VAUDE garantit un produit écologique, fonctionnel et fabriqué dans des matériaux durables certifiés bluesign®.</p>
<p><em>manches préformées, coupe rallongée dans le dos, ceinture avec partie anti-dérapant dans le dos, protège-menton avec Foldover, doublure en fleece doux, 1 poche avec zip inversé sur la poitrine, poignets élastiques, colourblock, éléments réfléchissants</em></p>

<p>Veste softshell homme classique pour le cyclisme lors des jours froids #100;% étanche au vent, déperlante et respirante #liberté de mouvement optimale #fabrication principale en polyester recyclé</p>
