{"id":46913,"date":"2026-07-08T12:59:25","date_gmt":"2026-07-08T12:59:25","guid":{"rendered":"https:\/\/www.tracea.ch\/boutique\/non%20class\u00e9\/kids-turaco-jacket-iii\/"},"modified":"2026-07-08T13:01:50","modified_gmt":"2026-07-08T13:01:50","slug":"kids-turaco-jacket-iii","status":"publish","type":"product","link":"https:\/\/www.tracea.ch\/en\/boutique\/kids-turaco-jacket-iii\/","title":{"rendered":"Kids Turaco Jacket III"},"content":{"rendered":"<p>Veste de pluie enfant l\u00e9g\u00e8re et compressible compos\u00e9e \u00e0 100\u00a0% de polyester recycl\u00e9, qui se tire rapidement du sac \u00e0 dos quand une averse tombe par surprise sur la garderie en for\u00eat ou lors d&rsquo;une excursion \u00e0 v\u00e9lo. La veste de pluie enfant est une tenue id\u00e9ale et privil\u00e9gi\u00e9e avant tout pour les mois d&rsquo;\u00e9t\u00e9\u00a0; facile d&rsquo;entretien et \u00e0 s\u00e9chage rapide, elle est de plus munie d&rsquo;\u00e9l\u00e9ments r\u00e9fl\u00e9chissants. La veste de pluie enfant Turaco est fabriqu\u00e9e dans le respect de l&rsquo;environnement avec la finition Eco Finish, d\u00e9perlante et sans fluorocarbures (PFC). Le label Green Shape de VAUDE garantit un produit \u00e9cologique, fonctionnel et fabriqu\u00e9 dans des mat\u00e9riaux durables certifi\u00e9s bluesign\u00ae.<\/p>\n<p><em>mati\u00e8re double \u00e9paisseur, poignets et ceinture \u00e9lastiques, capuche mont\u00e9e, imprim\u00e9s r\u00e9flecteurs, passepoil r\u00e9fl\u00e9chissante, \u00e9tiquette pour le nom jusqu&rsquo;\u00e0 la taille 122\/128<\/em><\/p>","protected":false},"excerpt":{"rendered":"<p>Veste de pluie enfant l\u00e9g\u00e8re \u00e0 emporter toujours avec soi #imperm\u00e9able, \u00e9tanche au vent et respirante #tr\u00e8s l\u00e9g\u00e8re et compressible #fabrication en polyester 100 % recycl\u00e9<\/p>","protected":false},"featured_media":24435,"comment_status":"closed","ping_status":"open","template":"","meta":[],"product_brand":[375],"product_cat":[213,709,216],"product_tag":[365,368,422,421],"class_list":["post-46913","product","type-product","status-publish","has-post-thumbnail","product_brand-vaude","product_cat-boutique","product_cat-veste","product_cat-vetements","product_tag-boutique","product_tag-vente","product_tag-vente-vetement","product_tag-vetement","pa_couleur-black-oat","pa_couleur-hokkaido","pa_couleur-hotchili","pa_couleur-icicle","pa_couleur-light-leaf","pa_couleur-magenta","pa_couleur-oat","pa_couleur-ultramarine","pa_couleur-vanilla","pa_couleur-willow-green","pa_taille-424","pa_taille-110-116","pa_taille-122-128","pa_taille-134-140","pa_taille-146-152","pa_taille-158-164","pa_taille-418","pa_taille-423","first","instock","purchasable","product-type-variable"],"_links":{"self":[{"href":"https:\/\/www.tracea.ch\/en\/wp-json\/wp\/v2\/product\/46913","targetHints":{"allow":["GET"]}}],"collection":[{"href":"https:\/\/www.tracea.ch\/en\/wp-json\/wp\/v2\/product"}],"about":[{"href":"https:\/\/www.tracea.ch\/en\/wp-json\/wp\/v2\/types\/product"}],"replies":[{"embeddable":true,"href":"https:\/\/www.tracea.ch\/en\/wp-json\/wp\/v2\/comments?post=46913"}],"version-history":[{"count":1,"href":"https:\/\/www.tracea.ch\/en\/wp-json\/wp\/v2\/product\/46913\/revisions"}],"predecessor-version":[{"id":46914,"href":"https:\/\/www.tracea.ch\/en\/wp-json\/wp\/v2\/product\/46913\/revisions\/46914"}],"wp:featuredmedia":[{"embeddable":true,"href":"https:\/\/www.tracea.ch\/en\/wp-json\/wp\/v2\/media\/24435"}],"wp:attachment":[{"href":"https:\/\/www.tracea.ch\/en\/wp-json\/wp\/v2\/media?parent=46913"}],"wp:term":[{"taxonomy":"product_brand","embeddable":true,"href":"https:\/\/www.tracea.ch\/en\/wp-json\/wp\/v2\/product_brand?post=46913"},{"taxonomy":"product_cat","embeddable":true,"href":"https:\/\/www.tracea.ch\/en\/wp-json\/wp\/v2\/product_cat?post=46913"},{"taxonomy":"product_tag","embeddable":true,"href":"https:\/\/www.tracea.ch\/en\/wp-json\/wp\/v2\/product_tag?post=46913"}],"curies":[{"name":"wp","href":"https:\/\/api.w.org\/{rel}","templated":true}]}}

https://www.tracea.ch/boutique/non%20classé/kids-turaco-jacket-iii/

<p>Veste de pluie enfant légère et compressible composée à 100 % de polyester recyclé, qui se tire rapidement du sac à dos quand une averse tombe par surprise sur la garderie en forêt ou lors d&rsquo;une excursion à vélo. La veste de pluie enfant est une tenue idéale et privilégiée avant tout pour les mois d&rsquo;été ; facile d&rsquo;entretien et à séchage rapide, elle est de plus munie d&rsquo;éléments réfléchissants. La veste de pluie enfant Turaco est fabriquée dans le respect de l&rsquo;environnement avec la finition Eco Finish, déperlante et sans fluorocarbures (PFC). Le label Green Shape de VAUDE garantit un produit écologique, fonctionnel et fabriqué dans des matériaux durables certifiés bluesign®.</p>
<p><em>matière double épaisseur, poignets et ceinture élastiques, capuche montée, imprimés réflecteurs, passepoil réfléchissante, étiquette pour le nom jusqu&rsquo;à la taille 122/128</em></p>

<p>Veste de pluie enfant légère à emporter toujours avec soi #imperméable, étanche au vent et respirante #très légère et compressible #fabrication en polyester 100 % recyclé</p>
