{"id":47663,"date":"2026-07-08T13:22:14","date_gmt":"2026-07-08T13:22:14","guid":{"rendered":"https:\/\/www.tracea.ch\/boutique\/non%20class\u00e9\/mens-monviso-25l-jacket\/"},"modified":"2026-07-08T13:22:56","modified_gmt":"2026-07-08T13:22:56","slug":"mens-monviso-25l-jacket","status":"publish","type":"product","link":"https:\/\/www.tracea.ch\/en\/boutique\/mens-monviso-25l-jacket\/","title":{"rendered":"Men&rsquo;s Monviso 2,5L Jacket"},"content":{"rendered":"<p>Protection contre les intemp\u00e9ries efficace pour les vir\u00e9es \u00e0 ski ou les aventures alpines ambitieuses. La veste hardshell Monviso 2,5\u00a0couches pour homme est tr\u00e8s robuste, et s\u00e9duit en mati\u00e8re de performance et de durabilit\u00e9. Avec sa colonne d&rsquo;eau de 20\u00a0000\u00a0mm et une tr\u00e8s haute perm\u00e9abilit\u00e9 \u00e0 la vapeur, notre membrane Ceplex Pro est la plus performante tout en se passant des fluorocarbures nocifs pour l&rsquo;environnement. Un produit con\u00e7u pour les alpinistes\u00a0: la veste ne glisse pas hors du harnais, et les poches frontales plac\u00e9es haut sont bien accessibles \u00e0 tout moment, m\u00eame lors des prises au-dessus de la t\u00eate. La capuche enti\u00e8rement compatible avec le port d&rsquo;un casque et le col temp\u00eate haut, associ\u00e9s \u00e0 la taille ajustable et aux poignets r\u00e9glables, emp\u00eachent l&rsquo;intrusion de la neige et du vent. Dans les moments \u00e0 forte intensit\u00e9 physique, des zips longs sous les bras assurent une ventilation efficace. La coupe de la veste hardshell Monviso 2,5\u00a0couches pour homme permet de combiner diff\u00e9rentes couches isolantes\u00a0: ceci est indispensable quand la m\u00e9t\u00e9o fait des caprices en montagne. Ceci fait de la veste hardshell homme la tenue id\u00e9ale pour les vir\u00e9es en montagne \u00e0 toute saison. Le label Green Shape de VAUDE garantit un produit \u00e9cologique, fonctionnel et fabriqu\u00e9 dans des mat\u00e9riaux durables. En tant que membre Leader de l&rsquo;organisme ind\u00e9pendant Fair Wear, VAUDE s&rsquo;engage en faveur de conditions de travail et de salaires \u00e9quitables.<\/p>\n<p><em>mati\u00e8re 2,5 \u00e9paisseurs, capuche mont\u00e9e et r\u00e9glable en largeur, Capuche compatible avec un casque, zip double sens hydrophobe avec rabat int\u00e9rieur sur le devant, 2 poches frontales dissimul\u00e9es avec zip, ventilation sous les bras avec zip hydrophobe, cordon \u00e0 la ceinture avec syst\u00e8me de r\u00e9glage \u00e0 une main, manches pr\u00e9form\u00e9es, poignets r\u00e9glables en largeur gr\u00e2ce \u00e0 un velcro<\/em><\/p>","protected":false},"excerpt":{"rendered":"<p>Veste hardshell homme r\u00e9sistante pour randonn\u00e9es \u00e0 ski sur terrain alpin #protection maximale contre les intemp\u00e9ries&nbsp;: imperm\u00e9able, \u00e9tanche au vent et ultra respirante #design compatible avec le port d&rsquo;un harnais et d&rsquo;un sac \u00e0 dos #mati\u00e8re principale en polyester 100&nbsp;% recycl\u00e9<\/p>","protected":false},"featured_media":25014,"comment_status":"closed","ping_status":"open","template":"","meta":[],"product_brand":[375],"product_cat":[213,709,216],"product_tag":[365,368,422,421],"class_list":["post-47663","product","type-product","status-publish","has-post-thumbnail","product_brand-vaude","product_cat-boutique","product_cat-veste","product_cat-vetements","product_tag-boutique","product_tag-vente","product_tag-vente-vetement","product_tag-vetement","pa_couleur-black","pa_couleur-radiate-blue","pa_couleur-savanna","pa_taille-l","pa_taille-m","pa_taille-s","pa_taille-xl","pa_taille-xxl","first","instock","purchasable","product-type-variable"],"_links":{"self":[{"href":"https:\/\/www.tracea.ch\/en\/wp-json\/wp\/v2\/product\/47663","targetHints":{"allow":["GET"]}}],"collection":[{"href":"https:\/\/www.tracea.ch\/en\/wp-json\/wp\/v2\/product"}],"about":[{"href":"https:\/\/www.tracea.ch\/en\/wp-json\/wp\/v2\/types\/product"}],"replies":[{"embeddable":true,"href":"https:\/\/www.tracea.ch\/en\/wp-json\/wp\/v2\/comments?post=47663"}],"version-history":[{"count":1,"href":"https:\/\/www.tracea.ch\/en\/wp-json\/wp\/v2\/product\/47663\/revisions"}],"predecessor-version":[{"id":47664,"href":"https:\/\/www.tracea.ch\/en\/wp-json\/wp\/v2\/product\/47663\/revisions\/47664"}],"wp:featuredmedia":[{"embeddable":true,"href":"https:\/\/www.tracea.ch\/en\/wp-json\/wp\/v2\/media\/25014"}],"wp:attachment":[{"href":"https:\/\/www.tracea.ch\/en\/wp-json\/wp\/v2\/media?parent=47663"}],"wp:term":[{"taxonomy":"product_brand","embeddable":true,"href":"https:\/\/www.tracea.ch\/en\/wp-json\/wp\/v2\/product_brand?post=47663"},{"taxonomy":"product_cat","embeddable":true,"href":"https:\/\/www.tracea.ch\/en\/wp-json\/wp\/v2\/product_cat?post=47663"},{"taxonomy":"product_tag","embeddable":true,"href":"https:\/\/www.tracea.ch\/en\/wp-json\/wp\/v2\/product_tag?post=47663"}],"curies":[{"name":"wp","href":"https:\/\/api.w.org\/{rel}","templated":true}]}}

https://www.tracea.ch/boutique/non%20classé/mens-monviso-25l-jacket/

<p>Protection contre les intempéries efficace pour les virées à ski ou les aventures alpines ambitieuses. La veste hardshell Monviso 2,5 couches pour homme est très robuste, et séduit en matière de performance et de durabilité. Avec sa colonne d&rsquo;eau de 20 000 mm et une très haute perméabilité à la vapeur, notre membrane Ceplex Pro est la plus performante tout en se passant des fluorocarbures nocifs pour l&rsquo;environnement. Un produit conçu pour les alpinistes : la veste ne glisse pas hors du harnais, et les poches frontales placées haut sont bien accessibles à tout moment, même lors des prises au-dessus de la tête. La capuche entièrement compatible avec le port d&rsquo;un casque et le col tempête haut, associés à la taille ajustable et aux poignets réglables, empêchent l&rsquo;intrusion de la neige et du vent. Dans les moments à forte intensité physique, des zips longs sous les bras assurent une ventilation efficace. La coupe de la veste hardshell Monviso 2,5 couches pour homme permet de combiner différentes couches isolantes : ceci est indispensable quand la météo fait des caprices en montagne. Ceci fait de la veste hardshell homme la tenue idéale pour les virées en montagne à toute saison. Le label Green Shape de VAUDE garantit un produit écologique, fonctionnel et fabriqué dans des matériaux durables. En tant que membre Leader de l&rsquo;organisme indépendant Fair Wear, VAUDE s&rsquo;engage en faveur de conditions de travail et de salaires équitables.</p>
<p><em>matière 2,5 épaisseurs, capuche montée et réglable en largeur, Capuche compatible avec un casque, zip double sens hydrophobe avec rabat intérieur sur le devant, 2 poches frontales dissimulées avec zip, ventilation sous les bras avec zip hydrophobe, cordon à la ceinture avec système de réglage à une main, manches préformées, poignets réglables en largeur grâce à un velcro</em></p>

<p>Veste hardshell homme résistante pour randonnées à ski sur terrain alpin #protection maximale contre les intempéries&nbsp;: imperméable, étanche au vent et ultra respirante #design compatible avec le port d&rsquo;un harnais et d&rsquo;un sac à dos #matière principale en polyester 100&nbsp;% recyclé</p>
