{"id":47783,"date":"2026-07-08T13:25:04","date_gmt":"2026-07-08T13:25:04","guid":{"rendered":"https:\/\/www.tracea.ch\/boutique\/non%20class\u00e9\/mens-minaki-jacket-iv\/"},"modified":"2026-07-08T13:26:34","modified_gmt":"2026-07-08T13:26:34","slug":"mens-minaki-jacket-iv","status":"publish","type":"product","link":"https:\/\/www.tracea.ch\/en\/boutique\/mens-minaki-jacket-iv\/","title":{"rendered":"Men&rsquo;s Minaki Jacket IV"},"content":{"rendered":"<p>Un classique intemporel. L&rsquo;avant de cette veste isolante VTT homme est muni d&rsquo;un matelassage PrimaLoft\u00ae pour dispenser de la chaleur tandis que des empi\u00e8cements stretch d\u00e9perlants sous les bras et dans le dos assurent une libert\u00e9 de mouvement maximale. Quand le trail est tremp\u00e9, la protection anti-\u00e9claboussures au bas du dos fait parfaitement usage. Les deux poches poitrine de la veste isolante VTT homme ne stockent pas seulement des affaires, mais servent \u00e9galement de ventilation agr\u00e9able quand on les ouvre. Le label Green Shape de VAUDE garantit un produit \u00e9cologique, fonctionnel et fabriqu\u00e9 dans des mat\u00e9riaux durables.<\/p>\n<p><em>manches pr\u00e9form\u00e9es, coupe sport, coupe rallong\u00e9e dans le dos, zones respirantes, partiellement matelass\u00e9, parties en stretch, zones hydrophobes, 2 poches de poitrine avec zip, zip \u00e0 l&rsquo;avant, poignets avec int\u00e9rieur en lycra, long col montant, coutures d\u00e9coratives, \u00e9l\u00e9ments r\u00e9flecteurs dans la partie dorsale<\/em><\/p>","protected":false},"excerpt":{"rendered":"<p>Veste isolante VTT chaude pour homme #avec protection anti-\u00e9claboussures imperm\u00e9able dans le bas du dos #avec empi\u00e8cements stretch pour une haute libert\u00e9 de mouvement #tissu principal enti\u00e8rement fabriqu\u00e9 en polyester recycl\u00e9<\/p>","protected":false},"featured_media":25102,"comment_status":"closed","ping_status":"open","template":"","meta":[],"product_brand":[375],"product_cat":[213,709,216],"product_tag":[365,368,422,421],"class_list":["post-47783","product","type-product","status-publish","has-post-thumbnail","product_brand-vaude","product_cat-boutique","product_cat-veste","product_cat-vetements","product_tag-boutique","product_tag-vente","product_tag-vente-vetement","product_tag-vetement","pa_couleur-dark-sea","pa_couleur-deep-pond","pa_couleur-glowing-red","pa_couleur-heron","pa_couleur-neon-yellow","pa_taille-l","pa_taille-m","pa_taille-s","pa_taille-xl","pa_taille-xs","pa_taille-xxl","pa_taille-xxxl","pa_taille-xxxxl","first","instock","purchasable","product-type-variable"],"_links":{"self":[{"href":"https:\/\/www.tracea.ch\/en\/wp-json\/wp\/v2\/product\/47783","targetHints":{"allow":["GET"]}}],"collection":[{"href":"https:\/\/www.tracea.ch\/en\/wp-json\/wp\/v2\/product"}],"about":[{"href":"https:\/\/www.tracea.ch\/en\/wp-json\/wp\/v2\/types\/product"}],"replies":[{"embeddable":true,"href":"https:\/\/www.tracea.ch\/en\/wp-json\/wp\/v2\/comments?post=47783"}],"version-history":[{"count":1,"href":"https:\/\/www.tracea.ch\/en\/wp-json\/wp\/v2\/product\/47783\/revisions"}],"predecessor-version":[{"id":47784,"href":"https:\/\/www.tracea.ch\/en\/wp-json\/wp\/v2\/product\/47783\/revisions\/47784"}],"wp:featuredmedia":[{"embeddable":true,"href":"https:\/\/www.tracea.ch\/en\/wp-json\/wp\/v2\/media\/25102"}],"wp:attachment":[{"href":"https:\/\/www.tracea.ch\/en\/wp-json\/wp\/v2\/media?parent=47783"}],"wp:term":[{"taxonomy":"product_brand","embeddable":true,"href":"https:\/\/www.tracea.ch\/en\/wp-json\/wp\/v2\/product_brand?post=47783"},{"taxonomy":"product_cat","embeddable":true,"href":"https:\/\/www.tracea.ch\/en\/wp-json\/wp\/v2\/product_cat?post=47783"},{"taxonomy":"product_tag","embeddable":true,"href":"https:\/\/www.tracea.ch\/en\/wp-json\/wp\/v2\/product_tag?post=47783"}],"curies":[{"name":"wp","href":"https:\/\/api.w.org\/{rel}","templated":true}]}}

https://www.tracea.ch/boutique/non%20classé/mens-minaki-jacket-iv/

<p>Un classique intemporel. L&rsquo;avant de cette veste isolante VTT homme est muni d&rsquo;un matelassage PrimaLoft® pour dispenser de la chaleur tandis que des empiècements stretch déperlants sous les bras et dans le dos assurent une liberté de mouvement maximale. Quand le trail est trempé, la protection anti-éclaboussures au bas du dos fait parfaitement usage. Les deux poches poitrine de la veste isolante VTT homme ne stockent pas seulement des affaires, mais servent également de ventilation agréable quand on les ouvre. Le label Green Shape de VAUDE garantit un produit écologique, fonctionnel et fabriqué dans des matériaux durables.</p>
<p><em>manches préformées, coupe sport, coupe rallongée dans le dos, zones respirantes, partiellement matelassé, parties en stretch, zones hydrophobes, 2 poches de poitrine avec zip, zip à l&rsquo;avant, poignets avec intérieur en lycra, long col montant, coutures décoratives, éléments réflecteurs dans la partie dorsale</em></p>

<p>Veste isolante VTT chaude pour homme #avec protection anti-éclaboussures imperméable dans le bas du dos #avec empiècements stretch pour une haute liberté de mouvement #tissu principal entièrement fabriqué en polyester recyclé</p>
