{"id":47826,"date":"2026-07-08T13:26:34","date_gmt":"2026-07-08T13:26:34","guid":{"rendered":"https:\/\/www.tracea.ch\/boutique\/non%20class\u00e9\/mens-moab-insulation-light-jacket\/"},"modified":"2026-07-08T13:27:06","modified_gmt":"2026-07-08T13:27:06","slug":"mens-moab-insulation-light-jacket","status":"publish","type":"product","link":"https:\/\/www.tracea.ch\/en\/boutique\/mens-moab-insulation-light-jacket\/","title":{"rendered":"Men&rsquo;s Moab Insulation Light Jacket"},"content":{"rendered":"<p>Minimaliste et impressionnante \u00e0 la fois\u00a0! Cette veste ne doit pas manquer \u00e0 l&rsquo;\u00e9quipement de base pour les aventures en VTT ou la navette quotidienne au travail. La veste isolante VTT pour homme est l\u00e9g\u00e8rement matelass\u00e9e pour ne pas surchauffer dans les descentes techniques et les ascensions raides. Le zip bidirectionnel et les empi\u00e8cements sous les bras y contribuent \u00e9galement. La veste isolante VTT pour homme est suffisamment d\u00e9perlante pour affronter les pluies l\u00e9g\u00e8res ou la neige et assez chaude pour se porter en solo. Lors des temp\u00e9ratures plus froides, sa coupe lui permet de se faufiler sous une veste hardshell ou shoftshell. Son faible encombrement permet de toujours r\u00e9server une petite place \u00e0 la veste isolante VTT homme dans son sac \u00e0 dos. La mati\u00e8re ext\u00e9rieure robuste ainsi que les manches pr\u00e9form\u00e9es font de la veste isolante VTT pour homme la tenue parfaite sur les trails. Le label Green Shape de VAUDE garantit un produit \u00e9cologique, fonctionnel et fabriqu\u00e9 dans des mat\u00e9riaux durables.<\/p>\n<p><em>manches pr\u00e9form\u00e9es, respirant(e)\/s et fonctionnel(le)\/s, ouatage 60g\/m\u00b2, parties en stretch, 1 poche poitrine avec zipp\u00e9e, zip frontal avec rabat int\u00e9rieur, zip \u00e0 double-sens sur le devant, poignets et ceinture \u00e9lastiques<\/em><\/p>","protected":false},"excerpt":{"rendered":"<p>Veste isolante VTT l\u00e9g\u00e8re pour homme #compacte&nbsp;; s&rsquo;enfile parfaitement sous une coque #avec zip bidirectionnel et a\u00e9ration sous les aisselles #tissu principal enti\u00e8rement fabriqu\u00e9 en polyester recycl\u00e9<\/p>","protected":false},"featured_media":25112,"comment_status":"closed","ping_status":"open","template":"","meta":[],"product_brand":[375],"product_cat":[213,709,216],"product_tag":[365,368,422,421],"class_list":["post-47826","product","type-product","status-publish","has-post-thumbnail","product_brand-vaude","product_cat-boutique","product_cat-veste","product_cat-vetements","product_tag-boutique","product_tag-vente","product_tag-vente-vetement","product_tag-vetement","pa_couleur-black","pa_couleur-heron","pa_taille-l","pa_taille-m","pa_taille-s","pa_taille-xl","pa_taille-xxl","first","instock","purchasable","product-type-variable"],"_links":{"self":[{"href":"https:\/\/www.tracea.ch\/en\/wp-json\/wp\/v2\/product\/47826","targetHints":{"allow":["GET"]}}],"collection":[{"href":"https:\/\/www.tracea.ch\/en\/wp-json\/wp\/v2\/product"}],"about":[{"href":"https:\/\/www.tracea.ch\/en\/wp-json\/wp\/v2\/types\/product"}],"replies":[{"embeddable":true,"href":"https:\/\/www.tracea.ch\/en\/wp-json\/wp\/v2\/comments?post=47826"}],"version-history":[{"count":1,"href":"https:\/\/www.tracea.ch\/en\/wp-json\/wp\/v2\/product\/47826\/revisions"}],"predecessor-version":[{"id":47827,"href":"https:\/\/www.tracea.ch\/en\/wp-json\/wp\/v2\/product\/47826\/revisions\/47827"}],"wp:featuredmedia":[{"embeddable":true,"href":"https:\/\/www.tracea.ch\/en\/wp-json\/wp\/v2\/media\/25112"}],"wp:attachment":[{"href":"https:\/\/www.tracea.ch\/en\/wp-json\/wp\/v2\/media?parent=47826"}],"wp:term":[{"taxonomy":"product_brand","embeddable":true,"href":"https:\/\/www.tracea.ch\/en\/wp-json\/wp\/v2\/product_brand?post=47826"},{"taxonomy":"product_cat","embeddable":true,"href":"https:\/\/www.tracea.ch\/en\/wp-json\/wp\/v2\/product_cat?post=47826"},{"taxonomy":"product_tag","embeddable":true,"href":"https:\/\/www.tracea.ch\/en\/wp-json\/wp\/v2\/product_tag?post=47826"}],"curies":[{"name":"wp","href":"https:\/\/api.w.org\/{rel}","templated":true}]}}

https://www.tracea.ch/boutique/non%20classé/mens-moab-insulation-light-jacket/

<p>Minimaliste et impressionnante à la fois ! Cette veste ne doit pas manquer à l&rsquo;équipement de base pour les aventures en VTT ou la navette quotidienne au travail. La veste isolante VTT pour homme est légèrement matelassée pour ne pas surchauffer dans les descentes techniques et les ascensions raides. Le zip bidirectionnel et les empiècements sous les bras y contribuent également. La veste isolante VTT pour homme est suffisamment déperlante pour affronter les pluies légères ou la neige et assez chaude pour se porter en solo. Lors des températures plus froides, sa coupe lui permet de se faufiler sous une veste hardshell ou shoftshell. Son faible encombrement permet de toujours réserver une petite place à la veste isolante VTT homme dans son sac à dos. La matière extérieure robuste ainsi que les manches préformées font de la veste isolante VTT pour homme la tenue parfaite sur les trails. Le label Green Shape de VAUDE garantit un produit écologique, fonctionnel et fabriqué dans des matériaux durables.</p>
<p><em>manches préformées, respirant(e)/s et fonctionnel(le)/s, ouatage 60g/m², parties en stretch, 1 poche poitrine avec zippée, zip frontal avec rabat intérieur, zip à double-sens sur le devant, poignets et ceinture élastiques</em></p>

<p>Veste isolante VTT légère pour homme #compacte&nbsp;; s&rsquo;enfile parfaitement sous une coque #avec zip bidirectionnel et aération sous les aisselles #tissu principal entièrement fabriqué en polyester recyclé</p>
