{"id":48206,"date":"2026-07-08T13:39:11","date_gmt":"2026-07-08T13:39:11","guid":{"rendered":"https:\/\/www.tracea.ch\/boutique\/non%20class\u00e9\/womens-scopi-wind-jacket\/"},"modified":"2026-07-08T13:40:33","modified_gmt":"2026-07-08T13:40:33","slug":"womens-scopi-wind-jacket","status":"publish","type":"product","link":"https:\/\/www.tracea.ch\/en\/boutique\/womens-scopi-wind-jacket\/","title":{"rendered":"Women&rsquo;s Scopi Wind Jacket"},"content":{"rendered":"<p>Que ce soit sur des parcours cyclistes, de course \u00e0 pied, d&rsquo;escalade ou de randonn\u00e9e, la veste coupe-vent Scopi pour femme offre une protection efficace contre le refroidissement. La veste minimaliste est ultral\u00e9g\u00e8re et trouve une petite place dans chaque sac ou sac \u00e0 dos avec son faible encombrement. Pour une protection optimale contre le vent, la capuche r\u00e9glable et les manches sont munies d&rsquo;une bordure \u00e9lastique. Des perforations fines laser sous les bras assurent l&rsquo;\u00e9vacuation rapide de l&rsquo;exc\u00e8s de chaleur lors des activit\u00e9s physiques intenses. Gr\u00e2ce \u00e0 sa mati\u00e8re ext\u00e9rieure coupe-vent appr\u00eat\u00e9e avec la finition Eco Finish sans PFC, d\u00e9perlante et antisalissures, la veste Scopi Wind peut braver des averses de pluie fine. Une petite poche munie d&rsquo;un zip couvert permet de transporter des affaires essentielles sur les parcours rapides. Le label Green Shape de VAUDE garantit un produit \u00e9cologique, fonctionnel et fabriqu\u00e9 dans des mat\u00e9riaux durables. En tant que membre Leader de l&rsquo;organisme ind\u00e9pendant Fair Wear, VAUDE s&rsquo;engage en faveur de conditions de travail et de salaires \u00e9quitables.<\/p>\n<p><em>capuche mont\u00e9e et r\u00e9glable en largeur, zip frontal avec rabat int\u00e9rieur, 1 poche frontale avec zip cousu finement, ventilation d\u00e9coup\u00e9e au laser aux aisselles, manches pr\u00e9form\u00e9es, empi\u00e8cements \u00e9lastiques aux poignets<\/em><\/p>","protected":false},"excerpt":{"rendered":"<p>Veste coupe-vent femme l\u00e9g\u00e8re et compressible pour les sorties en montagne, prenant part au concept d&rsquo;\u00e9conomie circulaire VAUDE #perforation sous les bras pour une meilleure ventilation #bordures \u00e9lastiques \u00e0 la capuche et aux manches #mati\u00e8re principale fabriqu\u00e9e en polyester 100\u00a0% recycl\u00e9<\/p>","protected":false},"featured_media":26545,"comment_status":"closed","ping_status":"open","template":"","meta":[],"product_brand":[375],"product_cat":[213,709,216],"product_tag":[365,368,422,421],"class_list":["post-48206","product","type-product","status-publish","has-post-thumbnail","product_brand-vaude","product_cat-boutique","product_cat-veste","product_cat-vetements","product_tag-boutique","product_tag-vente","product_tag-vente-vetement","product_tag-vetement","pa_couleur-aqua","pa_couleur-dusty-fern","pa_couleur-magenta","pa_couleur-nordic-blue","pa_couleur-pink-orchid","pa_taille-466","pa_taille-436","pa_taille-437","pa_taille-438","pa_taille-439","pa_taille-440","first","instock","purchasable","product-type-variable"],"_links":{"self":[{"href":"https:\/\/www.tracea.ch\/en\/wp-json\/wp\/v2\/product\/48206","targetHints":{"allow":["GET"]}}],"collection":[{"href":"https:\/\/www.tracea.ch\/en\/wp-json\/wp\/v2\/product"}],"about":[{"href":"https:\/\/www.tracea.ch\/en\/wp-json\/wp\/v2\/types\/product"}],"replies":[{"embeddable":true,"href":"https:\/\/www.tracea.ch\/en\/wp-json\/wp\/v2\/comments?post=48206"}],"version-history":[{"count":1,"href":"https:\/\/www.tracea.ch\/en\/wp-json\/wp\/v2\/product\/48206\/revisions"}],"predecessor-version":[{"id":48207,"href":"https:\/\/www.tracea.ch\/en\/wp-json\/wp\/v2\/product\/48206\/revisions\/48207"}],"wp:featuredmedia":[{"embeddable":true,"href":"https:\/\/www.tracea.ch\/en\/wp-json\/wp\/v2\/media\/26545"}],"wp:attachment":[{"href":"https:\/\/www.tracea.ch\/en\/wp-json\/wp\/v2\/media?parent=48206"}],"wp:term":[{"taxonomy":"product_brand","embeddable":true,"href":"https:\/\/www.tracea.ch\/en\/wp-json\/wp\/v2\/product_brand?post=48206"},{"taxonomy":"product_cat","embeddable":true,"href":"https:\/\/www.tracea.ch\/en\/wp-json\/wp\/v2\/product_cat?post=48206"},{"taxonomy":"product_tag","embeddable":true,"href":"https:\/\/www.tracea.ch\/en\/wp-json\/wp\/v2\/product_tag?post=48206"}],"curies":[{"name":"wp","href":"https:\/\/api.w.org\/{rel}","templated":true}]}}

https://www.tracea.ch/boutique/non%20classé/womens-scopi-wind-jacket/

<p>Que ce soit sur des parcours cyclistes, de course à pied, d&rsquo;escalade ou de randonnée, la veste coupe-vent Scopi pour femme offre une protection efficace contre le refroidissement. La veste minimaliste est ultralégère et trouve une petite place dans chaque sac ou sac à dos avec son faible encombrement. Pour une protection optimale contre le vent, la capuche réglable et les manches sont munies d&rsquo;une bordure élastique. Des perforations fines laser sous les bras assurent l&rsquo;évacuation rapide de l&rsquo;excès de chaleur lors des activités physiques intenses. Grâce à sa matière extérieure coupe-vent apprêtée avec la finition Eco Finish sans PFC, déperlante et antisalissures, la veste Scopi Wind peut braver des averses de pluie fine. Une petite poche munie d&rsquo;un zip couvert permet de transporter des affaires essentielles sur les parcours rapides. Le label Green Shape de VAUDE garantit un produit écologique, fonctionnel et fabriqué dans des matériaux durables. En tant que membre Leader de l&rsquo;organisme indépendant Fair Wear, VAUDE s&rsquo;engage en faveur de conditions de travail et de salaires équitables.</p>
<p><em>capuche montée et réglable en largeur, zip frontal avec rabat intérieur, 1 poche frontale avec zip cousu finement, ventilation découpée au laser aux aisselles, manches préformées, empiècements élastiques aux poignets</em></p>

<p>Veste coupe-vent femme légère et compressible pour les sorties en montagne, prenant part au concept d&rsquo;économie circulaire VAUDE #perforation sous les bras pour une meilleure ventilation #bordures élastiques à la capuche et aux manches #matière principale fabriquée en polyester 100 % recyclé</p>
