{"id":48406,"date":"2026-07-08T13:45:17","date_gmt":"2026-07-08T13:45:17","guid":{"rendered":"https:\/\/www.tracea.ch\/boutique\/non%20class\u00e9\/mens-neyland-hiking-hoody\/"},"modified":"2026-07-08T13:46:36","modified_gmt":"2026-07-08T13:46:36","slug":"mens-neyland-hiking-hoody","status":"publish","type":"product","link":"https:\/\/www.tracea.ch\/en\/boutique\/mens-neyland-hiking-hoody\/","title":{"rendered":"Men&rsquo;s Neyland Hiking Hoody"},"content":{"rendered":"<p>Le hoodie Neyland pour homme ne doit manquer dans aucun sac \u00e0 dos de randonn\u00e9e. Port\u00e9e sous une veste hardshell, la polaire douce constitue une couche interm\u00e9diaire id\u00e9ale, car elle pr\u00e9sente une haute respirabilit\u00e9 et peut \u00e9vacuer rapidement l&rsquo;humidit\u00e9 lors d&rsquo;activit\u00e9s physiquement intenses. Le hoodie est facile \u00e0 entretenir, s\u00e8che rapidement, et constitue ainsi une tenue id\u00e9ale sur des vir\u00e9es de plusieurs jours. La capuche s&rsquo;enfile rapidement quand les rafales de vent d\u00e9ferlent en montagne. De par son design sportif et moderne, la polaire peut se porter aussi au quotidien et en voyage. Les deux poches avant zipp\u00e9es peuvent accueillir des petites affaires comme un smartphone, un porte-monnaie ou des gants pour les garder en permanence \u00e0 port\u00e9e de main. Le label Green Shape de VAUDE garantit un produit \u00e9cologique, fonctionnel et fabriqu\u00e9 dans des mat\u00e9riaux durables.<\/p>\n<p><em>zip frontal avec rabat int\u00e9rieur, 2 poches frontales avec fermeture \u00e9clair, capuche mont\u00e9e et r\u00e9glable en largeur<\/em><\/p>","protected":false},"excerpt":{"rendered":"<p>Hoodie polaire pour homme, prenant part au concept d&rsquo;\u00e9conomie circulaire VAUDE #chaud et respirant #avec capuche #mati\u00e8re principale fabriqu\u00e9e en polyester recycl\u00e9<\/p>","protected":false},"featured_media":28328,"comment_status":"closed","ping_status":"open","template":"","meta":[],"product_brand":[375],"product_cat":[213,709,216],"product_tag":[365,368,422,421],"class_list":["post-48406","product","type-product","status-publish","has-post-thumbnail","product_brand-vaude","product_cat-boutique","product_cat-veste","product_cat-vetements","product_tag-boutique","product_tag-vente","product_tag-vente-vetement","product_tag-vetement","pa_couleur-agave","pa_couleur-black","pa_couleur-dark-leaf","pa_couleur-dark-sea","pa_couleur-purple-ash","pa_taille-l","pa_taille-m","pa_taille-s","pa_taille-xl","pa_taille-xxl","pa_taille-xxxl","first","instock","purchasable","product-type-variable"],"_links":{"self":[{"href":"https:\/\/www.tracea.ch\/en\/wp-json\/wp\/v2\/product\/48406","targetHints":{"allow":["GET"]}}],"collection":[{"href":"https:\/\/www.tracea.ch\/en\/wp-json\/wp\/v2\/product"}],"about":[{"href":"https:\/\/www.tracea.ch\/en\/wp-json\/wp\/v2\/types\/product"}],"replies":[{"embeddable":true,"href":"https:\/\/www.tracea.ch\/en\/wp-json\/wp\/v2\/comments?post=48406"}],"version-history":[{"count":1,"href":"https:\/\/www.tracea.ch\/en\/wp-json\/wp\/v2\/product\/48406\/revisions"}],"predecessor-version":[{"id":48407,"href":"https:\/\/www.tracea.ch\/en\/wp-json\/wp\/v2\/product\/48406\/revisions\/48407"}],"wp:featuredmedia":[{"embeddable":true,"href":"https:\/\/www.tracea.ch\/en\/wp-json\/wp\/v2\/media\/28328"}],"wp:attachment":[{"href":"https:\/\/www.tracea.ch\/en\/wp-json\/wp\/v2\/media?parent=48406"}],"wp:term":[{"taxonomy":"product_brand","embeddable":true,"href":"https:\/\/www.tracea.ch\/en\/wp-json\/wp\/v2\/product_brand?post=48406"},{"taxonomy":"product_cat","embeddable":true,"href":"https:\/\/www.tracea.ch\/en\/wp-json\/wp\/v2\/product_cat?post=48406"},{"taxonomy":"product_tag","embeddable":true,"href":"https:\/\/www.tracea.ch\/en\/wp-json\/wp\/v2\/product_tag?post=48406"}],"curies":[{"name":"wp","href":"https:\/\/api.w.org\/{rel}","templated":true}]}}

https://www.tracea.ch/boutique/non%20classé/mens-neyland-hiking-hoody/

<p>Le hoodie Neyland pour homme ne doit manquer dans aucun sac à dos de randonnée. Portée sous une veste hardshell, la polaire douce constitue une couche intermédiaire idéale, car elle présente une haute respirabilité et peut évacuer rapidement l&rsquo;humidité lors d&rsquo;activités physiquement intenses. Le hoodie est facile à entretenir, sèche rapidement, et constitue ainsi une tenue idéale sur des virées de plusieurs jours. La capuche s&rsquo;enfile rapidement quand les rafales de vent déferlent en montagne. De par son design sportif et moderne, la polaire peut se porter aussi au quotidien et en voyage. Les deux poches avant zippées peuvent accueillir des petites affaires comme un smartphone, un porte-monnaie ou des gants pour les garder en permanence à portée de main. Le label Green Shape de VAUDE garantit un produit écologique, fonctionnel et fabriqué dans des matériaux durables.</p>
<p><em>zip frontal avec rabat intérieur, 2 poches frontales avec fermeture éclair, capuche montée et réglable en largeur</em></p>

<p>Hoodie polaire pour homme, prenant part au concept d&rsquo;économie circulaire VAUDE #chaud et respirant #avec capuche #matière principale fabriquée en polyester recyclé</p>
