{"id":49175,"date":"2026-07-08T14:08:41","date_gmt":"2026-07-08T14:08:41","guid":{"rendered":"https:\/\/www.tracea.ch\/boutique\/non%20class\u00e9\/womens-manukau-parka-iii\/"},"modified":"2026-07-08T14:09:56","modified_gmt":"2026-07-08T14:09:56","slug":"womens-manukau-parka-iii","status":"publish","type":"product","link":"https:\/\/www.tracea.ch\/en\/boutique\/womens-manukau-parka-iii\/","title":{"rendered":"Women&rsquo;s Manukau Parka III"},"content":{"rendered":"<p>Un compagnon appr\u00e9ci\u00e9 et \u00e9prouv\u00e9 pour la saison froide : la parka urbaine Manukau femme, imperm\u00e9able et \u00e9tanche au vent ! Une parka chaude et fiable pour femme avec une polaire sherpa douce et douillette au niveau du col et de la capuche ainsi qu\u2019un int\u00e9rieur magnifiquement matelass\u00e9 et chaudement rembourr\u00e9. Des bords-c\u00f4tes doux aux poignets prot\u00e8gent du vent les jours de froid glacial et le cordon de serrage de la capuche entoure la t\u00eate en cas de temp\u00eate ou de pluie. La parka femme a une coupe droite, mais peut \u00eatre resserr\u00e9e \u00e0 la taille gr\u00e2ce \u00e0 un cordon de serrage. Les poches en biais spacieuses et pratiques ont une double fonction : Les petits accessoires et les mains peuvent \u00eatre rang\u00e9s ind\u00e9pendamment les uns des autres, aussi bien par le haut via la languette que dans les poches lat\u00e9rales zipp\u00e9es. La membrane respirante, \u00e9tanche au vent et imperm\u00e9able et le look intemporel font de cette parka femme une tenue d\u2019hiver urbaine pour de nombreuses ann\u00e9es. Cette parka a \u00e9t\u00e9 trait\u00e9e avec Eco Finish, un appr\u00eat \u00e9cologique d\u00e9perlant et antisalissures sans fluorocarbone (PFC). Le label Green Shape de VAUDE garantit un produit \u00e9cologique, fonctionnel et fabriqu\u00e9 dans des mat\u00e9riaux durables.<\/p>\n<p><em>mati\u00e8re double \u00e9paisseur, doublure partielle en Sherpa, capuche int\u00e9gr\u00e9e r\u00e9glable avec col s\u00e9par\u00e9, 2 zips \u00e0 double-sens avec rabat sur le devant, avec zip facilement r\u00e9parable, 2 poches appliqu\u00e9es avec fermeture par bouton-pression et poche zipp\u00e9e suppl\u00e9mentaire, manches r\u00e9glables avec bordures c\u00f4tel\u00e9es int\u00e9rieures, 1 poche int\u00e9rieure zipp\u00e9e, cordon \u00e0 la taille<\/em><\/p>","protected":false},"excerpt":{"rendered":"<p>Parka imperm\u00e9able et chaude femme pour le quotidien et les loisirs #imperm\u00e9able et \u00e9tanche au vent #doublure moelleuse #mati\u00e8re principale en polyester 100\u00a0% recycl\u00e9<\/p>","protected":false},"featured_media":42358,"comment_status":"closed","ping_status":"open","template":"","meta":[],"product_brand":[375],"product_cat":[213,709,216],"product_tag":[365,368,422,421],"class_list":["post-49175","product","type-product","status-publish","has-post-thumbnail","product_brand-vaude","product_cat-boutique","product_cat-veste","product_cat-vetements","product_tag-boutique","product_tag-vente","product_tag-vente-vetement","product_tag-vetement","pa_couleur-agave","pa_couleur-buckeye","pa_couleur-dark-sea","pa_couleur-oat","pa_taille-436","pa_taille-437","pa_taille-438","pa_taille-439","pa_taille-440","pa_taille-441","pa_taille-459","first","instock","purchasable","product-type-variable"],"_links":{"self":[{"href":"https:\/\/www.tracea.ch\/en\/wp-json\/wp\/v2\/product\/49175","targetHints":{"allow":["GET"]}}],"collection":[{"href":"https:\/\/www.tracea.ch\/en\/wp-json\/wp\/v2\/product"}],"about":[{"href":"https:\/\/www.tracea.ch\/en\/wp-json\/wp\/v2\/types\/product"}],"replies":[{"embeddable":true,"href":"https:\/\/www.tracea.ch\/en\/wp-json\/wp\/v2\/comments?post=49175"}],"version-history":[{"count":1,"href":"https:\/\/www.tracea.ch\/en\/wp-json\/wp\/v2\/product\/49175\/revisions"}],"predecessor-version":[{"id":49176,"href":"https:\/\/www.tracea.ch\/en\/wp-json\/wp\/v2\/product\/49175\/revisions\/49176"}],"wp:featuredmedia":[{"embeddable":true,"href":"https:\/\/www.tracea.ch\/en\/wp-json\/wp\/v2\/media\/42358"}],"wp:attachment":[{"href":"https:\/\/www.tracea.ch\/en\/wp-json\/wp\/v2\/media?parent=49175"}],"wp:term":[{"taxonomy":"product_brand","embeddable":true,"href":"https:\/\/www.tracea.ch\/en\/wp-json\/wp\/v2\/product_brand?post=49175"},{"taxonomy":"product_cat","embeddable":true,"href":"https:\/\/www.tracea.ch\/en\/wp-json\/wp\/v2\/product_cat?post=49175"},{"taxonomy":"product_tag","embeddable":true,"href":"https:\/\/www.tracea.ch\/en\/wp-json\/wp\/v2\/product_tag?post=49175"}],"curies":[{"name":"wp","href":"https:\/\/api.w.org\/{rel}","templated":true}]}}

https://www.tracea.ch/boutique/non%20classé/womens-manukau-parka-iii/

<p>Un compagnon apprécié et éprouvé pour la saison froide : la parka urbaine Manukau femme, imperméable et étanche au vent ! Une parka chaude et fiable pour femme avec une polaire sherpa douce et douillette au niveau du col et de la capuche ainsi qu’un intérieur magnifiquement matelassé et chaudement rembourré. Des bords-côtes doux aux poignets protègent du vent les jours de froid glacial et le cordon de serrage de la capuche entoure la tête en cas de tempête ou de pluie. La parka femme a une coupe droite, mais peut être resserrée à la taille grâce à un cordon de serrage. Les poches en biais spacieuses et pratiques ont une double fonction : Les petits accessoires et les mains peuvent être rangés indépendamment les uns des autres, aussi bien par le haut via la languette que dans les poches latérales zippées. La membrane respirante, étanche au vent et imperméable et le look intemporel font de cette parka femme une tenue d’hiver urbaine pour de nombreuses années. Cette parka a été traitée avec Eco Finish, un apprêt écologique déperlant et antisalissures sans fluorocarbone (PFC). Le label Green Shape de VAUDE garantit un produit écologique, fonctionnel et fabriqué dans des matériaux durables.</p>
<p><em>matière double épaisseur, doublure partielle en Sherpa, capuche intégrée réglable avec col séparé, 2 zips à double-sens avec rabat sur le devant, avec zip facilement réparable, 2 poches appliquées avec fermeture par bouton-pression et poche zippée supplémentaire, manches réglables avec bordures côtelées intérieures, 1 poche intérieure zippée, cordon à la taille</em></p>

<p>Parka imperméable et chaude femme pour le quotidien et les loisirs #imperméable et étanche au vent #doublure moelleuse #matière principale en polyester 100 % recyclé</p>
