{"id":49508,"date":"2026-07-08T14:19:23","date_gmt":"2026-07-08T14:19:23","guid":{"rendered":"https:\/\/www.tracea.ch\/boutique\/non%20class\u00e9\/womens-monviso-fleece-jacket-iii\/"},"modified":"2026-07-08T14:20:50","modified_gmt":"2026-07-08T14:20:50","slug":"womens-monviso-fleece-jacket-iii","status":"publish","type":"product","link":"https:\/\/www.tracea.ch\/en\/boutique\/womens-monviso-fleece-jacket-iii\/","title":{"rendered":"Women&rsquo;s Monviso Fleece Jacket III"},"content":{"rendered":"<p>Que ce soit au sommet, au camp de base ou au quotidien, cette veste polaire \u00e9lastique pour femme allie design fonctionnel et performances exceptionnelles. Elle est parfaite comme couche interm\u00e9diaire sous une hardshell pour les randonn\u00e9es \u00e0 ski exigeantes, les descentes rapides en freeride ou les randonn\u00e9es aventureuses en montagne. La structure gaufr\u00e9e \u00e0 l\u2019int\u00e9rieur permet d\u2019\u00e9vacuer efficacement l\u2019humidit\u00e9 tout en maintenant une chaleur agr\u00e9able. Des inserts \u00e9lastiques sur la capuche ajust\u00e9e et les poignets prot\u00e8gent du vent, tandis que des passe-pouces permettent \u00e0 la veste polaire de rester en place lorsque l\u2019on utilise le principe des couches. Deux poches en biais plac\u00e9es plus haut permettent de garder les mains froides ou un bonnet suppl\u00e9mentaire, et une poche pratique sur la poitrine permet de garder les mouchoirs ou la monnaie \u00e0 port\u00e9e de main. En tant que membre Leader de l\u2019organisme ind\u00e9pendant Fair Wear, VAUDE s\u2019engage en faveur de conditions de travail et de salaires \u00e9quitables.<\/p>\n<p><em>capuche mont\u00e9e, zip frontal avec rabat int\u00e9rieur, 1 poche poitrine avec zipp\u00e9e, 2 poches frontales avec fermeture \u00e9clair, avec ouverture pour le pouce<\/em><\/p>","protected":false},"excerpt":{"rendered":"<p>Veste polaire femme tr\u00e8s \u00e9lastique \u00e0 porter en dessous pour les sports de montagne, prenant part au concept d&rsquo;\u00e9conomie circulaire VAUDE #respirante et thermique #agr\u00e9able \u00e0 porter et s\u00e8che rapidement #mati\u00e8re principale fabriqu\u00e9e \u00e0 100\u00a0% en polyester recycl\u00e9<\/p>","protected":false},"featured_media":42545,"comment_status":"closed","ping_status":"open","template":"","meta":[],"product_brand":[375],"product_cat":[213,709,216],"product_tag":[365,368,422,421],"class_list":["post-49508","product","type-product","status-publish","has-post-thumbnail","product_brand-vaude","product_cat-boutique","product_cat-veste","product_cat-vetements","product_tag-boutique","product_tag-vente","product_tag-vente-vetement","product_tag-vetement","pa_couleur-agave","pa_couleur-black","pa_couleur-dusty-fern","pa_couleur-savanna","pa_couleur-shore-blue","pa_taille-466","pa_taille-436","pa_taille-437","pa_taille-438","pa_taille-439","pa_taille-440","pa_taille-441","first","instock","purchasable","product-type-variable"],"_links":{"self":[{"href":"https:\/\/www.tracea.ch\/en\/wp-json\/wp\/v2\/product\/49508","targetHints":{"allow":["GET"]}}],"collection":[{"href":"https:\/\/www.tracea.ch\/en\/wp-json\/wp\/v2\/product"}],"about":[{"href":"https:\/\/www.tracea.ch\/en\/wp-json\/wp\/v2\/types\/product"}],"replies":[{"embeddable":true,"href":"https:\/\/www.tracea.ch\/en\/wp-json\/wp\/v2\/comments?post=49508"}],"version-history":[{"count":1,"href":"https:\/\/www.tracea.ch\/en\/wp-json\/wp\/v2\/product\/49508\/revisions"}],"predecessor-version":[{"id":49509,"href":"https:\/\/www.tracea.ch\/en\/wp-json\/wp\/v2\/product\/49508\/revisions\/49509"}],"wp:featuredmedia":[{"embeddable":true,"href":"https:\/\/www.tracea.ch\/en\/wp-json\/wp\/v2\/media\/42545"}],"wp:attachment":[{"href":"https:\/\/www.tracea.ch\/en\/wp-json\/wp\/v2\/media?parent=49508"}],"wp:term":[{"taxonomy":"product_brand","embeddable":true,"href":"https:\/\/www.tracea.ch\/en\/wp-json\/wp\/v2\/product_brand?post=49508"},{"taxonomy":"product_cat","embeddable":true,"href":"https:\/\/www.tracea.ch\/en\/wp-json\/wp\/v2\/product_cat?post=49508"},{"taxonomy":"product_tag","embeddable":true,"href":"https:\/\/www.tracea.ch\/en\/wp-json\/wp\/v2\/product_tag?post=49508"}],"curies":[{"name":"wp","href":"https:\/\/api.w.org\/{rel}","templated":true}]}}

https://www.tracea.ch/boutique/non%20classé/womens-monviso-fleece-jacket-iii/

<p>Que ce soit au sommet, au camp de base ou au quotidien, cette veste polaire élastique pour femme allie design fonctionnel et performances exceptionnelles. Elle est parfaite comme couche intermédiaire sous une hardshell pour les randonnées à ski exigeantes, les descentes rapides en freeride ou les randonnées aventureuses en montagne. La structure gaufrée à l’intérieur permet d’évacuer efficacement l’humidité tout en maintenant une chaleur agréable. Des inserts élastiques sur la capuche ajustée et les poignets protègent du vent, tandis que des passe-pouces permettent à la veste polaire de rester en place lorsque l’on utilise le principe des couches. Deux poches en biais placées plus haut permettent de garder les mains froides ou un bonnet supplémentaire, et une poche pratique sur la poitrine permet de garder les mouchoirs ou la monnaie à portée de main. En tant que membre Leader de l’organisme indépendant Fair Wear, VAUDE s’engage en faveur de conditions de travail et de salaires équitables.</p>
<p><em>capuche montée, zip frontal avec rabat intérieur, 1 poche poitrine avec zippée, 2 poches frontales avec fermeture éclair, avec ouverture pour le pouce</em></p>

<p>Veste polaire femme très élastique à porter en dessous pour les sports de montagne, prenant part au concept d&rsquo;économie circulaire VAUDE #respirante et thermique #agréable à porter et sèche rapidement #matière principale fabriquée à 100 % en polyester recyclé</p>
