{"id":50952,"date":"2026-07-08T15:03:40","date_gmt":"2026-07-08T15:03:40","guid":{"rendered":"https:\/\/www.tracea.ch\/boutique\/non%20class\u00e9\/kids-pulex-vest-ii\/"},"modified":"2026-07-08T15:04:05","modified_gmt":"2026-07-08T15:04:05","slug":"kids-pulex-vest-ii","status":"publish","type":"product","link":"https:\/\/www.tracea.ch\/en\/boutique\/kids-pulex-vest-ii\/","title":{"rendered":"Kids Pulex Vest II"},"content":{"rendered":"<p>Super pour le froid :le chaud gilet polaire Pulex pour enfant. Ce gilet plein air pour la mi-saison a \u00e9t\u00e9 fabriqu\u00e9 \u00e0 100% en polyester recycl\u00e9 \u00e9cologique. Il est tout doux, facile d&rsquo;entretien et disponible en plusieurs couleurs. Ses grandes poches en biais peuvent accueillir toutes les trouvailles. Le gilet polaire pour enfant Pulex a \u00e9t\u00e9 con\u00e7u de fa\u00e7on \u00e0 pouvoir \u00eatre zipp\u00e9 dans toutes les vestes enfant VAUDE \u00e0 dispositif Zip-in (\u00e0 l&rsquo;exception de la veste Escape 3 en 1). Et voil\u00e0, une veste de pluie est transform\u00e9e en une veste chaude 3en1! Les v\u00eatements pour enfants fonctionnels VAUDE ont plus d&rsquo;un atout: mat\u00e9riaux de qualit\u00e9, formes et couleurs adapt\u00e9es aux enfants et fabrication \u00e9cologique. Nous concevons des \u00e9quipements outdoor pour enfants hautement r\u00e9sistants qui peuvent ainsi \u00eatre pass\u00e9s d&rsquo;un enfant \u00e0 un autre. Le label Green Shape de VAUDE garantit un produit \u00e9cologique, fonctionnel et fabriqu\u00e9 dans des mat\u00e9riaux durables certifi\u00e9s bluesign\u00ae.<\/p>\n<p><em>il est possible de l&rsquo;attacher \u00e0 une veste ext\u00e9rieure gr\u00e2ce \u00e0 un zip, fleece 200, emmanchures avec bord en lycra, 2 poches sur le devant, Rabat int\u00e9rieur avec prot\u00e8ge-menton dans le col, col montant mont\u00e9, avec petite plaque pour y inscrire le nom<\/em><\/p>","protected":false},"excerpt":{"rendered":"<p>Gilet polaire enfant pour le sport, le quotidien et les loisirs #agr\u00e9ablement chaud et facile d&rsquo;entretien #zippable sur les zip-in vestes VAUDE #fabrication en mat\u00e9riau 100 % recycl\u00e9<\/p>","protected":false},"featured_media":23651,"comment_status":"closed","ping_status":"open","template":"","meta":[],"product_brand":[375],"product_cat":[213,728,216],"product_tag":[365,368,422,421],"class_list":["post-50952","product","type-product","status-publish","has-post-thumbnail","product_brand-vaude","product_cat-boutique","product_cat-gilet","product_cat-vetements","product_tag-boutique","product_tag-vente","product_tag-vente-vetement","product_tag-vetement","pa_couleur-dark-sea","pa_couleur-redeva","pa_taille-424","pa_taille-110-116","pa_taille-122-128","pa_taille-134-140","pa_taille-146-152","pa_taille-158-164","pa_taille-418","pa_taille-423","first","instock","purchasable","product-type-variable"],"_links":{"self":[{"href":"https:\/\/www.tracea.ch\/en\/wp-json\/wp\/v2\/product\/50952","targetHints":{"allow":["GET"]}}],"collection":[{"href":"https:\/\/www.tracea.ch\/en\/wp-json\/wp\/v2\/product"}],"about":[{"href":"https:\/\/www.tracea.ch\/en\/wp-json\/wp\/v2\/types\/product"}],"replies":[{"embeddable":true,"href":"https:\/\/www.tracea.ch\/en\/wp-json\/wp\/v2\/comments?post=50952"}],"version-history":[{"count":1,"href":"https:\/\/www.tracea.ch\/en\/wp-json\/wp\/v2\/product\/50952\/revisions"}],"predecessor-version":[{"id":50953,"href":"https:\/\/www.tracea.ch\/en\/wp-json\/wp\/v2\/product\/50952\/revisions\/50953"}],"wp:featuredmedia":[{"embeddable":true,"href":"https:\/\/www.tracea.ch\/en\/wp-json\/wp\/v2\/media\/23651"}],"wp:attachment":[{"href":"https:\/\/www.tracea.ch\/en\/wp-json\/wp\/v2\/media?parent=50952"}],"wp:term":[{"taxonomy":"product_brand","embeddable":true,"href":"https:\/\/www.tracea.ch\/en\/wp-json\/wp\/v2\/product_brand?post=50952"},{"taxonomy":"product_cat","embeddable":true,"href":"https:\/\/www.tracea.ch\/en\/wp-json\/wp\/v2\/product_cat?post=50952"},{"taxonomy":"product_tag","embeddable":true,"href":"https:\/\/www.tracea.ch\/en\/wp-json\/wp\/v2\/product_tag?post=50952"}],"curies":[{"name":"wp","href":"https:\/\/api.w.org\/{rel}","templated":true}]}}

https://www.tracea.ch/boutique/non%20classé/kids-pulex-vest-ii/

<p>Super pour le froid :le chaud gilet polaire Pulex pour enfant. Ce gilet plein air pour la mi-saison a été fabriqué à 100% en polyester recyclé écologique. Il est tout doux, facile d&rsquo;entretien et disponible en plusieurs couleurs. Ses grandes poches en biais peuvent accueillir toutes les trouvailles. Le gilet polaire pour enfant Pulex a été conçu de façon à pouvoir être zippé dans toutes les vestes enfant VAUDE à dispositif Zip-in (à l&rsquo;exception de la veste Escape 3 en 1). Et voilà, une veste de pluie est transformée en une veste chaude 3en1! Les vêtements pour enfants fonctionnels VAUDE ont plus d&rsquo;un atout: matériaux de qualité, formes et couleurs adaptées aux enfants et fabrication écologique. Nous concevons des équipements outdoor pour enfants hautement résistants qui peuvent ainsi être passés d&rsquo;un enfant à un autre. Le label Green Shape de VAUDE garantit un produit écologique, fonctionnel et fabriqué dans des matériaux durables certifiés bluesign®.</p>
<p><em>il est possible de l&rsquo;attacher à une veste extérieure grâce à un zip, fleece 200, emmanchures avec bord en lycra, 2 poches sur le devant, Rabat intérieur avec protège-menton dans le col, col montant monté, avec petite plaque pour y inscrire le nom</em></p>

<p>Gilet polaire enfant pour le sport, le quotidien et les loisirs #agréablement chaud et facile d&rsquo;entretien #zippable sur les zip-in vestes VAUDE #fabrication en matériau 100 % recyclé</p>
