{"id":6415,"date":"2026-06-29T15:33:58","date_gmt":"2026-06-29T15:33:58","guid":{"rendered":"https:\/\/www.tracea.ch\/boutique\/non%20class\u00e9\/rotstein-950-dwn\/"},"modified":"2026-06-29T15:34:19","modified_gmt":"2026-06-29T15:34:19","slug":"rotstein-950-dwn","status":"publish","type":"product","link":"https:\/\/www.tracea.ch\/en\/boutique\/rotstein-950-dwn\/","title":{"rendered":"Rotstein 950 DWN"},"content":{"rendered":"<p>Qui recherche un sac de couchage en duvet l\u00e9ger pour les quatre saisons sera log\u00e9 \u00e0 la bonne enseigne avec Rotstein 950 DWN. Ce sac de couchage momie l\u00e9ger pr\u00e9sente une construction l\u00e9g\u00e8re de compartiments en H en biais et un garnissage en duvet de canard haut de gamme 950 g, d\u00e9perlant et d&rsquo;un pouvoir gonflant de 800 cuin, tir\u00e9 d&rsquo;une production certifi\u00e9e Responsible Down Standard (RDS). Le mat\u00e9riau ext\u00e9rieur de ce sac de couchage en duvet compact est compos\u00e9 de 100 % polyester recycl\u00e9 haut de gamme, qui s\u00e9duit par son poids ultral\u00e9ger et sa r\u00e9sistance \u00e0 l&rsquo;usure tr\u00e8s \u00e9lev\u00e9e. Pratique : Il suffit de quelques manipulations pour ajuster le sac de couchage en longueur de 25 \u00e0 30 cm. Le col chaud et la capuche sont ajustables en toute facilit\u00e9 \u00e0 l&rsquo;aide d&rsquo;un syst\u00e8me de cordons astucieux ; les pieds sont cal\u00e9s dans un compartiment bien chaud 3D ergonomique. Sa coupe est optimis\u00e9e sur le plan de la chaleur et du volume. Les mati\u00e8res utilis\u00e9es sont bluesign\u00aecertifi\u00e9es. Ce produit est imperm\u00e9abilis\u00e9 avec la finition Eco Finish, \u00e9cologique et sans fluorocarbures (PFC). Le label Green Shape de VAUDE garantit un produit \u00e9cologique, fonctionnel et fabriqu\u00e9 dans des mat\u00e9riaux durables.<\/p>\n<p><em>Sac de couchage l\u00e9ger et tr\u00e8s chaud pour les alpinistes et les trekkers # 4saisons (toute l&rsquo;ann\u00e9e) # mat\u00e9riau 100% polyester recycl\u00e9 #fabrication \u00e9cologique<\/em><\/p>","protected":false},"excerpt":{"rendered":"<p>Sac de couchage l\u00e9ger et tr\u00e8s chaud pour les alpinistes et les trekkers # 4saisons (toute l&rsquo;ann\u00e9e) # mat\u00e9riau 100% polyester recycl\u00e9 #fabrication \u00e9cologique<\/p>","protected":false},"featured_media":6416,"comment_status":"closed","ping_status":"open","template":"","meta":[],"product_brand":[375],"product_cat":[213,394,362],"product_tag":[365,389,368,390],"class_list":["post-6415","product","type-product","status-publish","has-post-thumbnail","product_brand-vaude","product_cat-boutique","product_cat-duvet","product_cat-sacs-de-couchage","product_tag-boutique","product_tag-sac-de-couchage","product_tag-vente","product_tag-vente-sac-de-couchage","pa_saison-toutes-saisons-hiver-printemps-automne","first","instock","purchasable","product-type-simple"],"_links":{"self":[{"href":"https:\/\/www.tracea.ch\/en\/wp-json\/wp\/v2\/product\/6415","targetHints":{"allow":["GET"]}}],"collection":[{"href":"https:\/\/www.tracea.ch\/en\/wp-json\/wp\/v2\/product"}],"about":[{"href":"https:\/\/www.tracea.ch\/en\/wp-json\/wp\/v2\/types\/product"}],"replies":[{"embeddable":true,"href":"https:\/\/www.tracea.ch\/en\/wp-json\/wp\/v2\/comments?post=6415"}],"version-history":[{"count":0,"href":"https:\/\/www.tracea.ch\/en\/wp-json\/wp\/v2\/product\/6415\/revisions"}],"wp:featuredmedia":[{"embeddable":true,"href":"https:\/\/www.tracea.ch\/en\/wp-json\/wp\/v2\/media\/6416"}],"wp:attachment":[{"href":"https:\/\/www.tracea.ch\/en\/wp-json\/wp\/v2\/media?parent=6415"}],"wp:term":[{"taxonomy":"product_brand","embeddable":true,"href":"https:\/\/www.tracea.ch\/en\/wp-json\/wp\/v2\/product_brand?post=6415"},{"taxonomy":"product_cat","embeddable":true,"href":"https:\/\/www.tracea.ch\/en\/wp-json\/wp\/v2\/product_cat?post=6415"},{"taxonomy":"product_tag","embeddable":true,"href":"https:\/\/www.tracea.ch\/en\/wp-json\/wp\/v2\/product_tag?post=6415"}],"curies":[{"name":"wp","href":"https:\/\/api.w.org\/{rel}","templated":true}]}}

https://www.tracea.ch/boutique/non%20classé/rotstein-950-dwn/

<p>Qui recherche un sac de couchage en duvet léger pour les quatre saisons sera logé à la bonne enseigne avec Rotstein 950 DWN. Ce sac de couchage momie léger présente une construction légère de compartiments en H en biais et un garnissage en duvet de canard haut de gamme 950 g, déperlant et d&rsquo;un pouvoir gonflant de 800 cuin, tiré d&rsquo;une production certifiée Responsible Down Standard (RDS). Le matériau extérieur de ce sac de couchage en duvet compact est composé de 100 % polyester recyclé haut de gamme, qui séduit par son poids ultraléger et sa résistance à l&rsquo;usure très élevée. Pratique : Il suffit de quelques manipulations pour ajuster le sac de couchage en longueur de 25 à 30 cm. Le col chaud et la capuche sont ajustables en toute facilité à l&rsquo;aide d&rsquo;un système de cordons astucieux ; les pieds sont calés dans un compartiment bien chaud 3D ergonomique. Sa coupe est optimisée sur le plan de la chaleur et du volume. Les matières utilisées sont bluesign®certifiées. Ce produit est imperméabilisé avec la finition Eco Finish, écologique et sans fluorocarbures (PFC). Le label Green Shape de VAUDE garantit un produit écologique, fonctionnel et fabriqué dans des matériaux durables.</p>
<p><em>Sac de couchage léger et très chaud pour les alpinistes et les trekkers # 4saisons (toute l&rsquo;année) # matériau 100% polyester recyclé #fabrication écologique</em></p>

<p>Sac de couchage léger et très chaud pour les alpinistes et les trekkers # 4saisons (toute l&rsquo;année) # matériau 100% polyester recyclé #fabrication écologique</p>
