{"id":6662,"date":"2026-06-29T15:48:22","date_gmt":"2026-06-29T15:48:22","guid":{"rendered":"https:\/\/www.tracea.ch\/boutique\/non%20class\u00e9\/alpli-adjust-400-ii-syn\/"},"modified":"2026-06-29T15:48:22","modified_gmt":"2026-06-29T15:48:22","slug":"alpli-adjust-400-ii-syn","status":"publish","type":"product","link":"https:\/\/www.tracea.ch\/en\/boutique\/alpli-adjust-400-ii-syn\/","title":{"rendered":"Alpli Adjust 400 II SYN"},"content":{"rendered":"<p>Avec ce sac de couchage douillet pour enfant, m\u00eame les plus petits vont bien s&rsquo;amuser lors des prochaines vacances en camping. Avec une cerise sur le g\u00e2teau&nbsp;: il grandit comme son h\u00f4te&nbsp;! Le sac de couchage Alpli 400 peut s&rsquo;allonger au fur et \u00e0 mesure de la croissance de l&rsquo;enfant. Il est con\u00e7u pour des gar\u00e7ons et des filles entre 1,05&nbsp;m et 1,35&nbsp;m de taille corporelle. La longueur se r\u00e8gle facilement \u00e0 l&rsquo;aide d&rsquo;un syst\u00e8me de zip ais\u00e9ment maniable. Il suffit de retourner le pied du sac de couchage enfant, de fermer le zip et c&rsquo;est termin\u00e9. Le sac de couchage enfant Alpli 400 est muni d&rsquo;un zip long sur le c\u00f4t\u00e9 qui se manipule de l&rsquo;int\u00e9rieur et de l&rsquo;ext\u00e9rieur. Autre atout de ce sac de couchage chaud et douillet pour enfant&nbsp;: sa coupe plus \u00e9troite que celle des sacs de couchage adultes permet de devoir r\u00e9chauffer moins d&rsquo;air ambiant, et de bien prot\u00e9ger les petits lors des nuits plus fraiches. Les mat\u00e9riaux principaux ainsi que le garnissage du sac de couchage durable pour enfant sont fabriqu\u00e9s \u00e0 100&nbsp;% en polyester recycl\u00e9&nbsp;; un grand soin a \u00e9t\u00e9 apport\u00e9 \u00e0 une efficacit\u00e9 mat\u00e9rielle maximale lors de sa fabrication. Le label Green Shape de VAUDE garantit un produit \u00e9cologique, fonctionnel et fabriqu\u00e9 dans des mat\u00e9riaux durables.<\/p>\n<p><em>Sac de couchage \u00e9volutif enfant pour le camping ou le bivouac #accompagne la croissance avec un r\u00e9glage en longueur \u00e0 la port\u00e9e de tous #garnissage en fibres synth\u00e9tiques facile d&rsquo;entretien et durable #mat\u00e9riaux principaux en polyester 100&nbsp;% recycl\u00e9<\/em><\/p>","protected":false},"excerpt":{"rendered":"<p>Sac de couchage \u00e9volutif enfant pour le camping ou le bivouac #accompagne la croissance avec un r\u00e9glage en longueur \u00e0 la port\u00e9e de tous #garnissage en fibres synth\u00e9tiques facile d&rsquo;entretien et durable #mat\u00e9riaux principaux en polyester 100&nbsp;% recycl\u00e9<\/p>","protected":false},"featured_media":6663,"comment_status":"closed","ping_status":"open","template":"","meta":[],"product_brand":[375],"product_cat":[213,401,362],"product_tag":[365,389,368,390],"class_list":["post-6662","product","type-product","status-publish","has-post-thumbnail","product_brand-vaude","product_cat-boutique","product_cat-fibre-synthetique","product_cat-sacs-de-couchage","product_tag-boutique","product_tag-sac-de-couchage","product_tag-vente","product_tag-vente-sac-de-couchage","pa_saison-ete","first","instock","purchasable","product-type-simple"],"_links":{"self":[{"href":"https:\/\/www.tracea.ch\/en\/wp-json\/wp\/v2\/product\/6662","targetHints":{"allow":["GET"]}}],"collection":[{"href":"https:\/\/www.tracea.ch\/en\/wp-json\/wp\/v2\/product"}],"about":[{"href":"https:\/\/www.tracea.ch\/en\/wp-json\/wp\/v2\/types\/product"}],"replies":[{"embeddable":true,"href":"https:\/\/www.tracea.ch\/en\/wp-json\/wp\/v2\/comments?post=6662"}],"version-history":[{"count":0,"href":"https:\/\/www.tracea.ch\/en\/wp-json\/wp\/v2\/product\/6662\/revisions"}],"wp:featuredmedia":[{"embeddable":true,"href":"https:\/\/www.tracea.ch\/en\/wp-json\/wp\/v2\/media\/6663"}],"wp:attachment":[{"href":"https:\/\/www.tracea.ch\/en\/wp-json\/wp\/v2\/media?parent=6662"}],"wp:term":[{"taxonomy":"product_brand","embeddable":true,"href":"https:\/\/www.tracea.ch\/en\/wp-json\/wp\/v2\/product_brand?post=6662"},{"taxonomy":"product_cat","embeddable":true,"href":"https:\/\/www.tracea.ch\/en\/wp-json\/wp\/v2\/product_cat?post=6662"},{"taxonomy":"product_tag","embeddable":true,"href":"https:\/\/www.tracea.ch\/en\/wp-json\/wp\/v2\/product_tag?post=6662"}],"curies":[{"name":"wp","href":"https:\/\/api.w.org\/{rel}","templated":true}]}}

https://www.tracea.ch/boutique/non%20classé/alpli-adjust-400-ii-syn/

<p>Avec ce sac de couchage douillet pour enfant, même les plus petits vont bien s&rsquo;amuser lors des prochaines vacances en camping. Avec une cerise sur le gâteau&nbsp;: il grandit comme son hôte&nbsp;! Le sac de couchage Alpli 400 peut s&rsquo;allonger au fur et à mesure de la croissance de l&rsquo;enfant. Il est conçu pour des garçons et des filles entre 1,05&nbsp;m et 1,35&nbsp;m de taille corporelle. La longueur se règle facilement à l&rsquo;aide d&rsquo;un système de zip aisément maniable. Il suffit de retourner le pied du sac de couchage enfant, de fermer le zip et c&rsquo;est terminé. Le sac de couchage enfant Alpli 400 est muni d&rsquo;un zip long sur le côté qui se manipule de l&rsquo;intérieur et de l&rsquo;extérieur. Autre atout de ce sac de couchage chaud et douillet pour enfant&nbsp;: sa coupe plus étroite que celle des sacs de couchage adultes permet de devoir réchauffer moins d&rsquo;air ambiant, et de bien protéger les petits lors des nuits plus fraiches. Les matériaux principaux ainsi que le garnissage du sac de couchage durable pour enfant sont fabriqués à 100&nbsp;% en polyester recyclé&nbsp;; un grand soin a été apporté à une efficacité matérielle maximale lors de sa fabrication. Le label Green Shape de VAUDE garantit un produit écologique, fonctionnel et fabriqué dans des matériaux durables.</p>
<p><em>Sac de couchage évolutif enfant pour le camping ou le bivouac #accompagne la croissance avec un réglage en longueur à la portée de tous #garnissage en fibres synthétiques facile d&rsquo;entretien et durable #matériaux principaux en polyester 100&nbsp;% recyclé</em></p>

<p>Sac de couchage évolutif enfant pour le camping ou le bivouac #accompagne la croissance avec un réglage en longueur à la portée de tous #garnissage en fibres synthétiques facile d&rsquo;entretien et durable #matériaux principaux en polyester 100&nbsp;% recyclé</p>
