{"id":7030,"date":"2026-06-29T16:39:23","date_gmt":"2026-06-29T16:39:23","guid":{"rendered":"https:\/\/www.tracea.ch\/boutique\/non%20class\u00e9\/drive-pavillon-innertent\/"},"modified":"2026-06-29T16:39:33","modified_gmt":"2026-06-29T16:39:33","slug":"drive-pavillon-innertent","status":"publish","type":"product","link":"https:\/\/www.tracea.ch\/en\/boutique\/drive-pavillon-innertent\/","title":{"rendered":"Drive Pavillon Innertent"},"content":{"rendered":"<p>Une tente int\u00e9rieure assortie au Drive Pavillon est \u00e9galement propos\u00e9e. La tente peut se fixer rapidement et simplement \u00e0 la tente principale. Pourvue d&rsquo;un fil \u00e0 linge et de nombreuses boucles, elle offre davantage de possibilit\u00e9s pour suspendre des v\u00eatements et des ustensiles de cuisine en bon ordre. La tente int\u00e9rieure a quatre grandes portes et se compose sur toutes les faces d&rsquo;un mat\u00e9riau en mesh ultrarespirant et transparent. Ceci permet de savourer le panorama sans \u00eatre d\u00e9rang\u00e9 par des moustiques et d&rsquo;autres insectes.<\/p>\n<p><em>tente int\u00e9rieure, tente int\u00e9rieure taille confort, parois de tente int\u00e9rieure avec empi\u00e8cements d\u2019a\u00e9ration en mesh anti-moustique pour un climat ambiant optimal<\/em><\/p>","protected":false},"excerpt":{"rendered":"<p>Tente int\u00e9rieure confortable pour une sensation de bien-\u00eatre et le Drive Pavillon #tr\u00e8s bonne visibilit\u00e9 et ventilation #fixation simple et rapide sur la tente principale #prot\u00e8ge contre les moustiques #fabrication \u00e9cologique<\/p>","protected":false},"featured_media":7031,"comment_status":"closed","ping_status":"open","template":"","meta":[],"product_brand":[375],"product_cat":[410,213,361],"product_tag":[365,404,368,405],"class_list":["post-7030","product","type-product","status-publish","has-post-thumbnail","product_brand-vaude","product_cat-accessoires-tentes","product_cat-boutique","product_cat-tentes","product_tag-boutique","product_tag-tente","product_tag-vente","product_tag-vente-tente","first","instock","purchasable","product-type-simple"],"_links":{"self":[{"href":"https:\/\/www.tracea.ch\/en\/wp-json\/wp\/v2\/product\/7030","targetHints":{"allow":["GET"]}}],"collection":[{"href":"https:\/\/www.tracea.ch\/en\/wp-json\/wp\/v2\/product"}],"about":[{"href":"https:\/\/www.tracea.ch\/en\/wp-json\/wp\/v2\/types\/product"}],"replies":[{"embeddable":true,"href":"https:\/\/www.tracea.ch\/en\/wp-json\/wp\/v2\/comments?post=7030"}],"version-history":[{"count":0,"href":"https:\/\/www.tracea.ch\/en\/wp-json\/wp\/v2\/product\/7030\/revisions"}],"wp:featuredmedia":[{"embeddable":true,"href":"https:\/\/www.tracea.ch\/en\/wp-json\/wp\/v2\/media\/7031"}],"wp:attachment":[{"href":"https:\/\/www.tracea.ch\/en\/wp-json\/wp\/v2\/media?parent=7030"}],"wp:term":[{"taxonomy":"product_brand","embeddable":true,"href":"https:\/\/www.tracea.ch\/en\/wp-json\/wp\/v2\/product_brand?post=7030"},{"taxonomy":"product_cat","embeddable":true,"href":"https:\/\/www.tracea.ch\/en\/wp-json\/wp\/v2\/product_cat?post=7030"},{"taxonomy":"product_tag","embeddable":true,"href":"https:\/\/www.tracea.ch\/en\/wp-json\/wp\/v2\/product_tag?post=7030"}],"curies":[{"name":"wp","href":"https:\/\/api.w.org\/{rel}","templated":true}]}}

https://www.tracea.ch/boutique/non%20classé/drive-pavillon-innertent/

<p>Une tente intérieure assortie au Drive Pavillon est également proposée. La tente peut se fixer rapidement et simplement à la tente principale. Pourvue d&rsquo;un fil à linge et de nombreuses boucles, elle offre davantage de possibilités pour suspendre des vêtements et des ustensiles de cuisine en bon ordre. La tente intérieure a quatre grandes portes et se compose sur toutes les faces d&rsquo;un matériau en mesh ultrarespirant et transparent. Ceci permet de savourer le panorama sans être dérangé par des moustiques et d&rsquo;autres insectes.</p>
<p><em>tente intérieure, tente intérieure taille confort, parois de tente intérieure avec empiècements d’aération en mesh anti-moustique pour un climat ambiant optimal</em></p>

<p>Tente intérieure confortable pour une sensation de bien-être et le Drive Pavillon #très bonne visibilité et ventilation #fixation simple et rapide sur la tente principale #protège contre les moustiques #fabrication écologique</p>
