{"id":59223,"date":"2026-08-15T12:29:04","date_gmt":"2026-08-15T12:29:04","guid":{"rendered":"https:\/\/www.tracea.ch\/cgv-location\/"},"modified":"2026-08-15T12:29:04","modified_gmt":"2026-08-15T12:29:04","slug":"condizioni-generali-di-noleggio","status":"publish","type":"page","link":"https:\/\/www.tracea.ch\/it\/cgv-location\/","title":{"rendered":"Condizioni generali di noleggio"},"content":{"rendered":"<p><strong>Tracea S\u00e0rl<\/strong><\/p>\n<h2>1 \u2013 Ambito di applicazione<\/h2>\n<p>I servizi di noleggio biciclette sono forniti dalla societ\u00e0 Tracea S\u00e0rl (CHE-452.942.213). Le Condizioni generali di noleggio costituiscono parte integrante del contratto di noleggio. Con la propria firma, il Noleggiatore dichiara di aver letto le presenti Condizioni di noleggio e di accettarle senza riserve.<\/p>\n<h2>2 \u2013 Rapporti contrattuali<\/h2>\n<p>Il contratto \u00e8 stipulato tra il cliente (il Locatario) e la societ\u00e0 Tracea S\u00e0rl (il Locatore).<\/p>\n<h2>3 \u2013 Et\u00e0 minima richiesta \/ patente di guida<\/h2>\n<p>I bambini e i ragazzi di et\u00e0 inferiore ai 16 anni devono essere accompagnati da un adulto. I bambini e i ragazzi di et\u00e0 inferiore ai 16 anni non accompagnati da un adulto possono noleggiare una bicicletta solo previo consenso scritto dei genitori o del tutore. L\u2019et\u00e0 minima prevista dalla legge per guidare una e-bike con assistenza fino a un massimo di 25 km\/h \u00e8 di 16 anni, oppure di 14 anni per i titolari di una patente per ciclomotori di cilindrata inferiore a 50 cm\u00b3.<\/p>\n<h2>4 \u2013 Ritiro della bicicletta<\/h2>\n<p>Il noleggiatore prende in consegna il bene in buono stato di funzionamento e pulito. \u00c8 tenuto a verificarne immediatamente e attentamente le condizioni, in particolare quelle dei freni, e a segnalare senza indugio al noleggiatore eventuali difetti o anomalie. In caso contrario, si presume che il noleggiatore si assuma la responsabilit\u00e0 delle anomalie e dei difetti presenti al momento della restituzione della bicicletta.<\/p>\n<h2>5 \u2013 Restituzione della bicicletta<\/h2>\n<p>Il Locatario si impegna a restituire la bicicletta al Locatore al termine del periodo di noleggio definito nel contratto di noleggio, nel luogo indicato nel contratto stesso e durante gli orari di apertura dell\u2019Ufficio del Turismo di St-Cergue. Il costo del noleggio per gli articoli restituiti in ritardo o in condizioni non adeguate, nonch\u00e9 le spese conseguenti, sono a carico del Noleggiatore. La bicicletta e tutti gli accessori messi a disposizione dal Noleggiatore, quali chiavi, caschi da bicicletta e altro, devono essere restituiti al Noleggiatore al momento della riconsegna della bicicletta, nella loro interezza e in condizioni impeccabili. Se il Locatario ha smarrito o danneggiato la bicicletta o un accessorio, gli verr\u00e0 addebitato il costo corrispondente.<\/p>\n<h2>6 \u2013 Responsabilit\u00e0 e assicurazione<\/h2>\n<p>L'assicurazione \u00e8 a carico del Locatario. Firmando il contratto di noleggio, il Locatario dichiara di essere in possesso di un'assicurazione di responsabilit\u00e0 civile per la vita privata e quindi di essere sufficientemente coperto per i rischi connessi all'utilizzo di una bicicletta o di una e-bike. L\u2019assicurazione di responsabilit\u00e0 civile copre anche i costi relativi ai danni, quali le spese di perizia, la perdita di valore o i costi relativi alla perdita di ricavi da locazione.<\/p>\n<p>Il Locatario ha l'obbligo di segnalare al Locatore eventuali danni o smarrimenti verificatisi.<\/p>\n<p>Il Locatario \u00e8 responsabile di tutti i danni subiti dall\u2019oggetto noleggiato e dai relativi accessori durante il periodo di noleggio e derivanti da cadute, atti di vandalismo, cause naturali, manipolazioni, danni legati al trasporto, nonch\u00e9 dall\u2019uso improprio o non conforme di tali oggetti. I costi relativi a piccoli danni o alla perdita di materiale saranno fatturati al cliente direttamente da Tracea S\u00e0rl.<\/p>\n<p>Il Locatario \u00e8 responsabile in caso di smarrimento o furto dell'oggetto noleggiato o dei relativi accessori durante il periodo di noleggio. In linea di principio, la bicicletta deve essere sempre assicurata. Eventuali smarrimenti saranno addebitati al Locatario per un importo pari al valore di un articolo sostitutivo.<\/p>\n<p>Se il Noleggiatore affida la bicicletta a un terzo, il Noleggiatore \u00e8, in linea di principio, responsabile per eventuali danni o danni consequenziali causati da un terzo.<\/p>\n<h2>7 \u2013 Danni, furto e smarrimento<\/h2>\n<p>Il Locatario dichiara di essere in possesso di un'assicurazione di responsabilit\u00e0 civile per la vita privata e di essere quindi adeguatamente coperto per i rischi connessi alla circolazione in bicicletta o in e-bike. L'assicurazione di responsabilit\u00e0 civile copre anche i costi relativi ai danni, quali le spese di perizia, la perdita di valore o i costi relativi alla perdita di reddito da locazione.<\/p>\n<h2>8 \u2013 Utilizzo \/ Divieti<\/h2>\n<p>Il Locatario si impegna a rispettare il codice della strada e a utilizzare la bicicletta in modo corretto e con cura. Il Locatario \u00e8 responsabile di tutti i danni derivanti da negligenza o da un uso improprio del bene noleggiato e causati allo stesso bene o a beni di terzi.<\/p>\n<h2>9 \u2013 Condizioni di cancellazione<\/h2>\n<p>La prenotazione online confermata pu\u00f2 essere annullata o modificata senza alcun costo fino a 72 ore prima dell'inizio del noleggio. Se la richiesta viene effettuata meno di 72 ore prima, non sar\u00e0 dovuto alcun rimborso, n\u00e9 totale n\u00e9 parziale.<\/p>\n<h2>10 \u2013 Diritto applicabile e foro competente<\/h2>\n<p>Il presente contratto \u00e8 regolato dalla legislazione svizzera. Il foro competente \u00e8 Nyon (VD).<\/p>","protected":false},"excerpt":{"rendered":"<p>Tracea S\u00e0rl 1 \u2013 Champ d&rsquo;application Les prestations de location de v\u00e9los sont fournies par la soci\u00e9t\u00e9 Tracea S\u00e0rl (CHE-452.942.213). Les Conditions g\u00e9n\u00e9rales de location font partie int\u00e9grante du contrat de location. Par sa signature, le Locataire d\u00e9clare avoir lu les pr\u00e9sentes Conditions de location et les accepter sans condition. 2 \u2013 Relations contractuelles Le [&hellip;]<\/p>\n","protected":false},"author":1,"featured_media":0,"parent":0,"menu_order":0,"comment_status":"closed","ping_status":"closed","template":"","meta":{"footnotes":""},"class_list":["post-59223","page","type-page","status-publish","hentry"],"_links":{"self":[{"href":"https:\/\/www.tracea.ch\/it\/wp-json\/wp\/v2\/pages\/59223","targetHints":{"allow":["GET"]}}],"collection":[{"href":"https:\/\/www.tracea.ch\/it\/wp-json\/wp\/v2\/pages"}],"about":[{"href":"https:\/\/www.tracea.ch\/it\/wp-json\/wp\/v2\/types\/page"}],"author":[{"embeddable":true,"href":"https:\/\/www.tracea.ch\/it\/wp-json\/wp\/v2\/users\/1"}],"replies":[{"embeddable":true,"href":"https:\/\/www.tracea.ch\/it\/wp-json\/wp\/v2\/comments?post=59223"}],"version-history":[{"count":0,"href":"https:\/\/www.tracea.ch\/it\/wp-json\/wp\/v2\/pages\/59223\/revisions"}],"wp:attachment":[{"href":"https:\/\/www.tracea.ch\/it\/wp-json\/wp\/v2\/media?parent=59223"}],"curies":[{"name":"wp","href":"https:\/\/api.w.org\/{rel}","templated":true}]}}

<p><strong>Tracea Sàrl</strong></p>
<h2>1 – Ambito di applicazione</h2>
<p>I servizi di noleggio biciclette sono forniti dalla società Tracea Sàrl (CHE-452.942.213). Le Condizioni generali di noleggio costituiscono parte integrante del contratto di noleggio. Con la propria firma, il Noleggiatore dichiara di aver letto le presenti Condizioni di noleggio e di accettarle senza riserve.</p>
<h2>2 – Rapporti contrattuali</h2>
<p>Il contratto è stipulato tra il cliente (il Locatario) e la società Tracea Sàrl (il Locatore).</p>
<h2>3 – Età minima richiesta / patente di guida</h2>
<p>I bambini e i ragazzi di età inferiore ai 16 anni devono essere accompagnati da un adulto. I bambini e i ragazzi di età inferiore ai 16 anni non accompagnati da un adulto possono noleggiare una bicicletta solo previo consenso scritto dei genitori o del tutore. L’età minima prevista dalla legge per guidare una e-bike con assistenza fino a un massimo di 25 km/h è di 16 anni, oppure di 14 anni per i titolari di una patente per ciclomotori di cilindrata inferiore a 50 cm³.</p>
<h2>4 – Ritiro della bicicletta</h2>
<p>Il noleggiatore prende in consegna il bene in buono stato di funzionamento e pulito. È tenuto a verificarne immediatamente e attentamente le condizioni, in particolare quelle dei freni, e a segnalare senza indugio al noleggiatore eventuali difetti o anomalie. In caso contrario, si presume che il noleggiatore si assuma la responsabilità delle anomalie e dei difetti presenti al momento della restituzione della bicicletta.</p>
<h2>5 – Restituzione della bicicletta</h2>
<p>Il Locatario si impegna a restituire la bicicletta al Locatore al termine del periodo di noleggio definito nel contratto di noleggio, nel luogo indicato nel contratto stesso e durante gli orari di apertura dell’Ufficio del Turismo di St-Cergue. Il costo del noleggio per gli articoli restituiti in ritardo o in condizioni non adeguate, nonché le spese conseguenti, sono a carico del Noleggiatore. La bicicletta e tutti gli accessori messi a disposizione dal Noleggiatore, quali chiavi, caschi da bicicletta e altro, devono essere restituiti al Noleggiatore al momento della riconsegna della bicicletta, nella loro interezza e in condizioni impeccabili. Se il Locatario ha smarrito o danneggiato la bicicletta o un accessorio, gli verrà addebitato il costo corrispondente.</p>
<h2>6 – Responsabilità e assicurazione</h2>
<p>L'assicurazione è a carico del Locatario. Firmando il contratto di noleggio, il Locatario dichiara di essere in possesso di un'assicurazione di responsabilità civile per la vita privata e quindi di essere sufficientemente coperto per i rischi connessi all'utilizzo di una bicicletta o di una e-bike. L’assicurazione di responsabilità civile copre anche i costi relativi ai danni, quali le spese di perizia, la perdita di valore o i costi relativi alla perdita di ricavi da locazione.</p>
<p>Il Locatario ha l'obbligo di segnalare al Locatore eventuali danni o smarrimenti verificatisi.</p>
<p>Il Locatario è responsabile di tutti i danni subiti dall’oggetto noleggiato e dai relativi accessori durante il periodo di noleggio e derivanti da cadute, atti di vandalismo, cause naturali, manipolazioni, danni legati al trasporto, nonché dall’uso improprio o non conforme di tali oggetti. I costi relativi a piccoli danni o alla perdita di materiale saranno fatturati al cliente direttamente da Tracea Sàrl.</p>
<p>Il Locatario è responsabile in caso di smarrimento o furto dell'oggetto noleggiato o dei relativi accessori durante il periodo di noleggio. In linea di principio, la bicicletta deve essere sempre assicurata. Eventuali smarrimenti saranno addebitati al Locatario per un importo pari al valore di un articolo sostitutivo.</p>
<p>Se il Noleggiatore affida la bicicletta a un terzo, il Noleggiatore è, in linea di principio, responsabile per eventuali danni o danni consequenziali causati da un terzo.</p>
<h2>7 – Danni, furto e smarrimento</h2>
<p>Il Locatario dichiara di essere in possesso di un'assicurazione di responsabilità civile per la vita privata e di essere quindi adeguatamente coperto per i rischi connessi alla circolazione in bicicletta o in e-bike. L'assicurazione di responsabilità civile copre anche i costi relativi ai danni, quali le spese di perizia, la perdita di valore o i costi relativi alla perdita di reddito da locazione.</p>
<h2>8 – Utilizzo / Divieti</h2>
<p>Il Locatario si impegna a rispettare il codice della strada e a utilizzare la bicicletta in modo corretto e con cura. Il Locatario è responsabile di tutti i danni derivanti da negligenza o da un uso improprio del bene noleggiato e causati allo stesso bene o a beni di terzi.</p>
<h2>9 – Condizioni di cancellazione</h2>
<p>La prenotazione online confermata può essere annullata o modificata senza alcun costo fino a 72 ore prima dell'inizio del noleggio. Se la richiesta viene effettuata meno di 72 ore prima, non sarà dovuto alcun rimborso, né totale né parziale.</p>
<h2>10 – Diritto applicabile e foro competente</h2>
<p>Il presente contratto è regolato dalla legislazione svizzera. Il foro competente è Nyon (VD).</p>

<p>Tracea Sàrl 1 – Champ d&rsquo;application Les prestations de location de vélos sont fournies par la société Tracea Sàrl (CHE-452.942.213). Les Conditions générales de location font partie intégrante du contrat de location. Par sa signature, le Locataire déclare avoir lu les présentes Conditions de location et les accepter sans condition. 2 – Relations contractuelles Le [&hellip;]</p>
