{"id":10462,"date":"2026-06-30T19:54:16","date_gmt":"2026-06-30T19:54:16","guid":{"rendered":"https:\/\/www.tracea.ch\/boutique\/non%20class\u00e9\/womens-neyland-3in1-jacket\/"},"modified":"2026-07-07T17:25:41","modified_gmt":"2026-07-07T17:25:41","slug":"womens-neyland-3in1-jacket","status":"publish","type":"product","link":"https:\/\/www.tracea.ch\/it\/boutique\/womens-neyland-3in1-jacket\/","title":{"rendered":"Women&rsquo;s Neyland 3in1 Jacket"},"content":{"rendered":"<p>La veste double Neyland pour femme est la tenue id\u00e9ale pour toutes celles qui recherchent une veste multiusage pour l&rsquo;automne et l&rsquo;hiver\u00a0: la veste ext\u00e9rieure est \u00e9tanche au vent et imperm\u00e9able et r\u00e9siste sans difficult\u00e9 \u00e0 la pluie et \u00e0 la neige. La membrane respirante assure une r\u00e9gulation thermique confortable. Elle est munie d&rsquo;une capuche et d&rsquo;un col haut. \u00c0 ceci s&rsquo;ajoutent les poignets r\u00e9glables de la veste double femme, qui s&rsquo;ajustent individuellement selon les conditions m\u00e9t\u00e9orologiques. Les deux poches avant et la poche poitrine zipp\u00e9e peuvent de plus abriter le plein de petites affaires. La veste int\u00e9rieure est une veste isolante rembourr\u00e9e en polyester recycl\u00e9, qui tient chaud m\u00eame par temp\u00e9ratures glaciales. Elle dispose de plusieurs poches et se porte aussi bien en solo, au quotidien ou dans les montagnes \u00e0 la mi-saison. Avec son design d\u00e9contract\u00e9 et moderne, la veste double femme fait toujours sensation. Ce produit est appr\u00eat\u00e9 avec la finition Eco Finish, d\u00e9perlante, \u00e9cologique et sans fluorocarbures (PFC). Le label Green Shape de VAUDE garantit un produit \u00e9cologique, fonctionnel et fabriqu\u00e9 dans des mat\u00e9riaux durables.<\/p>\n<p><em>Veste ext\u00e9rieure:, mati\u00e8re double \u00e9paisseur, capuche mont\u00e9e et r\u00e9glable en largeur, fermeture \u00e9clair avec rabat int\u00e9rieur et ext\u00e9rieur sur le devant, avec zip facilement r\u00e9parable, 1 poche zipp\u00e9e avec rabat sur la poitrine, 2 poches frontales dissimul\u00e9es avec zip, ceinture avec cordon, manches pr\u00e9form\u00e9es, poignets r\u00e9glables en largeur gr\u00e2ce \u00e0 un velcro, doublure en deux parties, partie sup\u00e9rieure en mesh, partie inf\u00e9rieure en taffetasVeste int\u00e9rieure:, ouatinage 100g\/m\u00b2 partout, col montant, 2 poches frontales avec fermeture \u00e9clair, poignets et ceinture \u00e9lastiques<\/em><\/p>","protected":false},"excerpt":{"rendered":"<p>Veste double femme chaude pour les sports outdoor et le quotidien #veste de protection contre les intemp\u00e9ries avec veste int\u00e9rieure moelleusement matelass\u00e9e #zip ais\u00e9ment r\u00e9parable #mati\u00e8re principale des vestes ext\u00e9rieure et int\u00e9rieure fabriqu\u00e9e \u00e0 100&nbsp;% en polyester recycl\u00e9<\/p>","protected":false},"featured_media":16627,"comment_status":"closed","ping_status":"open","template":"","meta":[],"product_brand":[375],"product_cat":[213,420,216],"product_tag":[365,368,422,421],"class_list":["post-10462","product","type-product","status-publish","has-post-thumbnail","product_brand-vaude","product_cat-boutique","product_cat-veste-3-en-1","product_cat-vetements","product_tag-boutique","product_tag-vente","product_tag-vente-vetement","product_tag-vetement","pa_couleur-black","pa_couleur-dark-oak","pa_couleur-deep-pond","pa_couleur-oat","pa_taille-466","pa_taille-436","pa_taille-437","pa_taille-438","pa_taille-439","pa_taille-440","pa_taille-441","pa_taille-459","first","instock","purchasable","product-type-variable"],"_links":{"self":[{"href":"https:\/\/www.tracea.ch\/it\/wp-json\/wp\/v2\/product\/10462","targetHints":{"allow":["GET"]}}],"collection":[{"href":"https:\/\/www.tracea.ch\/it\/wp-json\/wp\/v2\/product"}],"about":[{"href":"https:\/\/www.tracea.ch\/it\/wp-json\/wp\/v2\/types\/product"}],"replies":[{"embeddable":true,"href":"https:\/\/www.tracea.ch\/it\/wp-json\/wp\/v2\/comments?post=10462"}],"version-history":[{"count":1,"href":"https:\/\/www.tracea.ch\/it\/wp-json\/wp\/v2\/product\/10462\/revisions"}],"predecessor-version":[{"id":28189,"href":"https:\/\/www.tracea.ch\/it\/wp-json\/wp\/v2\/product\/10462\/revisions\/28189"}],"wp:featuredmedia":[{"embeddable":true,"href":"https:\/\/www.tracea.ch\/it\/wp-json\/wp\/v2\/media\/16627"}],"wp:attachment":[{"href":"https:\/\/www.tracea.ch\/it\/wp-json\/wp\/v2\/media?parent=10462"}],"wp:term":[{"taxonomy":"product_brand","embeddable":true,"href":"https:\/\/www.tracea.ch\/it\/wp-json\/wp\/v2\/product_brand?post=10462"},{"taxonomy":"product_cat","embeddable":true,"href":"https:\/\/www.tracea.ch\/it\/wp-json\/wp\/v2\/product_cat?post=10462"},{"taxonomy":"product_tag","embeddable":true,"href":"https:\/\/www.tracea.ch\/it\/wp-json\/wp\/v2\/product_tag?post=10462"}],"curies":[{"name":"wp","href":"https:\/\/api.w.org\/{rel}","templated":true}]}}

https://www.tracea.ch/boutique/non%20classé/womens-neyland-3in1-jacket/

<p>La veste double Neyland pour femme est la tenue idéale pour toutes celles qui recherchent une veste multiusage pour l&rsquo;automne et l&rsquo;hiver : la veste extérieure est étanche au vent et imperméable et résiste sans difficulté à la pluie et à la neige. La membrane respirante assure une régulation thermique confortable. Elle est munie d&rsquo;une capuche et d&rsquo;un col haut. À ceci s&rsquo;ajoutent les poignets réglables de la veste double femme, qui s&rsquo;ajustent individuellement selon les conditions météorologiques. Les deux poches avant et la poche poitrine zippée peuvent de plus abriter le plein de petites affaires. La veste intérieure est une veste isolante rembourrée en polyester recyclé, qui tient chaud même par températures glaciales. Elle dispose de plusieurs poches et se porte aussi bien en solo, au quotidien ou dans les montagnes à la mi-saison. Avec son design décontracté et moderne, la veste double femme fait toujours sensation. Ce produit est apprêté avec la finition Eco Finish, déperlante, écologique et sans fluorocarbures (PFC). Le label Green Shape de VAUDE garantit un produit écologique, fonctionnel et fabriqué dans des matériaux durables.</p>
<p><em>Veste extérieure:, matière double épaisseur, capuche montée et réglable en largeur, fermeture éclair avec rabat intérieur et extérieur sur le devant, avec zip facilement réparable, 1 poche zippée avec rabat sur la poitrine, 2 poches frontales dissimulées avec zip, ceinture avec cordon, manches préformées, poignets réglables en largeur grâce à un velcro, doublure en deux parties, partie supérieure en mesh, partie inférieure en taffetasVeste intérieure:, ouatinage 100g/m² partout, col montant, 2 poches frontales avec fermeture éclair, poignets et ceinture élastiques</em></p>

<p>Veste double femme chaude pour les sports outdoor et le quotidien #veste de protection contre les intempéries avec veste intérieure moelleusement matelassée #zip aisément réparable #matière principale des vestes extérieure et intérieure fabriquée à 100&nbsp;% en polyester recyclé</p>
