{"id":10808,"date":"2026-06-30T20:00:23","date_gmt":"2026-06-30T20:00:23","guid":{"rendered":"https:\/\/www.tracea.ch\/boutique\/non%20class\u00e9\/kids-face-mask\/"},"modified":"2026-07-07T17:35:16","modified_gmt":"2026-07-07T17:35:16","slug":"kids-face-mask","status":"publish","type":"product","link":"https:\/\/www.tracea.ch\/it\/boutique\/kids-face-mask\/","title":{"rendered":"Kids Face Mask"},"content":{"rendered":"<p>Chaud et malin ! Cette cagoule en mati\u00e8re douce prot\u00e9gera la peau sensible de votre enfant contre l&rsquo;air glacial en hiver.<\/p>\n<p><em>doublure en fleece doux, coutures flatlock, logo imprim\u00e9<\/em><\/p>","protected":false},"excerpt":{"rendered":"<p>Masque facial anti-froid #chaud et respirant #s\u00e8che rapidement #\u00e9cologique et fabriqu\u00e9 en Europe d&rsquo;apr\u00e8s des crit\u00e8res \u00e9quitables<\/p>","protected":false},"featured_media":14360,"comment_status":"closed","ping_status":"open","template":"","meta":[],"product_brand":[375],"product_cat":[480,213,216],"product_tag":[365,368,422,421],"class_list":["post-10808","product","type-product","status-publish","has-post-thumbnail","product_brand-vaude","product_cat-accessoires-vetements","product_cat-boutique","product_cat-vetements","product_tag-boutique","product_tag-vente","product_tag-vente-vetement","product_tag-vetement","pa_couleur-black-uni","pa_taille-490","first","instock","purchasable","product-type-simple"],"_links":{"self":[{"href":"https:\/\/www.tracea.ch\/it\/wp-json\/wp\/v2\/product\/10808","targetHints":{"allow":["GET"]}}],"collection":[{"href":"https:\/\/www.tracea.ch\/it\/wp-json\/wp\/v2\/product"}],"about":[{"href":"https:\/\/www.tracea.ch\/it\/wp-json\/wp\/v2\/types\/product"}],"replies":[{"embeddable":true,"href":"https:\/\/www.tracea.ch\/it\/wp-json\/wp\/v2\/comments?post=10808"}],"version-history":[{"count":1,"href":"https:\/\/www.tracea.ch\/it\/wp-json\/wp\/v2\/product\/10808\/revisions"}],"predecessor-version":[{"id":28300,"href":"https:\/\/www.tracea.ch\/it\/wp-json\/wp\/v2\/product\/10808\/revisions\/28300"}],"wp:featuredmedia":[{"embeddable":true,"href":"https:\/\/www.tracea.ch\/it\/wp-json\/wp\/v2\/media\/14360"}],"wp:attachment":[{"href":"https:\/\/www.tracea.ch\/it\/wp-json\/wp\/v2\/media?parent=10808"}],"wp:term":[{"taxonomy":"product_brand","embeddable":true,"href":"https:\/\/www.tracea.ch\/it\/wp-json\/wp\/v2\/product_brand?post=10808"},{"taxonomy":"product_cat","embeddable":true,"href":"https:\/\/www.tracea.ch\/it\/wp-json\/wp\/v2\/product_cat?post=10808"},{"taxonomy":"product_tag","embeddable":true,"href":"https:\/\/www.tracea.ch\/it\/wp-json\/wp\/v2\/product_tag?post=10808"}],"curies":[{"name":"wp","href":"https:\/\/api.w.org\/{rel}","templated":true}]}}

https://www.tracea.ch/boutique/non%20classé/kids-face-mask/

<p>Chaud et malin ! Cette cagoule en matière douce protégera la peau sensible de votre enfant contre l&rsquo;air glacial en hiver.</p>
<p><em>doublure en fleece doux, coutures flatlock, logo imprimé</em></p>

<p>Masque facial anti-froid #chaud et respirant #sèche rapidement #écologique et fabriqué en Europe d&rsquo;après des critères équitables</p>
