{"id":10848,"date":"2026-06-30T20:00:50","date_gmt":"2026-06-30T20:00:50","guid":{"rendered":"https:\/\/www.tracea.ch\/boutique\/non%20class\u00e9\/mens-active-gloves\/"},"modified":"2026-07-07T17:36:55","modified_gmt":"2026-07-07T17:36:55","slug":"mens-active-gloves","status":"publish","type":"product","link":"https:\/\/www.tracea.ch\/it\/boutique\/mens-active-gloves\/","title":{"rendered":"Men&rsquo;s Active Gloves"},"content":{"rendered":"<p>Gants cyclistes basiques et robustes. Avec ces gants en lycra\u00a9 avec imprim\u00e9 en silicone, vos mains resteront bien accroch\u00e9es au guidon. Le mat\u00e9riau utilis\u00e9 est fabriqu\u00e9 en polyamide recycl\u00e9, issu d&rsquo;un processus upcycling \u00e0 partir de mati\u00e8res textiles, par ex. de filets de p\u00eache usag\u00e9s.<\/p>\n<p><em>avec languette aux doigts qui permet de les enlever facilement, \u00e9l\u00e9ments amortissants dans la paume des mains, velcro fin dans la paume de la main, pouce avec partie en \u00e9ponge, imprim\u00e9s silicon\u00e9s dans la paume de la main<\/em><\/p>","protected":false},"excerpt":{"rendered":"<p>Mitaines cyclistes #l\u00e9g\u00e8res, respirantes #\u00e9lastique et rembourr\u00e9 #fabriqu\u00e9 en polyamide recycl\u00e9<\/p>","protected":false},"featured_media":14864,"comment_status":"closed","ping_status":"open","template":"","meta":[],"product_brand":[375],"product_cat":[480,213,216],"product_tag":[365,368,422,421],"class_list":["post-10848","product","type-product","status-publish","has-post-thumbnail","product_brand-vaude","product_cat-accessoires-vetements","product_cat-boutique","product_cat-vetements","product_tag-boutique","product_tag-vente","product_tag-vente-vetement","product_tag-vetement","pa_couleur-black-uni","pa_couleur-blue-black","pa_couleur-bright-green","pa_couleur-khaki","pa_couleur-signal-blue","pa_taille-490","pa_taille-491","pa_taille-492","pa_taille-486","pa_taille-488","pa_taille-489","first","instock","purchasable","product-type-variable"],"_links":{"self":[{"href":"https:\/\/www.tracea.ch\/it\/wp-json\/wp\/v2\/product\/10848","targetHints":{"allow":["GET"]}}],"collection":[{"href":"https:\/\/www.tracea.ch\/it\/wp-json\/wp\/v2\/product"}],"about":[{"href":"https:\/\/www.tracea.ch\/it\/wp-json\/wp\/v2\/types\/product"}],"replies":[{"embeddable":true,"href":"https:\/\/www.tracea.ch\/it\/wp-json\/wp\/v2\/comments?post=10848"}],"version-history":[{"count":1,"href":"https:\/\/www.tracea.ch\/it\/wp-json\/wp\/v2\/product\/10848\/revisions"}],"predecessor-version":[{"id":28304,"href":"https:\/\/www.tracea.ch\/it\/wp-json\/wp\/v2\/product\/10848\/revisions\/28304"}],"wp:featuredmedia":[{"embeddable":true,"href":"https:\/\/www.tracea.ch\/it\/wp-json\/wp\/v2\/media\/14864"}],"wp:attachment":[{"href":"https:\/\/www.tracea.ch\/it\/wp-json\/wp\/v2\/media?parent=10848"}],"wp:term":[{"taxonomy":"product_brand","embeddable":true,"href":"https:\/\/www.tracea.ch\/it\/wp-json\/wp\/v2\/product_brand?post=10848"},{"taxonomy":"product_cat","embeddable":true,"href":"https:\/\/www.tracea.ch\/it\/wp-json\/wp\/v2\/product_cat?post=10848"},{"taxonomy":"product_tag","embeddable":true,"href":"https:\/\/www.tracea.ch\/it\/wp-json\/wp\/v2\/product_tag?post=10848"}],"curies":[{"name":"wp","href":"https:\/\/api.w.org\/{rel}","templated":true}]}}

https://www.tracea.ch/boutique/non%20classé/mens-active-gloves/

<p>Gants cyclistes basiques et robustes. Avec ces gants en lycra© avec imprimé en silicone, vos mains resteront bien accrochées au guidon. Le matériau utilisé est fabriqué en polyamide recyclé, issu d&rsquo;un processus upcycling à partir de matières textiles, par ex. de filets de pêche usagés.</p>
<p><em>avec languette aux doigts qui permet de les enlever facilement, éléments amortissants dans la paume des mains, velcro fin dans la paume de la main, pouce avec partie en éponge, imprimés siliconés dans la paume de la main</em></p>

<p>Mitaines cyclistes #légères, respirantes #élastique et rembourré #fabriqué en polyamide recyclé</p>
