{"id":11177,"date":"2026-06-30T20:04:37","date_gmt":"2026-06-30T20:04:37","guid":{"rendered":"https:\/\/www.tracea.ch\/boutique\/non%20class\u00e9\/kids-pulex-gloves\/"},"modified":"2026-07-07T17:43:52","modified_gmt":"2026-07-07T17:43:52","slug":"kids-pulex-gloves","status":"publish","type":"product","link":"https:\/\/www.tracea.ch\/it\/boutique\/kids-pulex-gloves\/","title":{"rendered":"Kids Pulex Gloves"},"content":{"rendered":"<p>Gants enfant moelleux pour la randonn\u00e9e, le chemin de l&rsquo;\u00e9cole ou la bataille de boules de neige! La polaire douce est compos\u00e9e de mat\u00e9riau recycl\u00e9 \u00e0 100% et pr\u00e9serve ainsi l&rsquo;environnement et des ressources pr\u00e9cieuses. Les paumes renforc\u00e9es sont compos\u00e9es de mat\u00e9riau antid\u00e9rapant qui prot\u00e8ge de l&rsquo;abrasion et assure une bonne prise. Les manches sont un peu allong\u00e9es et se glissent bien sous une veste; l&rsquo;enfant peut enfiler et retirer facilement le gant gr\u00e2ce \u00e0 son cordon de serrage l\u00e9ger. La mati\u00e8re polaire de ce gant enfant est facile d&rsquo;entretien et s\u00e8che rapidement, ce qui fait du Pulex aussi le favori des parents.<\/p>\n<p><em>paumes en mati\u00e8re anti-d\u00e9rapant, \u00e9lastique au poignet, logo brod\u00e9<\/em><\/p>","protected":false},"excerpt":{"rendered":"<p>Gants enfant en polaire douce et fine pour un usage polyvalent #facile d&rsquo;entretien et \u00e0 s\u00e9chage rapide #avec paume r\u00e9sistant \u00e0 l&rsquo;abrasion #fabrication en mat\u00e9riau recycl\u00e9<\/p>","protected":false},"featured_media":17824,"comment_status":"closed","ping_status":"open","template":"","meta":[],"product_brand":[375],"product_cat":[480,213,216],"product_tag":[365,368,422,421],"class_list":["post-11177","product","type-product","status-publish","has-post-thumbnail","product_brand-vaude","product_cat-accessoires-vetements","product_cat-boutique","product_cat-vetements","product_tag-boutique","product_tag-vente","product_tag-vente-vetement","product_tag-vetement","pa_couleur-dark-sea","pa_couleur-redeva","pa_taille-497","pa_taille-498","pa_taille-499","pa_taille-500","first","instock","purchasable","product-type-variable"],"_links":{"self":[{"href":"https:\/\/www.tracea.ch\/it\/wp-json\/wp\/v2\/product\/11177","targetHints":{"allow":["GET"]}}],"collection":[{"href":"https:\/\/www.tracea.ch\/it\/wp-json\/wp\/v2\/product"}],"about":[{"href":"https:\/\/www.tracea.ch\/it\/wp-json\/wp\/v2\/types\/product"}],"replies":[{"embeddable":true,"href":"https:\/\/www.tracea.ch\/it\/wp-json\/wp\/v2\/comments?post=11177"}],"version-history":[{"count":1,"href":"https:\/\/www.tracea.ch\/it\/wp-json\/wp\/v2\/product\/11177\/revisions"}],"predecessor-version":[{"id":28406,"href":"https:\/\/www.tracea.ch\/it\/wp-json\/wp\/v2\/product\/11177\/revisions\/28406"}],"wp:featuredmedia":[{"embeddable":true,"href":"https:\/\/www.tracea.ch\/it\/wp-json\/wp\/v2\/media\/17824"}],"wp:attachment":[{"href":"https:\/\/www.tracea.ch\/it\/wp-json\/wp\/v2\/media?parent=11177"}],"wp:term":[{"taxonomy":"product_brand","embeddable":true,"href":"https:\/\/www.tracea.ch\/it\/wp-json\/wp\/v2\/product_brand?post=11177"},{"taxonomy":"product_cat","embeddable":true,"href":"https:\/\/www.tracea.ch\/it\/wp-json\/wp\/v2\/product_cat?post=11177"},{"taxonomy":"product_tag","embeddable":true,"href":"https:\/\/www.tracea.ch\/it\/wp-json\/wp\/v2\/product_tag?post=11177"}],"curies":[{"name":"wp","href":"https:\/\/api.w.org\/{rel}","templated":true}]}}

https://www.tracea.ch/boutique/non%20classé/kids-pulex-gloves/

<p>Gants enfant moelleux pour la randonnée, le chemin de l&rsquo;école ou la bataille de boules de neige! La polaire douce est composée de matériau recyclé à 100% et préserve ainsi l&rsquo;environnement et des ressources précieuses. Les paumes renforcées sont composées de matériau antidérapant qui protège de l&rsquo;abrasion et assure une bonne prise. Les manches sont un peu allongées et se glissent bien sous une veste; l&rsquo;enfant peut enfiler et retirer facilement le gant grâce à son cordon de serrage léger. La matière polaire de ce gant enfant est facile d&rsquo;entretien et sèche rapidement, ce qui fait du Pulex aussi le favori des parents.</p>
<p><em>paumes en matière anti-dérapant, élastique au poignet, logo brodé</em></p>

<p>Gants enfant en polaire douce et fine pour un usage polyvalent #facile d&rsquo;entretien et à séchage rapide #avec paume résistant à l&rsquo;abrasion #fabrication en matériau recyclé</p>
