{"id":11320,"date":"2026-06-30T20:06:17","date_gmt":"2026-06-30T20:06:17","guid":{"rendered":"https:\/\/www.tracea.ch\/boutique\/non%20class\u00e9\/kids-sahara-cap-iv\/"},"modified":"2026-07-07T17:46:43","modified_gmt":"2026-07-07T17:46:43","slug":"kids-sahara-cap-iv","status":"publish","type":"product","link":"https:\/\/www.tracea.ch\/it\/boutique\/kids-sahara-cap-iv\/","title":{"rendered":"Kids Sahara Cap IV"},"content":{"rendered":"<p>Il prot\u00e8ge la t\u00eate et la nuque des rayons UV nocifs\u00a0: notre chapeau de soleil enfant pratique avec protection anti-UV d&rsquo;indice 50. En mati\u00e8re l\u00e9g\u00e8re, nettoyable et \u00e0 s\u00e9chage rapide, compos\u00e9e \u00e0 100\u00a0% de polyester recycl\u00e9. Le label Green Shape de VAUDE garantit un produit \u00e9cologique, fonctionnel et fabriqu\u00e9 dans des mat\u00e9riaux durables certifi\u00e9s bluesign\u00ae.<\/p>\n<p><em>ouvertures de ventilation, prot\u00e8ge-nuque, bandeau int\u00e9rieur fonctionnel et anti-humidit\u00e9<\/em><\/p>","protected":false},"excerpt":{"rendered":"<p>Chapeau de soleil enfant anti-UV #avec protection de la nuque allong\u00e9e #s\u00e9chage rapide et facilit\u00e9 d&rsquo;entretien #fabrication du mat\u00e9riau principal \u00e0 partir de bouteille PET recycl\u00e9es<\/p>","protected":false},"featured_media":23868,"comment_status":"closed","ping_status":"open","template":"","meta":[],"product_brand":[375],"product_cat":[480,213,216],"product_tag":[365,368,422,421],"class_list":["post-11320","product","type-product","status-publish","has-post-thumbnail","product_brand-vaude","product_cat-accessoires-vetements","product_cat-boutique","product_cat-vetements","product_tag-boutique","product_tag-vente","product_tag-vente-vetement","product_tag-vetement","pa_couleur-dark-sea","pa_couleur-ecru","pa_couleur-salsa","pa_couleur-woodland-dark-sea","pa_taille-l","pa_taille-m","pa_taille-s","first","instock","purchasable","product-type-variable"],"_links":{"self":[{"href":"https:\/\/www.tracea.ch\/it\/wp-json\/wp\/v2\/product\/11320","targetHints":{"allow":["GET"]}}],"collection":[{"href":"https:\/\/www.tracea.ch\/it\/wp-json\/wp\/v2\/product"}],"about":[{"href":"https:\/\/www.tracea.ch\/it\/wp-json\/wp\/v2\/types\/product"}],"replies":[{"embeddable":true,"href":"https:\/\/www.tracea.ch\/it\/wp-json\/wp\/v2\/comments?post=11320"}],"version-history":[{"count":1,"href":"https:\/\/www.tracea.ch\/it\/wp-json\/wp\/v2\/product\/11320\/revisions"}],"predecessor-version":[{"id":28446,"href":"https:\/\/www.tracea.ch\/it\/wp-json\/wp\/v2\/product\/11320\/revisions\/28446"}],"wp:featuredmedia":[{"embeddable":true,"href":"https:\/\/www.tracea.ch\/it\/wp-json\/wp\/v2\/media\/23868"}],"wp:attachment":[{"href":"https:\/\/www.tracea.ch\/it\/wp-json\/wp\/v2\/media?parent=11320"}],"wp:term":[{"taxonomy":"product_brand","embeddable":true,"href":"https:\/\/www.tracea.ch\/it\/wp-json\/wp\/v2\/product_brand?post=11320"},{"taxonomy":"product_cat","embeddable":true,"href":"https:\/\/www.tracea.ch\/it\/wp-json\/wp\/v2\/product_cat?post=11320"},{"taxonomy":"product_tag","embeddable":true,"href":"https:\/\/www.tracea.ch\/it\/wp-json\/wp\/v2\/product_tag?post=11320"}],"curies":[{"name":"wp","href":"https:\/\/api.w.org\/{rel}","templated":true}]}}

https://www.tracea.ch/boutique/non%20classé/kids-sahara-cap-iv/

<p>Il protège la tête et la nuque des rayons UV nocifs : notre chapeau de soleil enfant pratique avec protection anti-UV d&rsquo;indice 50. En matière légère, nettoyable et à séchage rapide, composée à 100 % de polyester recyclé. Le label Green Shape de VAUDE garantit un produit écologique, fonctionnel et fabriqué dans des matériaux durables certifiés bluesign®.</p>
<p><em>ouvertures de ventilation, protège-nuque, bandeau intérieur fonctionnel et anti-humidité</em></p>

<p>Chapeau de soleil enfant anti-UV #avec protection de la nuque allongée #séchage rapide et facilité d&rsquo;entretien #fabrication du matériau principal à partir de bouteille PET recyclées</p>
