{"id":11488,"date":"2026-06-30T20:08:04","date_gmt":"2026-06-30T20:08:04","guid":{"rendered":"https:\/\/www.tracea.ch\/boutique\/non%20class\u00e9\/kids-active-cap\/"},"modified":"2026-07-07T17:50:06","modified_gmt":"2026-07-07T17:50:06","slug":"kids-active-cap","status":"publish","type":"product","link":"https:\/\/www.tracea.ch\/it\/boutique\/kids-active-cap\/","title":{"rendered":"Kids Active Cap"},"content":{"rendered":"<p>La casquette pour enfant est toujours de la partie\u00a0! Elle est sp\u00e9cialement con\u00e7ue pour les sorties sportives\u00a0: elle se fait toute petite dans toute poche de veste ou de sac \u00e0 dos et prot\u00e8ge la t\u00eate du rayonnement solaire avec un indice UV de 50+. Elle se nettoie en plus rapidement sous un jet d&rsquo;eau en voyage ou en rando. La mati\u00e8re s\u00e8che rapidement et se nettoie ais\u00e9ment. Au final, cette casquette enfant est indispensable en rando, sorties en montagne et en voyage. Le label Green Shape de VAUDE garantit un produit \u00e9cologique, fonctionnel et fabriqu\u00e9 dans des mat\u00e9riaux durables.<\/p>\n<p><em>ouvertures de ventilation, bandeau int\u00e9rieur fonctionnel et anti-humidit\u00e9, r\u00e9glable en largeur<\/em><\/p>","protected":false},"excerpt":{"rendered":"<p>Casquette enfant avec haute protection anti-UV pour le sport et les loisirs #visi\u00e8re \u00e9troite et douce #s\u00e9chage rapide et compressible #mati\u00e8re principale essentiellement fabriqu\u00e9e en polyester recycl\u00e9<\/p>","protected":false},"featured_media":0,"comment_status":"closed","ping_status":"open","template":"","meta":[],"product_brand":[375],"product_cat":[480,213,216],"product_tag":[365,368,422,421],"class_list":["post-11488","product","type-product","status-publish","product_brand-vaude","product_cat-accessoires-vetements","product_cat-boutique","product_cat-vetements","product_tag-boutique","product_tag-vente","product_tag-vente-vetement","product_tag-vetement","pa_couleur-dark-sea","pa_couleur-pink-orchid","pa_couleur-redeva","pa_couleur-shore-blue","pa_couleur-woodland","pa_taille-l","pa_taille-m","pa_taille-s","first","instock","purchasable","product-type-variable"],"_links":{"self":[{"href":"https:\/\/www.tracea.ch\/it\/wp-json\/wp\/v2\/product\/11488","targetHints":{"allow":["GET"]}}],"collection":[{"href":"https:\/\/www.tracea.ch\/it\/wp-json\/wp\/v2\/product"}],"about":[{"href":"https:\/\/www.tracea.ch\/it\/wp-json\/wp\/v2\/types\/product"}],"replies":[{"embeddable":true,"href":"https:\/\/www.tracea.ch\/it\/wp-json\/wp\/v2\/comments?post=11488"}],"version-history":[{"count":1,"href":"https:\/\/www.tracea.ch\/it\/wp-json\/wp\/v2\/product\/11488\/revisions"}],"predecessor-version":[{"id":28473,"href":"https:\/\/www.tracea.ch\/it\/wp-json\/wp\/v2\/product\/11488\/revisions\/28473"}],"wp:attachment":[{"href":"https:\/\/www.tracea.ch\/it\/wp-json\/wp\/v2\/media?parent=11488"}],"wp:term":[{"taxonomy":"product_brand","embeddable":true,"href":"https:\/\/www.tracea.ch\/it\/wp-json\/wp\/v2\/product_brand?post=11488"},{"taxonomy":"product_cat","embeddable":true,"href":"https:\/\/www.tracea.ch\/it\/wp-json\/wp\/v2\/product_cat?post=11488"},{"taxonomy":"product_tag","embeddable":true,"href":"https:\/\/www.tracea.ch\/it\/wp-json\/wp\/v2\/product_tag?post=11488"}],"curies":[{"name":"wp","href":"https:\/\/api.w.org\/{rel}","templated":true}]}}

https://www.tracea.ch/boutique/non%20classé/kids-active-cap/

<p>La casquette pour enfant est toujours de la partie ! Elle est spécialement conçue pour les sorties sportives : elle se fait toute petite dans toute poche de veste ou de sac à dos et protège la tête du rayonnement solaire avec un indice UV de 50+. Elle se nettoie en plus rapidement sous un jet d&rsquo;eau en voyage ou en rando. La matière sèche rapidement et se nettoie aisément. Au final, cette casquette enfant est indispensable en rando, sorties en montagne et en voyage. Le label Green Shape de VAUDE garantit un produit écologique, fonctionnel et fabriqué dans des matériaux durables.</p>
<p><em>ouvertures de ventilation, bandeau intérieur fonctionnel et anti-humidité, réglable en largeur</em></p>

<p>Casquette enfant avec haute protection anti-UV pour le sport et les loisirs #visière étroite et douce #séchage rapide et compressible #matière principale essentiellement fabriquée en polyester recyclé</p>
