{"id":11544,"date":"2026-06-30T20:08:41","date_gmt":"2026-06-30T20:08:41","guid":{"rendered":"https:\/\/www.tracea.ch\/boutique\/non%20class\u00e9\/lagalp-softshell-gloves-iii\/"},"modified":"2026-07-07T17:51:14","modified_gmt":"2026-07-07T17:51:14","slug":"lagalp-softshell-gloves-iii","status":"publish","type":"product","link":"https:\/\/www.tracea.ch\/it\/boutique\/lagalp-softshell-gloves-iii\/","title":{"rendered":"Lagalp Softshell Gloves III"},"content":{"rendered":"<p>Avec les gants Lagalp Softshell, la protection contre le vent est bien en main\u00a0! Respirants et enti\u00e8rement \u00e9tanches au vent, ils conviennent tant \u00e0 l\u2019escalade qu\u2019aux vir\u00e9es \u00e0 ski. Leurs paumes robustes en peau de caprin souple ne sont pas seulement agr\u00e9ables au toucher, mais aussi de grande long\u00e9vit\u00e9. Ils renferment des d\u00e9tails ing\u00e9nieux comme un empi\u00e8cement polaire au pouce pour essuyer ses lunettes de ski par exemple, ainsi qu\u2019une mati\u00e8re agr\u00e9ablement douce sur la face int\u00e9rieure qui apporte un excellent confort au porter. Ce produit est appr\u00eat\u00e9 avec la finition Eco Finish, \u00e9cologiquement d\u00e9perlante et sans fluorocarbures (PFC). Le label Green Shape de VAUDE garantit un produit \u00e9cologique, fonctionnel et fabriqu\u00e9 dans des mat\u00e9riaux durables.<\/p>\n<p><em>doigts pr\u00e9form\u00e9s, bout de l\u2019index compatible avec l\u2019utilisation d\u2019un \u00e9cran tactile, softshell \u00e9lastique, 100% herm\u00e9tique au vent, paumes des mains et pouces renforc\u00e9s en cuir, int\u00e9rieur avec doublure<\/em><\/p>","protected":false},"excerpt":{"rendered":"<p>Gants softshell multiusage pour les sports de montagne #\u00e9tanches au vent \u00e0 100\u00a0%, respirants et d\u00e9perlants #doigts pr\u00e9form\u00e9s, paume renforc\u00e9e avec du cuir #mati\u00e8re principale en polyester recycl\u00e9 \u00e0 100\u00a0%<\/p>","protected":false},"featured_media":17712,"comment_status":"closed","ping_status":"open","template":"","meta":[],"product_brand":[375],"product_cat":[480,213,216],"product_tag":[365,368,422,421],"class_list":["post-11544","product","type-product","status-publish","has-post-thumbnail","product_brand-vaude","product_cat-accessoires-vetements","product_cat-boutique","product_cat-vetements","product_tag-boutique","product_tag-vente","product_tag-vente-vetement","product_tag-vetement","pa_couleur-black","pa_couleur-dark-sea","pa_taille-490","pa_taille-491","pa_taille-500","pa_taille-486","pa_taille-488","pa_taille-489","first","instock","purchasable","product-type-variable"],"_links":{"self":[{"href":"https:\/\/www.tracea.ch\/it\/wp-json\/wp\/v2\/product\/11544","targetHints":{"allow":["GET"]}}],"collection":[{"href":"https:\/\/www.tracea.ch\/it\/wp-json\/wp\/v2\/product"}],"about":[{"href":"https:\/\/www.tracea.ch\/it\/wp-json\/wp\/v2\/types\/product"}],"replies":[{"embeddable":true,"href":"https:\/\/www.tracea.ch\/it\/wp-json\/wp\/v2\/comments?post=11544"}],"version-history":[{"count":1,"href":"https:\/\/www.tracea.ch\/it\/wp-json\/wp\/v2\/product\/11544\/revisions"}],"predecessor-version":[{"id":28490,"href":"https:\/\/www.tracea.ch\/it\/wp-json\/wp\/v2\/product\/11544\/revisions\/28490"}],"wp:featuredmedia":[{"embeddable":true,"href":"https:\/\/www.tracea.ch\/it\/wp-json\/wp\/v2\/media\/17712"}],"wp:attachment":[{"href":"https:\/\/www.tracea.ch\/it\/wp-json\/wp\/v2\/media?parent=11544"}],"wp:term":[{"taxonomy":"product_brand","embeddable":true,"href":"https:\/\/www.tracea.ch\/it\/wp-json\/wp\/v2\/product_brand?post=11544"},{"taxonomy":"product_cat","embeddable":true,"href":"https:\/\/www.tracea.ch\/it\/wp-json\/wp\/v2\/product_cat?post=11544"},{"taxonomy":"product_tag","embeddable":true,"href":"https:\/\/www.tracea.ch\/it\/wp-json\/wp\/v2\/product_tag?post=11544"}],"curies":[{"name":"wp","href":"https:\/\/api.w.org\/{rel}","templated":true}]}}

https://www.tracea.ch/boutique/non%20classé/lagalp-softshell-gloves-iii/

<p>Avec les gants Lagalp Softshell, la protection contre le vent est bien en main ! Respirants et entièrement étanches au vent, ils conviennent tant à l’escalade qu’aux virées à ski. Leurs paumes robustes en peau de caprin souple ne sont pas seulement agréables au toucher, mais aussi de grande longévité. Ils renferment des détails ingénieux comme un empiècement polaire au pouce pour essuyer ses lunettes de ski par exemple, ainsi qu’une matière agréablement douce sur la face intérieure qui apporte un excellent confort au porter. Ce produit est apprêté avec la finition Eco Finish, écologiquement déperlante et sans fluorocarbures (PFC). Le label Green Shape de VAUDE garantit un produit écologique, fonctionnel et fabriqué dans des matériaux durables.</p>
<p><em>doigts préformés, bout de l’index compatible avec l’utilisation d’un écran tactile, softshell élastique, 100% hermétique au vent, paumes des mains et pouces renforcés en cuir, intérieur avec doublure</em></p>

<p>Gants softshell multiusage pour les sports de montagne #étanches au vent à 100 %, respirants et déperlants #doigts préformés, paume renforcée avec du cuir #matière principale en polyester recyclé à 100 %</p>
