{"id":11557,"date":"2026-06-30T20:08:55","date_gmt":"2026-06-30T20:08:55","guid":{"rendered":"https:\/\/www.tracea.ch\/boutique\/non%20class\u00e9\/moab-unisexe-glove\/"},"modified":"2026-07-07T17:51:49","modified_gmt":"2026-07-07T17:51:49","slug":"moab-unisexe-glove","status":"publish","type":"product","link":"https:\/\/www.tracea.ch\/it\/boutique\/moab-unisexe-glove\/","title":{"rendered":"Moab Unisexe Glove"},"content":{"rendered":"<p>\u00c9t\u00e9, soleil, mains moites ? Alors, il suffit de renoncer aux gants sur la selle ? Mauvaise solution : Les gants de VTT Moab sont certes l\u00e9gers et respirants, mais ils augmentent aussi l&rsquo;adh\u00e9rence au guidon. De minuscules perforations au laser, qui s&rsquo;\u00e9tendent aussi \u00e0 la paume de la main, assurent la ventilation n\u00e9cessaire les jours de grande chaleur. De plus, l&rsquo;ext\u00e9rieur des doigts est constitu\u00e9 de mesh a\u00e9r\u00e9. Le mat\u00e9riau en cuir synth\u00e9tique souple et les empreintes en silicone adh\u00e9rentes sur les doigts pr\u00e9form\u00e9s garantissent une liaison optimale avec le cockpit. Le pouce et l&rsquo;index des gants de VTT Moab sont compatibles avec les \u00e9crans tactiles. Un petit d\u00e9tail qui a son importance : L&rsquo;\u00e9chancrure \u00e0 la base de l&rsquo;\u00e9minence th\u00e9nar emp\u00eache l&rsquo;exc\u00e8s de mati\u00e8re de g\u00eaner l&rsquo;afflux sanguin et d&rsquo;endormir les mains sur le guidon. En tant que membre Leader de l\u2019organisme ind\u00e9pendant Fair Wear, VAUDE s\u2019engage en faveur de conditions de travail et de salaires \u00e9quitables.<\/p>\n<p><em>velcro fin dans la paume de la main, bout du pouce et de l\u2019index compatible avec l\u2019utilisation d\u2019un \u00e9cran tactile, imprim\u00e9s silicon\u00e9s aux bouts des doigts, renfort paume en cuir synth\u00e9tique, orifices de ventilation au laser, parties en filet, colourblock<\/em><\/p>","protected":false},"excerpt":{"rendered":"<p>Gants de VTT Unisexee pour une ma\u00eetrise totale en trail #compatibles avec un \u00e9cran tactile. #paume en cuir synth\u00e9tique doux #mat\u00e9riau principal 100\u00a0% en polyester recycl\u00e9<\/p>","protected":false},"featured_media":0,"comment_status":"closed","ping_status":"open","template":"","meta":[],"product_brand":[375],"product_cat":[480,213,216],"product_tag":[365,368,422,421],"class_list":["post-11557","product","type-product","status-publish","product_brand-vaude","product_cat-accessoires-vetements","product_cat-boutique","product_cat-vetements","product_tag-boutique","product_tag-vente","product_tag-vente-vetement","product_tag-vetement","pa_couleur-black","pa_couleur-coconut","pa_couleur-deep-pond","pa_taille-490","pa_taille-491","pa_taille-492","pa_taille-500","pa_taille-486","pa_taille-488","pa_taille-489","first","instock","purchasable","product-type-variable"],"_links":{"self":[{"href":"https:\/\/www.tracea.ch\/it\/wp-json\/wp\/v2\/product\/11557","targetHints":{"allow":["GET"]}}],"collection":[{"href":"https:\/\/www.tracea.ch\/it\/wp-json\/wp\/v2\/product"}],"about":[{"href":"https:\/\/www.tracea.ch\/it\/wp-json\/wp\/v2\/types\/product"}],"replies":[{"embeddable":true,"href":"https:\/\/www.tracea.ch\/it\/wp-json\/wp\/v2\/comments?post=11557"}],"version-history":[{"count":1,"href":"https:\/\/www.tracea.ch\/it\/wp-json\/wp\/v2\/product\/11557\/revisions"}],"predecessor-version":[{"id":28494,"href":"https:\/\/www.tracea.ch\/it\/wp-json\/wp\/v2\/product\/11557\/revisions\/28494"}],"wp:attachment":[{"href":"https:\/\/www.tracea.ch\/it\/wp-json\/wp\/v2\/media?parent=11557"}],"wp:term":[{"taxonomy":"product_brand","embeddable":true,"href":"https:\/\/www.tracea.ch\/it\/wp-json\/wp\/v2\/product_brand?post=11557"},{"taxonomy":"product_cat","embeddable":true,"href":"https:\/\/www.tracea.ch\/it\/wp-json\/wp\/v2\/product_cat?post=11557"},{"taxonomy":"product_tag","embeddable":true,"href":"https:\/\/www.tracea.ch\/it\/wp-json\/wp\/v2\/product_tag?post=11557"}],"curies":[{"name":"wp","href":"https:\/\/api.w.org\/{rel}","templated":true}]}}

https://www.tracea.ch/boutique/non%20classé/moab-unisexe-glove/

<p>Été, soleil, mains moites ? Alors, il suffit de renoncer aux gants sur la selle ? Mauvaise solution : Les gants de VTT Moab sont certes légers et respirants, mais ils augmentent aussi l&rsquo;adhérence au guidon. De minuscules perforations au laser, qui s&rsquo;étendent aussi à la paume de la main, assurent la ventilation nécessaire les jours de grande chaleur. De plus, l&rsquo;extérieur des doigts est constitué de mesh aéré. Le matériau en cuir synthétique souple et les empreintes en silicone adhérentes sur les doigts préformés garantissent une liaison optimale avec le cockpit. Le pouce et l&rsquo;index des gants de VTT Moab sont compatibles avec les écrans tactiles. Un petit détail qui a son importance : L&rsquo;échancrure à la base de l&rsquo;éminence thénar empêche l&rsquo;excès de matière de gêner l&rsquo;afflux sanguin et d&rsquo;endormir les mains sur le guidon. En tant que membre Leader de l’organisme indépendant Fair Wear, VAUDE s’engage en faveur de conditions de travail et de salaires équitables.</p>
<p><em>velcro fin dans la paume de la main, bout du pouce et de l’index compatible avec l’utilisation d’un écran tactile, imprimés siliconés aux bouts des doigts, renfort paume en cuir synthétique, orifices de ventilation au laser, parties en filet, colourblock</em></p>

<p>Gants de VTT Unisexee pour une maîtrise totale en trail #compatibles avec un écran tactile. #paume en cuir synthétique doux #matériau principal 100 % en polyester recyclé</p>
