{"id":12872,"date":"2026-06-30T21:31:53","date_gmt":"2026-06-30T21:31:53","guid":{"rendered":"https:\/\/www.tracea.ch\/boutique\/non%20class\u00e9\/womens-qimsa-shorts\/"},"modified":"2026-07-07T19:06:04","modified_gmt":"2026-07-07T19:06:04","slug":"womens-qimsa-shorts","status":"publish","type":"product","link":"https:\/\/www.tracea.ch\/it\/boutique\/womens-qimsa-shorts\/","title":{"rendered":"Women&rsquo;s Qimsa Shorts"},"content":{"rendered":"<p>Avec le short Women&rsquo;s Qimsa Shorts, on a toujours le pied sur la p\u00e9dale&nbsp;! Outre ses empi\u00e8cements \u00e9lastiques robustes, le short ultraconfortable offre une libert\u00e9 de mouvement maximum. Son cuissard \u00e0 fessier rembourr\u00e9 offre en outre un confort au porter exceptionnel sur les longs circuits. Le mat\u00e9riau fonctionnel l\u00e9ger et agr\u00e9able \u00e0 porter est fabriqu\u00e9 dans le plus grand respect de l&rsquo;environnement conform\u00e9ment \u00e0 la tr\u00e8s stricte norme bluesign\u00ae. Le label Green Shape de VAUDE garantit un produit \u00e9cologique, fonctionnel et fabriqu\u00e9 dans des mat\u00e9riaux durables.<\/p>\n<p><em>ceinture \u00e0 la coupe montante \u00e0 l&rsquo;arri\u00e8re, parties en stretch, 1 poche lat\u00e9rale avec zip, 2 poches dans la d\u00e9coupe \u00e0 l&rsquo;avant, ceinture avec passe-ceinture, ceinture ajustable en largeur, imprim\u00e9 d\u00e9coratif, avec pantalon int\u00e9rieur avec matelassage du fessier<\/em><\/p>","protected":false},"excerpt":{"rendered":"<p>Short confortable pour le cyclisme # \u00e9lastique, respirant et \u00e0 s\u00e9chage rapide # cuissard confortable inclus #fabrication en mat\u00e9riaux recycl\u00e9s<\/p>","protected":false},"featured_media":20427,"comment_status":"closed","ping_status":"open","template":"","meta":[],"product_brand":[375],"product_cat":[213,574,216],"product_tag":[365,368,422,421],"class_list":["post-12872","product","type-product","status-publish","has-post-thumbnail","product_brand-vaude","product_cat-boutique","product_cat-pantalons","product_cat-vetements","product_tag-boutique","product_tag-vente","product_tag-vente-vetement","product_tag-vetement","pa_couleur-black-uni","pa_couleur-cassis","pa_couleur-dark-sea-uni","pa_taille-466","pa_taille-436","pa_taille-437","pa_taille-438","pa_taille-439","pa_taille-440","pa_taille-441","first","instock","purchasable","product-type-variable"],"_links":{"self":[{"href":"https:\/\/www.tracea.ch\/it\/wp-json\/wp\/v2\/product\/12872","targetHints":{"allow":["GET"]}}],"collection":[{"href":"https:\/\/www.tracea.ch\/it\/wp-json\/wp\/v2\/product"}],"about":[{"href":"https:\/\/www.tracea.ch\/it\/wp-json\/wp\/v2\/types\/product"}],"replies":[{"embeddable":true,"href":"https:\/\/www.tracea.ch\/it\/wp-json\/wp\/v2\/comments?post=12872"}],"version-history":[{"count":1,"href":"https:\/\/www.tracea.ch\/it\/wp-json\/wp\/v2\/product\/12872\/revisions"}],"predecessor-version":[{"id":28919,"href":"https:\/\/www.tracea.ch\/it\/wp-json\/wp\/v2\/product\/12872\/revisions\/28919"}],"wp:featuredmedia":[{"embeddable":true,"href":"https:\/\/www.tracea.ch\/it\/wp-json\/wp\/v2\/media\/20427"}],"wp:attachment":[{"href":"https:\/\/www.tracea.ch\/it\/wp-json\/wp\/v2\/media?parent=12872"}],"wp:term":[{"taxonomy":"product_brand","embeddable":true,"href":"https:\/\/www.tracea.ch\/it\/wp-json\/wp\/v2\/product_brand?post=12872"},{"taxonomy":"product_cat","embeddable":true,"href":"https:\/\/www.tracea.ch\/it\/wp-json\/wp\/v2\/product_cat?post=12872"},{"taxonomy":"product_tag","embeddable":true,"href":"https:\/\/www.tracea.ch\/it\/wp-json\/wp\/v2\/product_tag?post=12872"}],"curies":[{"name":"wp","href":"https:\/\/api.w.org\/{rel}","templated":true}]}}

https://www.tracea.ch/boutique/non%20classé/womens-qimsa-shorts/

<p>Avec le short Women&rsquo;s Qimsa Shorts, on a toujours le pied sur la pédale&nbsp;! Outre ses empiècements élastiques robustes, le short ultraconfortable offre une liberté de mouvement maximum. Son cuissard à fessier rembourré offre en outre un confort au porter exceptionnel sur les longs circuits. Le matériau fonctionnel léger et agréable à porter est fabriqué dans le plus grand respect de l&rsquo;environnement conformément à la très stricte norme bluesign®. Le label Green Shape de VAUDE garantit un produit écologique, fonctionnel et fabriqué dans des matériaux durables.</p>
<p><em>ceinture à la coupe montante à l&rsquo;arrière, parties en stretch, 1 poche latérale avec zip, 2 poches dans la découpe à l&rsquo;avant, ceinture avec passe-ceinture, ceinture ajustable en largeur, imprimé décoratif, avec pantalon intérieur avec matelassage du fessier</em></p>

<p>Short confortable pour le cyclisme # élastique, respirant et à séchage rapide # cuissard confortable inclus #fabrication en matériaux recyclés</p>
