{"id":14604,"date":"2026-06-30T22:09:15","date_gmt":"2026-06-30T22:09:15","guid":{"rendered":"https:\/\/www.tracea.ch\/boutique\/non%20class\u00e9\/kids-moab-stretch-shorts\/"},"modified":"2026-07-07T21:35:28","modified_gmt":"2026-07-07T21:35:28","slug":"kids-moab-stretch-shorts","status":"publish","type":"product","link":"https:\/\/www.tracea.ch\/it\/boutique\/kids-moab-stretch-shorts\/","title":{"rendered":"Kids Moab Stretch Shorts"},"content":{"rendered":"<p>Action ! Ce short enfant d\u00e9contract\u00e9 et tr\u00e8s \u00e9lastique est id\u00e9al pour s&rsquo;amuser sur le VTT. Gr\u00e2ce \u00e0 son cuissard \u00e0 fessier rembourr\u00e9 amovible, il est aussi parfaitement adapt\u00e9 au quotidien et aux voyages! Une ceinture r\u00e9glable, des zones r\u00e9sistantes \u00e0 l&rsquo;usure et des \u00e9l\u00e9ments r\u00e9fl\u00e9chissants viennent compl\u00e9ter ce short polyvalent; le mat\u00e9riau certifi\u00e9 bluesign\u00ae est de plus tr\u00e8s \u00e9cologique de par l&rsquo;utilisation de mat\u00e9riau recycl\u00e9. Le label Green Shape de VAUDE garantit un produit \u00e9cologique, fonctionnel et fabriqu\u00e9 dans des mat\u00e9riaux durables.<\/p>\n<p><em>parties en stretch, genoux renforc\u00e9s, 2 poches dans la d\u00e9coupe, ceinture en partie \u00e9lastique, passepoil r\u00e9fl\u00e9chissante, avec pantalon int\u00e9rieur avec matelassage du fessier<\/em><\/p>","protected":false},"excerpt":{"rendered":"<p>Short enfant d\u00e9contract\u00e9 pour le cyclisme et le quotidien # tr\u00e8s \u00e9lastique, respirant et \u00e0 s\u00e9chage rapide #sans impact sur le climat; fabriqu\u00e9 principalement \u00e0 partir de bouteilles en PET recycl\u00e9es<\/p>","protected":false},"featured_media":22346,"comment_status":"closed","ping_status":"open","template":"","meta":[],"product_brand":[375],"product_cat":[213,574,216],"product_tag":[365,368,422,421],"class_list":["post-14604","product","type-product","status-publish","has-post-thumbnail","product_brand-vaude","product_cat-boutique","product_cat-pantalons","product_cat-vetements","product_tag-boutique","product_tag-vente","product_tag-vente-vetement","product_tag-vetement","pa_couleur-black","pa_couleur-dark-sea","pa_taille-110-116","pa_taille-122-128","pa_taille-134-140","pa_taille-146-152","pa_taille-158-164","first","instock","purchasable","product-type-variable"],"_links":{"self":[{"href":"https:\/\/www.tracea.ch\/it\/wp-json\/wp\/v2\/product\/14604","targetHints":{"allow":["GET"]}}],"collection":[{"href":"https:\/\/www.tracea.ch\/it\/wp-json\/wp\/v2\/product"}],"about":[{"href":"https:\/\/www.tracea.ch\/it\/wp-json\/wp\/v2\/types\/product"}],"replies":[{"embeddable":true,"href":"https:\/\/www.tracea.ch\/it\/wp-json\/wp\/v2\/comments?post=14604"}],"version-history":[{"count":1,"href":"https:\/\/www.tracea.ch\/it\/wp-json\/wp\/v2\/product\/14604\/revisions"}],"predecessor-version":[{"id":29507,"href":"https:\/\/www.tracea.ch\/it\/wp-json\/wp\/v2\/product\/14604\/revisions\/29507"}],"wp:featuredmedia":[{"embeddable":true,"href":"https:\/\/www.tracea.ch\/it\/wp-json\/wp\/v2\/media\/22346"}],"wp:attachment":[{"href":"https:\/\/www.tracea.ch\/it\/wp-json\/wp\/v2\/media?parent=14604"}],"wp:term":[{"taxonomy":"product_brand","embeddable":true,"href":"https:\/\/www.tracea.ch\/it\/wp-json\/wp\/v2\/product_brand?post=14604"},{"taxonomy":"product_cat","embeddable":true,"href":"https:\/\/www.tracea.ch\/it\/wp-json\/wp\/v2\/product_cat?post=14604"},{"taxonomy":"product_tag","embeddable":true,"href":"https:\/\/www.tracea.ch\/it\/wp-json\/wp\/v2\/product_tag?post=14604"}],"curies":[{"name":"wp","href":"https:\/\/api.w.org\/{rel}","templated":true}]}}

https://www.tracea.ch/boutique/non%20classé/kids-moab-stretch-shorts/

<p>Action ! Ce short enfant décontracté et très élastique est idéal pour s&rsquo;amuser sur le VTT. Grâce à son cuissard à fessier rembourré amovible, il est aussi parfaitement adapté au quotidien et aux voyages! Une ceinture réglable, des zones résistantes à l&rsquo;usure et des éléments réfléchissants viennent compléter ce short polyvalent; le matériau certifié bluesign® est de plus très écologique de par l&rsquo;utilisation de matériau recyclé. Le label Green Shape de VAUDE garantit un produit écologique, fonctionnel et fabriqué dans des matériaux durables.</p>
<p><em>parties en stretch, genoux renforcés, 2 poches dans la découpe, ceinture en partie élastique, passepoil réfléchissante, avec pantalon intérieur avec matelassage du fessier</em></p>

<p>Short enfant décontracté pour le cyclisme et le quotidien # très élastique, respirant et à séchage rapide #sans impact sur le climat; fabriqué principalement à partir de bouteilles en PET recyclées</p>
