{"id":14932,"date":"2026-06-30T22:20:52","date_gmt":"2026-06-30T22:20:52","guid":{"rendered":"https:\/\/www.tracea.ch\/boutique\/non%20class\u00e9\/womens-moab-pro-shorts\/"},"modified":"2026-07-07T21:46:14","modified_gmt":"2026-07-07T21:46:14","slug":"womens-moab-pro-shorts","status":"publish","type":"product","link":"https:\/\/www.tracea.ch\/it\/boutique\/womens-moab-pro-shorts\/","title":{"rendered":"Women&rsquo;s Moab PRO Shorts"},"content":{"rendered":"<p>Rien ne s&rsquo;oppose \u00e0 l&rsquo;action au bike park ou sur le trail avec le short sympa Moab Pro. Le short ultraconfortable VTT enduro pour femme est dot\u00e9 d&rsquo;une ceinture 2 en 1 innovante et facile \u00e0 ajuster, qui se passe enti\u00e8rement d&rsquo;un zip pour \u00e9viter les pressions et les pincements. La ceinture \u00e9lastique est relev\u00e9e \u00e0 l&rsquo;arri\u00e8re pour que le short VTT enduro pour femme reste bien en place. La coupe progressive du genou pr\u00e9form\u00e9 permet de rouler avec des protecteurs et les perforations \u00e0 l&rsquo;int\u00e9rieur des jambes assurent une ventilation id\u00e9ale. 2\u00a0poches en biais basses zipp\u00e9es sont accessibles en selle et assurent de plus une fonction de ventilation. Une m\u00e9thode certifi\u00e9e du bilan massique est appliqu\u00e9e au cours de la fabrication de la mati\u00e8re ultrarobuste, l\u00e9g\u00e8re et tr\u00e8s \u00e9lastique \u00e0 la fois. De l&rsquo;huile de pyrolyse qui entre dans la fabrication du polyamide conventionnel est obtenue \u00e0 partir de pneus usag\u00e9s. Le recyclage chimique permet de r\u00e9duire les \u00e9missions de CO2 de 60\u00a0%. Le short pour femme Moab Pro est dot\u00e9 de la finition d\u00e9perlante et antisalissures Eco Finish sans PFC. Le label Green Shape de VAUDE garantit un produit \u00e9cologique, fonctionnel et fabriqu\u00e9 dans des mat\u00e9riaux durables certifi\u00e9s bluesign\u00ae.<\/p>\n<p><em>genoux pr\u00e9form\u00e9s, ceinture \u00e0 la coupe montante \u00e0 l&rsquo;arri\u00e8re, mati\u00e8re \u00e9lastique, 2 poches avec zips invers\u00e9s, ceinture ajustable en largeur, ceinture avec parties \u00e9lastiques, possibilit\u00e9 de ventilation par les poches frontales, colourblock, trous faits au laser<\/em><\/p>","protected":false},"excerpt":{"rendered":"<p>Short VTT enduro \u00e9l\u00e9gant pour femme #\u00e9lastique et \u00e0 s\u00e9chage rapide #peut se porter avec des protecteurs #climatiquement neutre&nbsp;; fabrication \u00e9cologique en mat\u00e9riaux principalement recycl\u00e9s<\/p>","protected":false},"featured_media":23237,"comment_status":"closed","ping_status":"open","template":"","meta":[],"product_brand":[375],"product_cat":[213,574,216],"product_tag":[365,368,422,421],"class_list":["post-14932","product","type-product","status-publish","has-post-thumbnail","product_brand-vaude","product_cat-boutique","product_cat-pantalons","product_cat-vetements","product_tag-boutique","product_tag-vente","product_tag-vente-vetement","product_tag-vetement","pa_couleur-black","pa_taille-436","pa_taille-437","pa_taille-438","pa_taille-439","pa_taille-440","first","instock","purchasable","product-type-variable"],"_links":{"self":[{"href":"https:\/\/www.tracea.ch\/it\/wp-json\/wp\/v2\/product\/14932","targetHints":{"allow":["GET"]}}],"collection":[{"href":"https:\/\/www.tracea.ch\/it\/wp-json\/wp\/v2\/product"}],"about":[{"href":"https:\/\/www.tracea.ch\/it\/wp-json\/wp\/v2\/types\/product"}],"replies":[{"embeddable":true,"href":"https:\/\/www.tracea.ch\/it\/wp-json\/wp\/v2\/comments?post=14932"}],"version-history":[{"count":1,"href":"https:\/\/www.tracea.ch\/it\/wp-json\/wp\/v2\/product\/14932\/revisions"}],"predecessor-version":[{"id":29605,"href":"https:\/\/www.tracea.ch\/it\/wp-json\/wp\/v2\/product\/14932\/revisions\/29605"}],"wp:featuredmedia":[{"embeddable":true,"href":"https:\/\/www.tracea.ch\/it\/wp-json\/wp\/v2\/media\/23237"}],"wp:attachment":[{"href":"https:\/\/www.tracea.ch\/it\/wp-json\/wp\/v2\/media?parent=14932"}],"wp:term":[{"taxonomy":"product_brand","embeddable":true,"href":"https:\/\/www.tracea.ch\/it\/wp-json\/wp\/v2\/product_brand?post=14932"},{"taxonomy":"product_cat","embeddable":true,"href":"https:\/\/www.tracea.ch\/it\/wp-json\/wp\/v2\/product_cat?post=14932"},{"taxonomy":"product_tag","embeddable":true,"href":"https:\/\/www.tracea.ch\/it\/wp-json\/wp\/v2\/product_tag?post=14932"}],"curies":[{"name":"wp","href":"https:\/\/api.w.org\/{rel}","templated":true}]}}

https://www.tracea.ch/boutique/non%20classé/womens-moab-pro-shorts/

<p>Rien ne s&rsquo;oppose à l&rsquo;action au bike park ou sur le trail avec le short sympa Moab Pro. Le short ultraconfortable VTT enduro pour femme est doté d&rsquo;une ceinture 2 en 1 innovante et facile à ajuster, qui se passe entièrement d&rsquo;un zip pour éviter les pressions et les pincements. La ceinture élastique est relevée à l&rsquo;arrière pour que le short VTT enduro pour femme reste bien en place. La coupe progressive du genou préformé permet de rouler avec des protecteurs et les perforations à l&rsquo;intérieur des jambes assurent une ventilation idéale. 2 poches en biais basses zippées sont accessibles en selle et assurent de plus une fonction de ventilation. Une méthode certifiée du bilan massique est appliquée au cours de la fabrication de la matière ultrarobuste, légère et très élastique à la fois. De l&rsquo;huile de pyrolyse qui entre dans la fabrication du polyamide conventionnel est obtenue à partir de pneus usagés. Le recyclage chimique permet de réduire les émissions de CO2 de 60 %. Le short pour femme Moab Pro est doté de la finition déperlante et antisalissures Eco Finish sans PFC. Le label Green Shape de VAUDE garantit un produit écologique, fonctionnel et fabriqué dans des matériaux durables certifiés bluesign®.</p>
<p><em>genoux préformés, ceinture à la coupe montante à l&rsquo;arrière, matière élastique, 2 poches avec zips inversés, ceinture ajustable en largeur, ceinture avec parties élastiques, possibilité de ventilation par les poches frontales, colourblock, trous faits au laser</em></p>

<p>Short VTT enduro élégant pour femme #élastique et à séchage rapide #peut se porter avec des protecteurs #climatiquement neutre&nbsp;; fabrication écologique en matériaux principalement recyclés</p>
