{"id":30574,"date":"2026-07-07T22:42:10","date_gmt":"2026-07-07T22:42:10","guid":{"rendered":"https:\/\/www.tracea.ch\/boutique\/non%20class\u00e9\/mens-monviso-wool-tights-ii\/"},"modified":"2026-07-07T22:42:37","modified_gmt":"2026-07-07T22:42:37","slug":"mens-monviso-wool-tights-ii","status":"publish","type":"product","link":"https:\/\/www.tracea.ch\/it\/boutique\/mens-monviso-wool-tights-ii\/","title":{"rendered":"Men&rsquo;s Monviso Wool Tights II"},"content":{"rendered":"<p>Que ce soit lors d\u2019une randonn\u00e9e \u00e0 ski ou d\u2019une longue promenade en raquettes, lorsque les temp\u00e9ratures plongent, le legging Monviso Tights avec laine pour homme entrent en jeu. Gr\u00e2ce au nombre r\u00e9duit de coutures, les points de frottement sont \u00e9vit\u00e9s et le bas des jambes plat permet de remonter le legging ou de le porter dans une chaussure de ski, selon les pr\u00e9f\u00e9rences de chacun.  Le legging pour homme est fabriqu\u00e9 en Europe. En tant que membre Leader de l\u2019organisme ind\u00e9pendant Fair Wear, VAUDE s\u2019engage en faveur de conditions de travail et de salaires \u00e9quitables.<\/p>\n<p><em>ceinture \u00e9lastique, coutures flatlock contrastantes<\/em><\/p>","protected":false},"excerpt":{"rendered":"<p>Legging homme chaud pour vir\u00e9es \u00e0 ski et autres activit\u00e9s de sport d&rsquo;hiver #confortable et \u00e0 s\u00e9chage rapide #excellente thermor\u00e9gulation #mati\u00e8re principale essentiellement fabriqu\u00e9e en laine<\/p>","protected":false},"featured_media":0,"comment_status":"closed","ping_status":"open","template":"","meta":[],"product_brand":[375],"product_cat":[213,574,216],"product_tag":[365,368,422,421],"class_list":["post-30574","product","type-product","status-publish","product_brand-vaude","product_cat-boutique","product_cat-pantalons","product_cat-vetements","product_tag-boutique","product_tag-vente","product_tag-vente-vetement","product_tag-vetement","pa_couleur-baltic-sea","pa_couleur-black","pa_taille-441","pa_taille-459","pa_taille-469","pa_taille-472","pa_taille-587","pa_taille-543","first","instock","purchasable","product-type-variable"],"_links":{"self":[{"href":"https:\/\/www.tracea.ch\/it\/wp-json\/wp\/v2\/product\/30574","targetHints":{"allow":["GET"]}}],"collection":[{"href":"https:\/\/www.tracea.ch\/it\/wp-json\/wp\/v2\/product"}],"about":[{"href":"https:\/\/www.tracea.ch\/it\/wp-json\/wp\/v2\/types\/product"}],"replies":[{"embeddable":true,"href":"https:\/\/www.tracea.ch\/it\/wp-json\/wp\/v2\/comments?post=30574"}],"version-history":[{"count":1,"href":"https:\/\/www.tracea.ch\/it\/wp-json\/wp\/v2\/product\/30574\/revisions"}],"predecessor-version":[{"id":30576,"href":"https:\/\/www.tracea.ch\/it\/wp-json\/wp\/v2\/product\/30574\/revisions\/30576"}],"wp:attachment":[{"href":"https:\/\/www.tracea.ch\/it\/wp-json\/wp\/v2\/media?parent=30574"}],"wp:term":[{"taxonomy":"product_brand","embeddable":true,"href":"https:\/\/www.tracea.ch\/it\/wp-json\/wp\/v2\/product_brand?post=30574"},{"taxonomy":"product_cat","embeddable":true,"href":"https:\/\/www.tracea.ch\/it\/wp-json\/wp\/v2\/product_cat?post=30574"},{"taxonomy":"product_tag","embeddable":true,"href":"https:\/\/www.tracea.ch\/it\/wp-json\/wp\/v2\/product_tag?post=30574"}],"curies":[{"name":"wp","href":"https:\/\/api.w.org\/{rel}","templated":true}]}}

https://www.tracea.ch/boutique/non%20classé/mens-monviso-wool-tights-ii/

<p>Que ce soit lors d’une randonnée à ski ou d’une longue promenade en raquettes, lorsque les températures plongent, le legging Monviso Tights avec laine pour homme entrent en jeu. Grâce au nombre réduit de coutures, les points de frottement sont évités et le bas des jambes plat permet de remonter le legging ou de le porter dans une chaussure de ski, selon les préférences de chacun.  Le legging pour homme est fabriqué en Europe. En tant que membre Leader de l’organisme indépendant Fair Wear, VAUDE s’engage en faveur de conditions de travail et de salaires équitables.</p>
<p><em>ceinture élastique, coutures flatlock contrastantes</em></p>

<p>Legging homme chaud pour virées à ski et autres activités de sport d&rsquo;hiver #confortable et à séchage rapide #excellente thermorégulation #matière principale essentiellement fabriquée en laine</p>
